{"id":1156,"date":"2023-09-03T17:11:17","date_gmt":"2023-09-03T21:11:17","guid":{"rendered":"https:\/\/puntadelgallo.cl\/?page_id=1156"},"modified":"2023-09-03T17:25:46","modified_gmt":"2023-09-03T21:25:46","slug":"gobierno-declara-santuario-de-la-naturaleza","status":"publish","type":"page","link":"https:\/\/puntadelgallo.cl\/index.php\/gobierno-declara-santuario-de-la-naturaleza\/","title":{"rendered":"Gobierno declara Santuario de la Naturaleza"},"content":{"rendered":"\n<p>Finalmente el sue\u00f1o de tener bajo protecci\u00f3n el ecosistema de Tunqu\u00e9n se ha hecho realidad, como lo declara la Fundaci\u00f3n Tunqu\u00e9n Sustentable en su sitio web.<\/p>\n\n\n\n<p>Ver m\u00e1s detalles de esta bienvenida noticia <a href=\"https:\/\/fts.cl\/gobierno-declara-santuario-de-la-naturaleza-la-parte-sur-de-tunquen-y-completa-la-proteccion-de-la-totalidad-del-ecosistema\" data-type=\"link\" data-id=\"https:\/\/fts.cl\/gobierno-declara-santuario-de-la-naturaleza-la-parte-sur-de-tunquen-y-completa-la-proteccion-de-la-totalidad-del-ecosistema\">aqu\u00ed.<\/a><\/p>\n\n\n\n<p>.<\/p>\n","protected":false},"excerpt":{"rendered":"<p>Finalmente el sue\u00f1o de tener bajo protecci\u00f3n el ecosistema de Tunqu\u00e9n se ha hecho realidad, como lo declara la Fundaci\u00f3n Tunqu\u00e9n Sustentable en su sitio web. Ver m\u00e1s detalles de esta bienvenida noticia aqu\u00ed. .<\/p>\n","protected":false},"author":2,"featured_media":0,"parent":0,"menu_order":0,"comment_status":"closed","ping_status":"closed","template":"","meta":{"_kad_post_transparent":"","_kad_post_title":"","_kad_post_layout":"narrow","_kad_post_sidebar_id":"","_kad_post_content_style":"","_kad_post_vertical_padding":"","_kad_post_feature":"","_kad_post_feature_position":"","_kad_post_header":false,"_kad_post_footer":false,"_kad_post_classname":"","footnotes":""},"class_list":["post-1156","page","type-page","status-publish","hentry"],"_links":{"self":[{"href":"https:\/\/puntadelgallo.cl\/index.php\/wp-json\/wp\/v2\/pages\/1156","targetHints":{"allow":["GET"]}}],"collection":[{"href":"https:\/\/puntadelgallo.cl\/index.php\/wp-json\/wp\/v2\/pages"}],"about":[{"href":"https:\/\/puntadelgallo.cl\/index.php\/wp-json\/wp\/v2\/types\/page"}],"author":[{"embeddable":true,"href":"https:\/\/puntadelgallo.cl\/index.php\/wp-json\/wp\/v2\/users\/2"}],"replies":[{"embeddable":true,"href":"https:\/\/puntadelgallo.cl\/index.php\/wp-json\/wp\/v2\/comments?post=1156"}],"version-history":[{"count":2,"href":"https:\/\/puntadelgallo.cl\/index.php\/wp-json\/wp\/v2\/pages\/1156\/revisions"}],"predecessor-version":[{"id":1159,"href":"https:\/\/puntadelgallo.cl\/index.php\/wp-json\/wp\/v2\/pages\/1156\/revisions\/1159"}],"wp:attachment":[{"href":"https:\/\/puntadelgallo.cl\/index.php\/wp-json\/wp\/v2\/media?parent=1156"}],"curies":[{"name":"wp","href":"https:\/\/api.w.org\/{rel}","templated":true}]}}