{"id":1616,"date":"2024-09-07T00:42:11","date_gmt":"2024-09-07T04:42:11","guid":{"rendered":"https:\/\/puntadelgallo.cl\/?page_id=1616"},"modified":"2026-04-08T12:46:02","modified_gmt":"2026-04-08T16:46:02","slug":"minutas-de-reuniones-del-directorio","status":"publish","type":"page","link":"https:\/\/puntadelgallo.cl\/index.php\/minutas-de-reuniones-del-directorio\/","title":{"rendered":"Minutas de reuniones del Directorio"},"content":{"rendered":"\n<p>Se muestran a continuaci\u00f3n los v\u00ednculos a cada minuta, por fecha, en orden de a\u00f1o-mes-dia.<br>Cada fila corresponde a un a\u00f1o.<\/p>\n\n\n\n<p><a href=\"https:\/\/puntadelgallo.cl\/index.php\/2026-03-26-reunion-directiva-ocf\/\" data-type=\"page\" data-id=\"2131\">2026 03 26 <\/a> <a href=\"https:\/\/puntadelgallo.cl\/index.php\/2026-01-29-reunion-directiva-ocf\/\" data-type=\"page\" data-id=\"2142\">2026 01 29<\/a><br><a href=\"https:\/\/puntadelgallo.cl\/index.php\/2025-12-23-minuta-reunion-directiva-ocf\/\" data-type=\"page\" data-id=\"1997\">2025 12 23<\/a> <a href=\"https:\/\/puntadelgallo.cl\/index.php\/2025-12-02-minuta-reunion-directiva-ocf\/\" data-type=\"page\" data-id=\"1986\">2025 12 02<\/a> <a href=\"https:\/\/puntadelgallo.cl\/index.php\/2025-11-04-minuta-reunion-directiva-ocf\/\" data-type=\"page\" data-id=\"1981\">2025 11 04<\/a> <a href=\"https:\/\/puntadelgallo.cl\/index.php\/2025-09-30-minuta-reunion-directiva-ocf\/\" data-type=\"page\" data-id=\"1975\">2025 09 30<\/a> <a href=\"https:\/\/puntadelgallo.cl\/index.php\/2025-08-28-minuta-reunion-directiva-ocf\/\" data-type=\"page\" data-id=\"1968\">2025 08 28<\/a> <a href=\"https:\/\/puntadelgallo.cl\/index.php\/2025-07-31-minuta-reunion-directiva-ocf\/\" data-type=\"page\" data-id=\"1873\">2025 07 31<\/a> <a href=\"https:\/\/puntadelgallo.cl\/index.php\/2025-06-24-minuta-reunion-directiva-ocf\/\" data-type=\"page\" data-id=\"1847\">2025 06 24<\/a> <a href=\"https:\/\/puntadelgallo.cl\/index.php\/2025-05-29-minuta-reunion-directiva-ocf\/\" data-type=\"page\" data-id=\"1831\">2025 05 29<\/a> <a href=\"https:\/\/puntadelgallo.cl\/index.php\/2025-04-29-mmmmm\/\" data-type=\"page\" data-id=\"1834\">2025 04 29<\/a> <a href=\"https:\/\/puntadelgallo.cl\/index.php\/2025-04-03-minuta-reunion-directiva-ocf\/\" data-type=\"page\" data-id=\"1823\">2025 04 03<\/a> <a href=\"https:\/\/puntadelgallo.cl\/index.php\/2025-03-13-minuta-reunion-directorio\/\" data-type=\"page\" data-id=\"1819\">2025 03 13<\/a> <a href=\"https:\/\/puntadelgallo.cl\/index.php\/2025-01-24-minuta-reunion-directorio\/\" data-type=\"page\" data-id=\"1779\">2025 01 23<\/a> <br><a href=\"https:\/\/puntadelgallo.cl\/index.php\/2024-12-26-minuta-reunion-directorio\/\" data-type=\"page\" data-id=\"1770\">2024 12 26<\/a> <a href=\"https:\/\/puntadelgallo.cl\/index.php\/2024-11-20-minuta-reunion-directorio\/\" data-type=\"page\" data-id=\"1758\">2024 11 20<\/a> <a href=\"https:\/\/puntadelgallo.cl\/index.php\/2024-10-29-minuta-reunion-directiva\/\" data-type=\"page\" data-id=\"1754\">2024 10 29<\/a> <a href=\"https:\/\/puntadelgallo.cl\/index.php\/2024-09-22-minuta-de-reunion-de-directorio\/\" data-type=\"page\" data-id=\"1722\">2024 09 22<\/a> <br>Cambio de directiva<br><a href=\"https:\/\/puntadelgallo.cl\/index.php\/2024-08-25-minuta-de-reunion-de-directorio\/\" data-type=\"page\" data-id=\"1720\">2024 08 25<\/a> <a href=\"https:\/\/puntadelgallo.cl\/index.php\/2024-08-01-minuta-de-reunion-de-directorio\/\" data-type=\"page\" data-id=\"1717\">2024 08 01<\/a> <a href=\"https:\/\/puntadelgallo.cl\/index.php\/2024-06-25-minuta-de-reunion-de-directorio\/\" data-type=\"page\" data-id=\"1714\">2024 06 25<\/a> <a href=\"https:\/\/puntadelgallo.cl\/index.php\/2024-05-02-minuta-de-reunion-de-directorio\/\" data-type=\"page\" data-id=\"1711\">2024 05 02<\/a> <a href=\"https:\/\/puntadelgallo.cl\/index.php\/2024-04-02-minuta-de-reunion-de-directorio\/\" data-type=\"page\" data-id=\"1709\">2024 04 02<\/a> <a href=\"https:\/\/puntadelgallo.cl\/index.php\/2024-02-27-minuta-de-reunion-de-directorio\/\" data-type=\"page\" data-id=\"1706\">2024 02 27<\/a> <a href=\"https:\/\/puntadelgallo.cl\/index.php\/2024-01-30-minuta-de-reunion-de-directorio\/\" data-type=\"page\" data-id=\"1701\">2024 01 30<\/a> <br><a href=\"https:\/\/puntadelgallo.cl\/index.php\/2023-11-28-minuta-de-reunion-de-directorio\/\" data-type=\"page\" data-id=\"1698\">2023 11 28<\/a> <a href=\"https:\/\/puntadelgallo.cl\/index.php\/2023-08-29-minuta-de-reunion-de-directorio\/\" data-type=\"page\" data-id=\"1695\">2023 08 29<\/a> <a href=\"https:\/\/puntadelgallo.cl\/index.php\/2023-08-08-minuta-de-reunion-de-directorio\/\" data-type=\"page\" data-id=\"1691\">2023 08 08<\/a> <a href=\"https:\/\/puntadelgallo.cl\/index.php\/2023-07-25-minuta-de-reunion-de-directorio\/\" data-type=\"page\" data-id=\"1688\">2023 07 25<\/a> <a href=\"https:\/\/puntadelgallo.cl\/index.php\/2023-06-27-minuta-de-reunion-de-directorio\/\" data-type=\"page\" data-id=\"1681\">2023 06 27<\/a> <a href=\"https:\/\/puntadelgallo.cl\/index.php\/2023-06-06-minuta-de-reunion-de-directorio\/\" data-type=\"page\" data-id=\"1675\">2023 06 06<\/a> <a href=\"https:\/\/puntadelgallo.cl\/index.php\/2023-04-27-minuta-de-reunion-de-directorio\/\" data-type=\"page\" data-id=\"1669\">2023 04 27<\/a> <a href=\"https:\/\/puntadelgallo.cl\/index.php\/2023-03-10-minuta-de-reunion-de-directorio\/\" data-type=\"page\" data-id=\"1665\">2023 03 10<\/a> <a href=\"https:\/\/puntadelgallo.cl\/index.php\/2023-03-02-minuta-de-reunion-de-directorio\/\" data-type=\"page\" data-id=\"1661\">2023 03 02<\/a> <a href=\"https:\/\/puntadelgallo.cl\/index.php\/2023-02-28-minuta-de-reunion-de-directorio\/\" data-type=\"page\" data-id=\"1658\">2023 02 28<\/a> <br><a href=\"https:\/\/puntadelgallo.cl\/index.php\/2022-11-29-minuta-de-reunion-de-directorio\/\" data-type=\"page\" data-id=\"1655\">2022 11 29<\/a> <a href=\"https:\/\/puntadelgallo.cl\/index.php\/2022-09-27-minuta-de-reunion-de-directorio\/\" data-type=\"page\" data-id=\"1630\">2022 09 27<\/a> <br><a href=\"https:\/\/puntadelgallo.cl\/index.php\/minuta-de-la-reunion-de-directorio-del-2019-02-17\/\" data-type=\"page\" data-id=\"1620\">2019 02 17 <\/a><\/p>\n\n\n\n<p><\/p>\n","protected":false},"excerpt":{"rendered":"<p>Se muestran a continuaci\u00f3n los v\u00ednculos a cada minuta, por fecha, en orden de a\u00f1o-mes-dia.Cada fila corresponde a un a\u00f1o. 2026 03 26 2026 01 292025 12 23 2025 12 02 2025 11 04 2025 09 30 2025 08 28 2025 07 31 2025 06 24 2025 05 29 2025 04 29 2025 04 03&#8230;<\/p>\n","protected":false},"author":2,"featured_media":0,"parent":0,"menu_order":0,"comment_status":"closed","ping_status":"closed","template":"","meta":{"_kad_post_transparent":"","_kad_post_title":"","_kad_post_layout":"","_kad_post_sidebar_id":"","_kad_post_content_style":"","_kad_post_vertical_padding":"","_kad_post_feature":"","_kad_post_feature_position":"","_kad_post_header":false,"_kad_post_footer":false,"_kad_post_classname":"","footnotes":""},"class_list":["post-1616","page","type-page","status-publish","hentry"],"_links":{"self":[{"href":"https:\/\/puntadelgallo.cl\/index.php\/wp-json\/wp\/v2\/pages\/1616","targetHints":{"allow":["GET"]}}],"collection":[{"href":"https:\/\/puntadelgallo.cl\/index.php\/wp-json\/wp\/v2\/pages"}],"about":[{"href":"https:\/\/puntadelgallo.cl\/index.php\/wp-json\/wp\/v2\/types\/page"}],"author":[{"embeddable":true,"href":"https:\/\/puntadelgallo.cl\/index.php\/wp-json\/wp\/v2\/users\/2"}],"replies":[{"embeddable":true,"href":"https:\/\/puntadelgallo.cl\/index.php\/wp-json\/wp\/v2\/comments?post=1616"}],"version-history":[{"count":48,"href":"https:\/\/puntadelgallo.cl\/index.php\/wp-json\/wp\/v2\/pages\/1616\/revisions"}],"predecessor-version":[{"id":2144,"href":"https:\/\/puntadelgallo.cl\/index.php\/wp-json\/wp\/v2\/pages\/1616\/revisions\/2144"}],"wp:attachment":[{"href":"https:\/\/puntadelgallo.cl\/index.php\/wp-json\/wp\/v2\/media?parent=1616"}],"curies":[{"name":"wp","href":"https:\/\/api.w.org\/{rel}","templated":true}]}}