{"id":1630,"date":"2024-09-21T22:36:09","date_gmt":"2024-09-22T02:36:09","guid":{"rendered":"https:\/\/puntadelgallo.cl\/?page_id=1630"},"modified":"2024-09-21T22:36:09","modified_gmt":"2024-09-22T02:36:09","slug":"2022-09-27-minuta-de-reunion-de-directorio","status":"publish","type":"page","link":"https:\/\/puntadelgallo.cl\/index.php\/2022-09-27-minuta-de-reunion-de-directorio\/","title":{"rendered":"2022 09 27 Minuta de reuni\u00f3n de Directorio"},"content":{"rendered":"\n<p>Asisten: Carlos Porter, Jorge Errazuriz, Jonny Heiss, Giovani Sanguedolce, Hamish Wood.<br>Magdalena Balcells manda sus excusas pero no puede asistir.<\/p>\n\n\n\n<ol class=\"wp-block-list\">\n<li>Cuenta p\u00fablica: en febrero deber\u00edamos hacer una reuni\u00f3n con todos los socios.<br>En el intertanto JH le pedir\u00e1 a Oscar que actualice el listado de casas nuevas en el Google drive y le de la bienvenida y le entregue el manual. CP propone que adem\u00e1s haya un acercamiento personal de un miembro de la directiva. JH reenviar\u00e1 el link al drive.<\/li>\n\n\n\n<li>Caso Jazmin Chiu: CP mando WA, el que contest\u00f3 y Carlos seguir\u00e1 el di\u00e1logo.<\/li>\n\n\n\n<li>Oscar envi\u00f3 un informe de las \u00faltimas novedades en temas operativos (ver anexo). Al respecto se comenta lo siguiente:\n<ul class=\"wp-block-list\">\n<li>Ver (JH) si Mar\u00eda Eugenia Vald\u00e9s esta en la OCF y si est\u00e1 al d\u00eda e informar a la directiva.<\/li>\n\n\n\n<li>JE ver\u00e1 con Oscar los jornales que faltan para terminar.<\/li>\n\n\n\n<li>C\u00e1mara en centro de reciclaje: para instalar hay que cablear 120 m con energ\u00eda y c\u00e1mara. Se requieren aprox. $500.000.- Validar con MB si tenemos los fondos.<\/li>\n\n\n\n<li>Mala se\u00f1al del tel\u00e9fono de porter\u00eda. GS propone poner un chip en un router y conectar el tel\u00e9fono al router. CP lo ver\u00e1 con Oscar.<\/li>\n<\/ul>\n<\/li>\n<\/ol>\n\n\n\n<p>4. Seguridad: CP informa que se han hecho rondas nocturnas con varios vecinos (Ivan, Andres, etc.). En la casa de Jazmin Chiu se encontraron cosas de Moreno. CP fue a una reuni\u00f3n con Carabineros de Casablanca y Quintay donde dieron una charla de seguridad: informaron que ha habido un importante incremento en robos a casas no habitadas que llega en Tunqu\u00e9n al 400% respecto del a\u00f1o pasado. En Valpara\u00edso ha sido 900 %. Tiene solo un radiopatrullas para toda la zona.<br>Dado que Carabineros est\u00e1 copado y no podemos esperar mucho m\u00e1s de ellos, debemos considerar soluciones propias.<br>JE comenta que los focos con sensor de movimiento son un buen disuasivo y ya los ha instalado a 4 vecinos.<br>HW sugiere (mand\u00f3 correo) usar c\u00e1maras de video con energ\u00eda solar, porque son f\u00e1ciles de instalar y no son caras. Hay que tener internet.<br>CP propone hacer una campa\u00f1a (octubre), para promover que los vecinos compren c\u00e1maras solares, que son f\u00e1ciles de instalar. La OCF apoyar\u00eda sugiriendo el modelo, la instalaci\u00f3n, la configuraci\u00f3n. CP mandar\u00e1 propuesta de correo.<\/p>\n\n\n\n<p><strong>Anexo &#8211; informe de Oscar Riffo<\/strong><\/p>\n\n\n\n<ul class=\"wp-block-list\">\n<li>Mantenci\u00f3n sendero del sol y del Silencio: ser\u00e1 entregada el martes.<\/li>\n\n\n\n<li>A\u00fan hay citaciones de la Municipalidad pendientes de retiro en porter\u00eda (muy pocos propietarios fueron a retirar).<\/li>\n\n\n\n<li>Lo llam\u00f3 Mar\u00eda Eugenia Vald\u00e9s (Parcela 8), que aparentemente ten\u00eda algunas diferencias de l\u00edmites con el vecino (Larenas, parcela 7). Que de todas formas hablar\u00eda con \u00e9l antes, pero de no ir por buen camino, contar\u00eda con la ayuda de la OCF para apoyo<\/li>\n\n\n\n<li>Mantenci\u00f3n de caminos est\u00e1 hecha en un 80%. Falta apoyo de jornal por unos d\u00edas, seg\u00fan Jorge Err\u00e1zuriz, pero est\u00e1 dif\u00edcil conseguir gente.<\/li>\n\n\n\n<li>Sendero del Peumo con agua.<\/li>\n\n\n\n<li>Alfredo Rojas puso maicillo por cuenta propia en la entrada (justo donde estaba el antiguo port\u00f3n) cerca del centro de acopio. De todas formas, inform\u00f3 con anticipaci\u00f3n el trabajo.<\/li>\n\n\n\n<li>Cami\u00f3n de la basura con problemas, pero don Lu\u00eds ha venido con reemplazo.<\/li>\n\n\n\n<li>A\u00fan no est\u00e1 operativa la c\u00e1mara del centro de acopio y la del port\u00f3n presenta intermitencia.<\/li>\n\n\n\n<li>Hay que aplicar matamalezas (sector entrada y senderos).<\/li>\n<\/ul>\n","protected":false},"excerpt":{"rendered":"<p>Asisten: Carlos Porter, Jorge Errazuriz, Jonny Heiss, Giovani Sanguedolce, Hamish Wood.Magdalena Balcells manda sus excusas pero no puede asistir. 4. Seguridad: CP informa que se han hecho rondas nocturnas con varios vecinos (Ivan, Andres, etc.). En la casa de Jazmin Chiu se encontraron cosas de Moreno. CP fue a una reuni\u00f3n con Carabineros de Casablanca&#8230;<\/p>\n","protected":false},"author":2,"featured_media":0,"parent":0,"menu_order":0,"comment_status":"closed","ping_status":"closed","template":"","meta":{"_kad_post_transparent":"","_kad_post_title":"","_kad_post_layout":"","_kad_post_sidebar_id":"","_kad_post_content_style":"","_kad_post_vertical_padding":"","_kad_post_feature":"","_kad_post_feature_position":"","_kad_post_header":false,"_kad_post_footer":false,"_kad_post_classname":"","footnotes":""},"class_list":["post-1630","page","type-page","status-publish","hentry"],"_links":{"self":[{"href":"https:\/\/puntadelgallo.cl\/index.php\/wp-json\/wp\/v2\/pages\/1630","targetHints":{"allow":["GET"]}}],"collection":[{"href":"https:\/\/puntadelgallo.cl\/index.php\/wp-json\/wp\/v2\/pages"}],"about":[{"href":"https:\/\/puntadelgallo.cl\/index.php\/wp-json\/wp\/v2\/types\/page"}],"author":[{"embeddable":true,"href":"https:\/\/puntadelgallo.cl\/index.php\/wp-json\/wp\/v2\/users\/2"}],"replies":[{"embeddable":true,"href":"https:\/\/puntadelgallo.cl\/index.php\/wp-json\/wp\/v2\/comments?post=1630"}],"version-history":[{"count":1,"href":"https:\/\/puntadelgallo.cl\/index.php\/wp-json\/wp\/v2\/pages\/1630\/revisions"}],"predecessor-version":[{"id":1631,"href":"https:\/\/puntadelgallo.cl\/index.php\/wp-json\/wp\/v2\/pages\/1630\/revisions\/1631"}],"wp:attachment":[{"href":"https:\/\/puntadelgallo.cl\/index.php\/wp-json\/wp\/v2\/media?parent=1630"}],"curies":[{"name":"wp","href":"https:\/\/api.w.org\/{rel}","templated":true}]}}

2022 09 27 Minuta de reunión de Directorio

<p>Asisten: Carlos Porter, Jorge Errazuriz, Jonny Heiss, Giovani Sanguedolce, Hamish Wood.<br>Magdalena Balcells manda sus excusas pero no puede asistir.</p>



<ol class="wp-block-list">
<li>Cuenta pública: en febrero deberíamos hacer una reunión con todos los socios.<br>En el intertanto JH le pedirá a Oscar que actualice el listado de casas nuevas en el Google drive y le de la bienvenida y le entregue el manual. CP propone que además haya un acercamiento personal de un miembro de la directiva. JH reenviará el link al drive.</li>



<li>Caso Jazmin Chiu: CP mando WA, el que contestó y Carlos seguirá el diálogo.</li>



<li>Oscar envió un informe de las últimas novedades en temas operativos (ver anexo). Al respecto se comenta lo siguiente:
<ul class="wp-block-list">
<li>Ver (JH) si María Eugenia Valdés esta en la OCF y si está al día e informar a la directiva.</li>



<li>JE verá con Oscar los jornales que faltan para terminar.</li>



<li>Cámara en centro de reciclaje: para instalar hay que cablear 120 m con energía y cámara. Se requieren aprox. $500.000.- Validar con MB si tenemos los fondos.</li>



<li>Mala señal del teléfono de portería. GS propone poner un chip en un router y conectar el teléfono al router. CP lo verá con Oscar.</li>
</ul>
</li>
</ol>



<p>4. Seguridad: CP informa que se han hecho rondas nocturnas con varios vecinos (Ivan, Andres, etc.). En la casa de Jazmin Chiu se encontraron cosas de Moreno. CP fue a una reunión con Carabineros de Casablanca y Quintay donde dieron una charla de seguridad: informaron que ha habido un importante incremento en robos a casas no habitadas que llega en Tunquén al 400% respecto del año pasado. En Valparaíso ha sido 900 %. Tiene solo un radiopatrullas para toda la zona.<br>Dado que Carabineros está copado y no podemos esperar mucho más de ellos, debemos considerar soluciones propias.<br>JE comenta que los focos con sensor de movimiento son un buen disuasivo y ya los ha instalado a 4 vecinos.<br>HW sugiere (mandó correo) usar cámaras de video con energía solar, porque son fáciles de instalar y no son caras. Hay que tener internet.<br>CP propone hacer una campaña (octubre), para promover que los vecinos compren cámaras solares, que son fáciles de instalar. La OCF apoyaría sugiriendo el modelo, la instalación, la configuración. CP mandará propuesta de correo.</p>



<p><strong>Anexo &#8211; informe de Oscar Riffo</strong></p>



<ul class="wp-block-list">
<li>Mantención sendero del sol y del Silencio: será entregada el martes.</li>



<li>Aún hay citaciones de la Municipalidad pendientes de retiro en portería (muy pocos propietarios fueron a retirar).</li>



<li>Lo llamó María Eugenia Valdés (Parcela 8), que aparentemente tenía algunas diferencias de límites con el vecino (Larenas, parcela 7). Que de todas formas hablaría con él antes, pero de no ir por buen camino, contaría con la ayuda de la OCF para apoyo</li>



<li>Mantención de caminos está hecha en un 80%. Falta apoyo de jornal por unos días, según Jorge Errázuriz, pero está difícil conseguir gente.</li>



<li>Sendero del Peumo con agua.</li>



<li>Alfredo Rojas puso maicillo por cuenta propia en la entrada (justo donde estaba el antiguo portón) cerca del centro de acopio. De todas formas, informó con anticipación el trabajo.</li>



<li>Camión de la basura con problemas, pero don Luís ha venido con reemplazo.</li>



<li>Aún no está operativa la cámara del centro de acopio y la del portón presenta intermitencia.</li>



<li>Hay que aplicar matamalezas (sector entrada y senderos).</li>
</ul>

<p>Asisten: Carlos Porter, Jorge Errazuriz, Jonny Heiss, Giovani Sanguedolce, Hamish Wood.Magdalena Balcells manda sus excusas pero no puede asistir. 4. Seguridad: CP informa que se han hecho rondas nocturnas con varios vecinos (Ivan, Andres, etc.). En la casa de Jazmin Chiu se encontraron cosas de Moreno. CP fue a una reunión con Carabineros de Casablanca&#8230;</p>
