{"id":166,"date":"2023-06-14T00:42:24","date_gmt":"2023-06-14T04:42:24","guid":{"rendered":"http:\/\/puntadelgallo.cl\/?page_id=166"},"modified":"2024-07-13T13:28:56","modified_gmt":"2024-07-13T17:28:56","slug":"convivencia","status":"publish","type":"page","link":"https:\/\/puntadelgallo.cl\/index.php\/convivencia\/","title":{"rendered":"Convivencia"},"content":{"rendered":"\n<div class=\"wp-block-columns is-layout-flex wp-container-core-columns-is-layout-9d6595d7 wp-block-columns-is-layout-flex\">\n<div class=\"wp-block-column is-layout-flow wp-block-column-is-layout-flow\" style=\"flex-basis:33.33%\">\n<figure class=\"wp-block-image size-full is-resized\"><img loading=\"lazy\" decoding=\"async\" width=\"413\" height=\"310\" src=\"http:\/\/puntadelgallo.cl\/wp-content\/uploads\/2023\/06\/pelicanos.jpg\" alt=\"\" class=\"wp-image-167\" style=\"width:411px;height:309px\" srcset=\"https:\/\/puntadelgallo.cl\/wp-content\/uploads\/2023\/06\/pelicanos.jpg 413w, https:\/\/puntadelgallo.cl\/wp-content\/uploads\/2023\/06\/pelicanos-300x225.jpg 300w\" sizes=\"auto, (max-width: 413px) 100vw, 413px\" \/><\/figure>\n<\/div>\n\n\n\n<div class=\"wp-block-column is-layout-flow wp-block-column-is-layout-flow\" style=\"flex-basis:66.66%\">\n<p>La OCF Punta del Gallo edit\u00f3 en el a\u00f1o 2018 el siguiente Manual de Conviencia Comunitario:<\/p>\n\n\n\n<div class=\"wp-block-buttons is-content-justification-center is-layout-flex wp-container-core-buttons-is-layout-16018d1d wp-block-buttons-is-layout-flex\">\n<div class=\"wp-block-button\"><a class=\"wp-block-button__link wp-element-button\" href=\"https:\/\/puntadelgallo.cl\/index.php\/manual-de-convivencia-comunitario\/\">Ver Manual de Convivencia<\/a><\/div>\n<\/div>\n\n\n\n<p>Adem\u00e1s, muchos a\u00f1os atr\u00e1s, Ra\u00fal Herrera (QEPD), ex vecino de la Punta del Gallo y gran colaborador, despu\u00e9s de m\u00faltiples&nbsp;conversaciones para generar consenso con vecinas y vecinos gener\u00f3 el&nbsp;documento que sigue a continaci\u00f3n.<\/p>\n\n\n\n<div class=\"wp-block-columns is-layout-flex wp-container-core-columns-is-layout-9d6595d7 wp-block-columns-is-layout-flex\">\n<div class=\"wp-block-column is-layout-flow wp-block-column-is-layout-flow\">\n<p class=\"has-text-align-right has-theme-palette-2-color has-text-color\"><strong>La palabra m\u00e1s frecuente en boca de los visitantes y moradores a quienes Tunqu\u00e9n ha envuelto en un encantamiento nada de expl\u00edcito, pero sin duda, profundo, es la palabra para\u00edso. La pureza del lugar despeja en el alma las contaminaciones habituales y genera con espontaneidad esa vivencia simple, inocente, feliz, que nos hace recordar el Jard\u00edn original.<br>Pero, a diferencia de los para\u00edsos ideales que a la mente le gusta detalladamente dise\u00f1ar, Tunqu\u00e9n es un para\u00edso muy real. Imperfecto, vivo, cambiante; hecho de tierra y de tiempo. Si elegimos estar ah\u00ed, no podemos evitar una responsabilidad evidente: hacernos custodios de un para\u00edso vulnerable.<br>Una responsabilidad que el coraz\u00f3n conoce bien, porque sabe que cada roca, cada arbusto, cada playa, quebrada o promontorio, y cada una de las criaturas que los habitan, participan de ese milagro que llamamos ecolog\u00eda. No da\u00f1ar, no contaminar, no dejar huella alguna, es simplemente el fluir obvio de esa conciencia emocionada.<br>Sabe tambi\u00e9n el coraz\u00f3n que los para\u00edsos son realidades compartidas, y construye, celebra, descansa, cuidando la paz de su vecino, que es su propia paz. Sabe que estamos juntos en territorio sagrado.<br>Gonzalo P\u00e9rez.<\/strong><\/p>\n<\/div>\n<\/div>\n<\/div>\n<\/div>\n\n\n\n<hr class=\"wp-block-separator has-alpha-channel-opacity\"\/>\n\n\n\n<p><strong>I. Introducci\u00f3n.<\/strong><br>Con estas palabras de uno de nuestros vecinos de El Rosario, la OCF Punta del Gallo te invita a compartir y suscribir estas pr\u00e1cticas y conductas.<br>Quienes hemos elegido este pedazo de litoral para armar nuestras residencias o para refugiarnos temporalmente, aspiramos a una forma de vida que armonice con la identidad natural que a\u00fan conserva, con la belleza de sus sonidos y su paisaje abierto.<br>En concordancia con esa aspiraci\u00f3n esencial, estamos empe\u00f1ados en la subsistencia de una comunidad que promueva el respeto de dicha identidad medioambiental, tanto mediante el uso de mecanismos alternativos de generaci\u00f3n de energ\u00eda, y su utilizaci\u00f3n a una escala compatible con dichas finalidades, como con el empleo de las medidas que permitan la mantenci\u00f3n de los niveles de contaminaci\u00f3n visual, auditiva y lum\u00ednica que hacen de Tunqu\u00e9n un lugar privilegiado para el encuentro con la naturaleza.<br>Esta armon\u00eda no se completa sin el respeto por nuestros vecinos, la valoraci\u00f3n de nuestra interdependencia y de la responsabilidad que nos corresponde, m\u00e1xime si compartimos un inter\u00e9s vital en el territorio que nos re\u00fane, su desenvolvimiento cotidiano y su futuro.<br>Estamos convencidos de que estos objetivos no pueden ser alcanzados sin el compromiso y participaci\u00f3n de todos para el bien de toda nuestra comunidad.<br><br><strong>II. Respeto del entorno natural: vida y paisaje.<\/strong><br>La observancia de los principios se\u00f1alados impone la necesidad de respetar el entorno, especialmente la configuraci\u00f3n de nuestro paisaje costero extenso y limpio, de manera que entendemos como un imperativo conservar su originalidad al planificar la construcci\u00f3n de nuestras casas u otras instalaciones.<br>Dichas intervenciones deben tener en cuenta la preservaci\u00f3n de las caracter\u00edsticas del terreno, as\u00ed como la flora y fauna nativas, procurando que las especies introducidas armonicen en compatibilidad, altura y caracter\u00edsticas con la escena natural ya descrita. Las mismas consideraciones forman parte del respeto que merecemos todos los residentes de Tunqu\u00e9n en orden a disfrutar del paisaje y sus vistas.<br>Asimismo, resulta indispensable el uso racional de las napas subterr\u00e1neas, puesto que toda la comunidad se nutre de las mismas fuentes, especialmente por cuanto el agua escasea en los per\u00edodos secos. Iguales circunstancias fundamentan la necesidad del mayor cuidado en la instalaci\u00f3n y mantenci\u00f3n de pozos s\u00e9pticos.<br>Tambi\u00e9n debe ser mencionada la necesidad de disponer adecuadamente de los residuos domiciliarios, cuidando los aspectos ambientales y de salubridad tanto como los est\u00e9ticos, en colaboraci\u00f3n con la Junta de Vecinos y la Municipalidad.<\/p>\n\n\n\n<p><strong>III. Relaciones de vecindad: el valor del otro, o el otro como valor.<\/strong><br>La armon\u00eda de la vida en Tunqu\u00e9n pasa necesariamente por respetarnos y colaborar con las iniciativas tendientes al bienestar de nuestra comunidad.<br>El gran espacio parcelado en que habitamos incluye la existencia de \u00e1reas comunes, las cuales est\u00e1n sometidas a un r\u00e9gimen de uso no exclusivo, como los caminos, senderos y accesos a las playas.<br>Ninguna persona debe intervenirlas en modo alguno sin el acuerdo de la OFC &#8211; que representa los intereses de la comunidad &#8211; aun cuando haya acuerdo entre los propietarios m\u00e1s cercanos a la zona respectiva, salvo, por cierto, que ello sea necesario a efecto de paliar una emergencia, y s\u00f3lo mientras \u00e9sta dure.<br>Es necesario que las personas que transiten por dichos espacios comunes no pongan en peligro o perturben a los residentes con la velocidad o ruido de sus veh\u00edculos, ni recorran con ellos las playas. Las da\u00f1an y nos da\u00f1an.<br>Las velocidades inadecuadas son un serio riesgo para todos. Las estelas de polvo provocadas por los veh\u00edculos afectan la limpieza y el bienestar de los hogares, y ello disminuye nuestra calidad de vida. Un peat\u00f3n o ciclista merece el mayor respeto: no los desconozcamos, no los ensuciemos, cuid\u00e9moslos. Somos nosotros.<br>Todos valoramos el paisaje original y abierto de Tunqu\u00e9n, y no queremos perder nuestras vistas por la plantaci\u00f3n desconsiderada de \u00e1rboles altos o la construcci\u00f3n de casas o instalaciones de elevaci\u00f3n inadecuada, y tampoco el silencio y quietud de que todav\u00eda gozamos, por el abuso de horarios y per\u00edodos destinados al uso de generadores el\u00e9ctricos.<br>El respeto por nuestros vecinos y la valoraci\u00f3n de nuestra convivencia se manifiesta en la tenencia responsable de animales dom\u00e9sticos, debidamente alimentados y vacunados, que no impidan agresivamente el libre paso de los peatones por las calles, y que no se ba\u00f1en, por bien cuidados que se encuentren, en las mismas aguas detenidas o semidetenidas en que lo hacemos nosotros y nuestros hijos.<br>Los residentes no deben efectuar en sus parcelas actividades productivas o comerciales que atraigan p\u00fablico, puesto que ello ocasiona un movimiento continuo, ruidos y otras molestias que se contradicen con la forma de vida que queremos mantener.<br>Es de gran importancia que todos participemos de las decisiones que tome la comunidad organizada a trav\u00e9s de la OCF, asistiendo a las reuniones, colaborando, y, por cierto, pagando las cuotas comunitarias, que se usan exclusiva y totalmente en bien de todos. No debemos esperar invitaciones especiales: es responsabilidad de cada uno buscar la forma de hacer efectiva su participaci\u00f3n y aporte.<br>En s\u00edntesis, se trata de un principio viejo y sabio: no hacer a otros o con otros lo que no nos gustar\u00eda que nos hicieran. Esto queda manifestado en reglas concretas, normas indispensables para cumplir los principios que anteceden.<\/p>\n\n\n\n<p><strong>IV. Abracemos estas reglas<\/strong><\/p>\n\n\n\n<ol class=\"wp-block-list\">\n<li>Utilice fuentes de energ\u00eda alternativa, no pavimente, ni ilumine espacios p\u00fablicos o jardines de manera que contaminen visualmente.<\/li>\n\n\n\n<li>No corte ni queme \u00e1rboles o plantas nativas. Tenga en cuenta que los &#8220;matorrales&#8221; son boldos, quillayes, quebrachos, litres o molles. No corte bosquecillos para hacer cercos o jardines. Evite los alambres de p\u00faa y sustit\u00fayalos por cercos m\u00e1s amables.<\/li>\n\n\n\n<li>Si planta \u00e1rboles, privilegie los nativos. No use \u00e1rboles que, por su altura natural, puedan llegar a impedir o trabar la vista a sus vecinos, ni construya a una altura que cause este efecto.<\/li>\n\n\n\n<li>No se apropie de los cactus y plantas de los espacios comunes para replantarlos en su casa. Se van a secar, y adem\u00e1s, no nos pertenecen: son de Tunqu\u00e9n.<\/li>\n\n\n\n<li>No haga movimientos de terreno que alteren significativamente el paisaje natural.<\/li>\n\n\n\n<li>No haga ruidos molestos, especialmente durante las horas tradicionalmente destinadas al descanso.<\/li>\n\n\n\n<li>Si contrata trabajos con maquinaria pesada o ruidosa, no lo haga en d\u00edas festivos ni en fines de semana.<\/li>\n\n\n\n<li>Si usa generador, col\u00f3quelo en una caseta aislada con puerta cerrada y escape de gases. Utilice silenciador.<\/li>\n\n\n\n<li>No bote basura en lugares inapropiados; recoja la que encuentre y depos\u00edtela adecuadamente en el centro de reciclaje. No abuse botando escombros en los lugares de recolecci\u00f3n de basura.<\/li>\n\n\n\n<li>Camine, trate de no usar el auto. No circule en ning\u00fan tipo de veh\u00edculo a m\u00e1s de 30 Km\/hr. Respete a peatones, ciclistas y mascotas.<\/li>\n\n\n\n<li>No deje mascotas o guardianes sueltos, menos aun si son agresivos. Mant\u00e9ngalos vacunados. No permita que se ba\u00f1en en aguas de uso p\u00fablico, detenidas o semidetenidas.<\/li>\n\n\n\n<li>Al construir su pozo s\u00e9ptico, evite contaminar la napa de agua de los vecinos. Compruebe peri\u00f3dicamente el estado su pozo.<\/li>\n\n\n\n<li>No abuse de las aguas subterr\u00e1neas durante los per\u00edodos secos.<\/li>\n\n\n\n<li>No intervenga los espacios comunes sin acuerdo de la OCF.<\/li>\n\n\n\n<li>No intervenga los cursos naturales de agua. Ello genera inundaciones inevitablemente. Si lo hace, entube adecuadamente.<\/li>\n\n\n\n<li>Las motos no son bienvenidas. Contaminan con ruido, y en la playa destruyen la vegetaci\u00f3n y ahuyentan las aves y otros animales. No circule en veh\u00edculos motorizados por las playas.<\/li>\n\n\n\n<li>No instale negocios o actividades comerciales en su sitio.<\/li>\n\n\n\n<li>Contribuya con los gastos comunes. Sea solidario!<\/li>\n<\/ol>\n","protected":false},"excerpt":{"rendered":"<p>La OCF Punta del Gallo edit\u00f3 en el a\u00f1o 2018 el siguiente Manual de Conviencia Comunitario: Adem\u00e1s, muchos a\u00f1os atr\u00e1s, Ra\u00fal Herrera (QEPD), ex vecino de la Punta del Gallo y gran colaborador, despu\u00e9s de m\u00faltiples&nbsp;conversaciones para generar consenso con vecinas y vecinos gener\u00f3 el&nbsp;documento que sigue a continaci\u00f3n. La palabra m\u00e1s frecuente en boca&#8230;<\/p>\n","protected":false},"author":2,"featured_media":0,"parent":0,"menu_order":0,"comment_status":"closed","ping_status":"closed","template":"","meta":{"_kad_post_transparent":"","_kad_post_title":"","_kad_post_layout":"","_kad_post_sidebar_id":"","_kad_post_content_style":"","_kad_post_vertical_padding":"","_kad_post_feature":"","_kad_post_feature_position":"","_kad_post_header":false,"_kad_post_footer":false,"_kad_post_classname":"","footnotes":""},"class_list":["post-166","page","type-page","status-publish","hentry"],"_links":{"self":[{"href":"https:\/\/puntadelgallo.cl\/index.php\/wp-json\/wp\/v2\/pages\/166","targetHints":{"allow":["GET"]}}],"collection":[{"href":"https:\/\/puntadelgallo.cl\/index.php\/wp-json\/wp\/v2\/pages"}],"about":[{"href":"https:\/\/puntadelgallo.cl\/index.php\/wp-json\/wp\/v2\/types\/page"}],"author":[{"embeddable":true,"href":"https:\/\/puntadelgallo.cl\/index.php\/wp-json\/wp\/v2\/users\/2"}],"replies":[{"embeddable":true,"href":"https:\/\/puntadelgallo.cl\/index.php\/wp-json\/wp\/v2\/comments?post=166"}],"version-history":[{"count":13,"href":"https:\/\/puntadelgallo.cl\/index.php\/wp-json\/wp\/v2\/pages\/166\/revisions"}],"predecessor-version":[{"id":1398,"href":"https:\/\/puntadelgallo.cl\/index.php\/wp-json\/wp\/v2\/pages\/166\/revisions\/1398"}],"wp:attachment":[{"href":"https:\/\/puntadelgallo.cl\/index.php\/wp-json\/wp\/v2\/media?parent=166"}],"curies":[{"name":"wp","href":"https:\/\/api.w.org\/{rel}","templated":true}]}}

<div class="wp-block-columns is-layout-flex wp-container-core-columns-is-layout-9d6595d7 wp-block-columns-is-layout-flex">
<div class="wp-block-column is-layout-flow wp-block-column-is-layout-flow" style="flex-basis:33.33%">
<figure class="wp-block-image size-full is-resized"><img loading="lazy" decoding="async" width="413" height="310" src="http://puntadelgallo.cl/wp-content/uploads/2023/06/pelicanos.jpg" alt="" class="wp-image-167" style="width:411px;height:309px" srcset="https://puntadelgallo.cl/wp-content/uploads/2023/06/pelicanos.jpg 413w, https://puntadelgallo.cl/wp-content/uploads/2023/06/pelicanos-300x225.jpg 300w" sizes="auto, (max-width: 413px) 100vw, 413px" /></figure>
</div>



<div class="wp-block-column is-layout-flow wp-block-column-is-layout-flow" style="flex-basis:66.66%">
<p>La OCF Punta del Gallo editó en el año 2018 el siguiente Manual de Conviencia Comunitario:</p>



<div class="wp-block-buttons is-content-justification-center is-layout-flex wp-container-core-buttons-is-layout-16018d1d wp-block-buttons-is-layout-flex">
<div class="wp-block-button"><a class="wp-block-button__link wp-element-button" href="https://puntadelgallo.cl/index.php/manual-de-convivencia-comunitario/">Ver Manual de Convivencia</a></div>
</div>



<p>Además, muchos años atrás, Raúl Herrera (QEPD), ex vecino de la Punta del Gallo y gran colaborador, después de múltiples&nbsp;conversaciones para generar consenso con vecinas y vecinos generó el&nbsp;documento que sigue a continación.</p>



<div class="wp-block-columns is-layout-flex wp-container-core-columns-is-layout-9d6595d7 wp-block-columns-is-layout-flex">
<div class="wp-block-column is-layout-flow wp-block-column-is-layout-flow">
<p class="has-text-align-right has-theme-palette-2-color has-text-color"><strong>La palabra más frecuente en boca de los visitantes y moradores a quienes Tunquén ha envuelto en un encantamiento nada de explícito, pero sin duda, profundo, es la palabra paraíso. La pureza del lugar despeja en el alma las contaminaciones habituales y genera con espontaneidad esa vivencia simple, inocente, feliz, que nos hace recordar el Jardín original.<br>Pero, a diferencia de los paraísos ideales que a la mente le gusta detalladamente diseñar, Tunquén es un paraíso muy real. Imperfecto, vivo, cambiante; hecho de tierra y de tiempo. Si elegimos estar ahí, no podemos evitar una responsabilidad evidente: hacernos custodios de un paraíso vulnerable.<br>Una responsabilidad que el corazón conoce bien, porque sabe que cada roca, cada arbusto, cada playa, quebrada o promontorio, y cada una de las criaturas que los habitan, participan de ese milagro que llamamos ecología. No dañar, no contaminar, no dejar huella alguna, es simplemente el fluir obvio de esa conciencia emocionada.<br>Sabe también el corazón que los paraísos son realidades compartidas, y construye, celebra, descansa, cuidando la paz de su vecino, que es su propia paz. Sabe que estamos juntos en territorio sagrado.<br>Gonzalo Pérez.</strong></p>
</div>
</div>
</div>
</div>



<hr class="wp-block-separator has-alpha-channel-opacity"/>



<p><strong>I. Introducción.</strong><br>Con estas palabras de uno de nuestros vecinos de El Rosario, la OCF Punta del Gallo te invita a compartir y suscribir estas prácticas y conductas.<br>Quienes hemos elegido este pedazo de litoral para armar nuestras residencias o para refugiarnos temporalmente, aspiramos a una forma de vida que armonice con la identidad natural que aún conserva, con la belleza de sus sonidos y su paisaje abierto.<br>En concordancia con esa aspiración esencial, estamos empeñados en la subsistencia de una comunidad que promueva el respeto de dicha identidad medioambiental, tanto mediante el uso de mecanismos alternativos de generación de energía, y su utilización a una escala compatible con dichas finalidades, como con el empleo de las medidas que permitan la mantención de los niveles de contaminación visual, auditiva y lumínica que hacen de Tunquén un lugar privilegiado para el encuentro con la naturaleza.<br>Esta armonía no se completa sin el respeto por nuestros vecinos, la valoración de nuestra interdependencia y de la responsabilidad que nos corresponde, máxime si compartimos un interés vital en el territorio que nos reúne, su desenvolvimiento cotidiano y su futuro.<br>Estamos convencidos de que estos objetivos no pueden ser alcanzados sin el compromiso y participación de todos para el bien de toda nuestra comunidad.<br><br><strong>II. Respeto del entorno natural: vida y paisaje.</strong><br>La observancia de los principios señalados impone la necesidad de respetar el entorno, especialmente la configuración de nuestro paisaje costero extenso y limpio, de manera que entendemos como un imperativo conservar su originalidad al planificar la construcción de nuestras casas u otras instalaciones.<br>Dichas intervenciones deben tener en cuenta la preservación de las características del terreno, así como la flora y fauna nativas, procurando que las especies introducidas armonicen en compatibilidad, altura y características con la escena natural ya descrita. Las mismas consideraciones forman parte del respeto que merecemos todos los residentes de Tunquén en orden a disfrutar del paisaje y sus vistas.<br>Asimismo, resulta indispensable el uso racional de las napas subterráneas, puesto que toda la comunidad se nutre de las mismas fuentes, especialmente por cuanto el agua escasea en los períodos secos. Iguales circunstancias fundamentan la necesidad del mayor cuidado en la instalación y mantención de pozos sépticos.<br>También debe ser mencionada la necesidad de disponer adecuadamente de los residuos domiciliarios, cuidando los aspectos ambientales y de salubridad tanto como los estéticos, en colaboración con la Junta de Vecinos y la Municipalidad.</p>



<p><strong>III. Relaciones de vecindad: el valor del otro, o el otro como valor.</strong><br>La armonía de la vida en Tunquén pasa necesariamente por respetarnos y colaborar con las iniciativas tendientes al bienestar de nuestra comunidad.<br>El gran espacio parcelado en que habitamos incluye la existencia de áreas comunes, las cuales están sometidas a un régimen de uso no exclusivo, como los caminos, senderos y accesos a las playas.<br>Ninguna persona debe intervenirlas en modo alguno sin el acuerdo de la OFC &#8211; que representa los intereses de la comunidad &#8211; aun cuando haya acuerdo entre los propietarios más cercanos a la zona respectiva, salvo, por cierto, que ello sea necesario a efecto de paliar una emergencia, y sólo mientras ésta dure.<br>Es necesario que las personas que transiten por dichos espacios comunes no pongan en peligro o perturben a los residentes con la velocidad o ruido de sus vehículos, ni recorran con ellos las playas. Las dañan y nos dañan.<br>Las velocidades inadecuadas son un serio riesgo para todos. Las estelas de polvo provocadas por los vehículos afectan la limpieza y el bienestar de los hogares, y ello disminuye nuestra calidad de vida. Un peatón o ciclista merece el mayor respeto: no los desconozcamos, no los ensuciemos, cuidémoslos. Somos nosotros.<br>Todos valoramos el paisaje original y abierto de Tunquén, y no queremos perder nuestras vistas por la plantación desconsiderada de árboles altos o la construcción de casas o instalaciones de elevación inadecuada, y tampoco el silencio y quietud de que todavía gozamos, por el abuso de horarios y períodos destinados al uso de generadores eléctricos.<br>El respeto por nuestros vecinos y la valoración de nuestra convivencia se manifiesta en la tenencia responsable de animales domésticos, debidamente alimentados y vacunados, que no impidan agresivamente el libre paso de los peatones por las calles, y que no se bañen, por bien cuidados que se encuentren, en las mismas aguas detenidas o semidetenidas en que lo hacemos nosotros y nuestros hijos.<br>Los residentes no deben efectuar en sus parcelas actividades productivas o comerciales que atraigan público, puesto que ello ocasiona un movimiento continuo, ruidos y otras molestias que se contradicen con la forma de vida que queremos mantener.<br>Es de gran importancia que todos participemos de las decisiones que tome la comunidad organizada a través de la OCF, asistiendo a las reuniones, colaborando, y, por cierto, pagando las cuotas comunitarias, que se usan exclusiva y totalmente en bien de todos. No debemos esperar invitaciones especiales: es responsabilidad de cada uno buscar la forma de hacer efectiva su participación y aporte.<br>En síntesis, se trata de un principio viejo y sabio: no hacer a otros o con otros lo que no nos gustaría que nos hicieran. Esto queda manifestado en reglas concretas, normas indispensables para cumplir los principios que anteceden.</p>



<p><strong>IV. Abracemos estas reglas</strong></p>



<ol class="wp-block-list">
<li>Utilice fuentes de energía alternativa, no pavimente, ni ilumine espacios públicos o jardines de manera que contaminen visualmente.</li>



<li>No corte ni queme árboles o plantas nativas. Tenga en cuenta que los &#8220;matorrales&#8221; son boldos, quillayes, quebrachos, litres o molles. No corte bosquecillos para hacer cercos o jardines. Evite los alambres de púa y sustitúyalos por cercos más amables.</li>



<li>Si planta árboles, privilegie los nativos. No use árboles que, por su altura natural, puedan llegar a impedir o trabar la vista a sus vecinos, ni construya a una altura que cause este efecto.</li>



<li>No se apropie de los cactus y plantas de los espacios comunes para replantarlos en su casa. Se van a secar, y además, no nos pertenecen: son de Tunquén.</li>



<li>No haga movimientos de terreno que alteren significativamente el paisaje natural.</li>



<li>No haga ruidos molestos, especialmente durante las horas tradicionalmente destinadas al descanso.</li>



<li>Si contrata trabajos con maquinaria pesada o ruidosa, no lo haga en días festivos ni en fines de semana.</li>



<li>Si usa generador, colóquelo en una caseta aislada con puerta cerrada y escape de gases. Utilice silenciador.</li>



<li>No bote basura en lugares inapropiados; recoja la que encuentre y deposítela adecuadamente en el centro de reciclaje. No abuse botando escombros en los lugares de recolección de basura.</li>



<li>Camine, trate de no usar el auto. No circule en ningún tipo de vehículo a más de 30 Km/hr. Respete a peatones, ciclistas y mascotas.</li>



<li>No deje mascotas o guardianes sueltos, menos aun si son agresivos. Manténgalos vacunados. No permita que se bañen en aguas de uso público, detenidas o semidetenidas.</li>



<li>Al construir su pozo séptico, evite contaminar la napa de agua de los vecinos. Compruebe periódicamente el estado su pozo.</li>



<li>No abuse de las aguas subterráneas durante los períodos secos.</li>



<li>No intervenga los espacios comunes sin acuerdo de la OCF.</li>



<li>No intervenga los cursos naturales de agua. Ello genera inundaciones inevitablemente. Si lo hace, entube adecuadamente.</li>



<li>Las motos no son bienvenidas. Contaminan con ruido, y en la playa destruyen la vegetación y ahuyentan las aves y otros animales. No circule en vehículos motorizados por las playas.</li>



<li>No instale negocios o actividades comerciales en su sitio.</li>



<li>Contribuya con los gastos comunes. Sea solidario!</li>
</ol>

<p>La OCF Punta del Gallo editó en el año 2018 el siguiente Manual de Conviencia Comunitario: Además, muchos años atrás, Raúl Herrera (QEPD), ex vecino de la Punta del Gallo y gran colaborador, después de múltiples&nbsp;conversaciones para generar consenso con vecinas y vecinos generó el&nbsp;documento que sigue a continación. La palabra más frecuente en boca&#8230;</p>
