{"id":1681,"date":"2024-10-21T23:06:04","date_gmt":"2024-10-22T03:06:04","guid":{"rendered":"https:\/\/puntadelgallo.cl\/?page_id=1681"},"modified":"2024-10-21T23:06:04","modified_gmt":"2024-10-22T03:06:04","slug":"2023-06-27-minuta-de-reunion-de-directorio","status":"publish","type":"page","link":"https:\/\/puntadelgallo.cl\/index.php\/2023-06-27-minuta-de-reunion-de-directorio\/","title":{"rendered":"2023 06 27 Minuta de reuni\u00f3n de Directorio"},"content":{"rendered":"\n<p>Asisten: Carlos Porter, Hamish Wood, Jorge Err\u00e1zuriz, Sandra Perroni, Jonny Heiss, Oscar Riffo, Giovanni Sanguedolce<\/p>\n\n\n\n<ul class=\"wp-block-list\">\n<li><strong>Plaza<\/strong>: pendiente hasta que vuelva Jani.<\/li>\n\n\n\n<li><strong>Centro de reciclaje<\/strong>: est\u00e1n hechos los cambios y se public\u00f3 en un informativo. Hubo una buena reacci\u00f3n de parte de la comunidad. Se ve bien el centro. OR hablo con la Municipalidad para que retiren el vidrio. La rampa esta hecha. Se hizo salida de agua. CAE: Ser\u00eda bueno revisar las c\u00e1maras y hacerle comunicado a la gente a los que no respeten las reglas. Tambi\u00e9n ver si ocupan el centro de reciclaje algunos que no pagan cuotas, y mandarles comunicado.<\/li>\n\n\n\n<li>Carta a Municipalidad: revisar antes si hay fondos en la Municipalidad para hacer proyectos de seguridad u otros. OR hablo y hay subvenci\u00f3n. Hay que postular. Va a ver las condiciones. Aparentemente se puede postular en Julio. SP: averiguar montos de subvenciones (topes).<\/li>\n\n\n\n<li>Minga: ya esta mencionado en Novedades. Falta ponerle fecha.<\/li>\n\n\n\n<li>Ivan Ruiz propuso poner punto limpio, frente a su casa, donde recibir bolsas con basura recogida en la playa y \u00e9l las va a llevar al centro de reciclaje. HW propone que el comit\u00e9 de reciclaje afine la idea. Una posibilidad es poner una caja donde poner basura. GS tiene un mueble de reciclaje que puede aportar. Ver \u00a0foto. CAE: ser\u00eda \u00fatil establecer un protocolo, con un reconocimiento a Ivan. Hacer participar a la comunidad. Esto ser\u00eda algo permanente. La idea ser\u00eda que la gente suba basura de la playa y la deje ah\u00ed. JH: propone poner se\u00f1al\u00e9tica en la playa y en el caj\u00f3n de reciclaje, informando.<\/li>\n<\/ul>\n\n\n\n<figure class=\"wp-block-image size-full\"><img loading=\"lazy\" decoding=\"async\" width=\"653\" height=\"365\" src=\"https:\/\/puntadelgallo.cl\/wp-content\/uploads\/2024\/10\/Mueble-reciclaje.jpg\" alt=\"\" class=\"wp-image-1682\" srcset=\"https:\/\/puntadelgallo.cl\/wp-content\/uploads\/2024\/10\/Mueble-reciclaje.jpg 653w, https:\/\/puntadelgallo.cl\/wp-content\/uploads\/2024\/10\/Mueble-reciclaje-300x168.jpg 300w\" sizes=\"auto, (max-width: 653px) 100vw, 653px\" \/><\/figure>\n\n\n\n<ul class=\"wp-block-list\">\n<li>Campa\u00f1a de recaudaci\u00f3n: se mandaron una gran cantidad de correos y ya se han juntado aproximadamente $ 1.900.000<\/li>\n\n\n\n<li>HW presenta gr\u00e1fico con fujo de caja y muestra proyecci\u00f3n: estamos m\u00e1s o menos bien y alcanzar\u00eda para hacer la inversi\u00f3n en el port\u00f3n. Quiz\u00e1 la Muni podria pagar parte.<\/li>\n<\/ul>\n\n\n\n<figure class=\"wp-block-image size-full is-resized\"><img loading=\"lazy\" decoding=\"async\" width=\"961\" height=\"557\" src=\"https:\/\/puntadelgallo.cl\/wp-content\/uploads\/2024\/10\/Flujo-de-caja.jpg\" alt=\"\" class=\"wp-image-1683\" style=\"width:959px;height:auto\" srcset=\"https:\/\/puntadelgallo.cl\/wp-content\/uploads\/2024\/10\/Flujo-de-caja.jpg 961w, https:\/\/puntadelgallo.cl\/wp-content\/uploads\/2024\/10\/Flujo-de-caja-300x174.jpg 300w, https:\/\/puntadelgallo.cl\/wp-content\/uploads\/2024\/10\/Flujo-de-caja-768x445.jpg 768w\" sizes=\"auto, (max-width: 961px) 100vw, 961px\" \/><\/figure>\n\n\n\n<ul class=\"wp-block-list\">\n<li>Aporte familia Rojas: escribir de nuevo (JH) para pedir si pueden aportar algo.<\/li>\n\n\n\n<li>SP sugiere ver si debemos aumentar las cuotas el pr\u00f3ximo a\u00f1o. Quiz\u00e1 deber\u00edamos tener un fondo para proyectos. Hay ahora $ 2.000.000 pero es muy poco.<\/li>\n\n\n\n<li>Arreglo caminos: esperar a septiembre. JE propone hacer arreglos menores con vecinos y sin costo. CAE sugiere comprar empanadas.<\/li>\n\n\n\n<li>Campa\u00f1a Luz c\u00e1mara y acci\u00f3n: hecho. CAE propone repetir la informaci\u00f3n.<\/li>\n\n\n\n<li>JE: en ferreter\u00eda hay una foto de los ladrones. Propone que la usemos para ponerla en el fondo de reciclaje o mandar un mail.<\/li>\n\n\n\n<li>EL Mirador de la casa de A. Garcia est\u00e1 pendiente. Katu propuso poner piedras (para la gente que fuma) y falta hacer un marco que las retenga y no se vayan para abajo.<\/li>\n\n\n\n<li>Pagina web: va a estar lista para el 1\/7. Poner como editores a Oscar, Hamish y CAE.<\/li>\n\n\n\n<li>Informativo: ya sali\u00f3.<\/li>\n\n\n\n<li>CAE propone pedir campa\u00f1a de aportes voluntarios para el proyecto del port\u00f3n nuevo. Llamar a algunas personas que podr\u00edan aportar. Sugiere adem\u00e1s que comentemos estos planes en el chat de la comunidad de la punta del Gallo.\u00a0 Que la gente sepa lo que estamos hablando y as\u00ed se invita a aportar.<\/li>\n\n\n\n<li>HW: plantea la posibilidad de armar un espacio como se indica en la foto, por ejemplo donde est\u00e1 el Peumo.<\/li>\n\n\n\n<li>Plaza ZEN<\/li>\n<\/ul>\n\n\n\n<figure class=\"wp-block-image size-full\"><img loading=\"lazy\" decoding=\"async\" width=\"833\" height=\"356\" src=\"https:\/\/puntadelgallo.cl\/wp-content\/uploads\/2024\/10\/Plaza-Zen.jpg\" alt=\"\" class=\"wp-image-1684\" srcset=\"https:\/\/puntadelgallo.cl\/wp-content\/uploads\/2024\/10\/Plaza-Zen.jpg 833w, https:\/\/puntadelgallo.cl\/wp-content\/uploads\/2024\/10\/Plaza-Zen-300x128.jpg 300w, https:\/\/puntadelgallo.cl\/wp-content\/uploads\/2024\/10\/Plaza-Zen-768x328.jpg 768w\" sizes=\"auto, (max-width: 833px) 100vw, 833px\" \/><\/figure>\n\n\n\n<p>Quiz\u00e1 la foto no es la m\u00e1s indicada, pero la idea es hacer un lugar integrado a la naturaleza, con un bebedero, plantas y bancas. El terreno es de Ingrid Antonijevic, y habr\u00eda que hablar con ella (JH). CAE sacar\u00e1 fotos con un dron y har\u00e1 una presentaci\u00f3n para explicarlo mejor.<br>HW cuenta que la fundaci\u00f3n Tunqu\u00e9n sustentable ofreci\u00f3 plantas (20) y que la comunidad ayude en hacer los hoyos y plantarlos. La idea es hacerlo como un proyecto participativo, lo que vendr\u00eda muy bien para el proyecto del Peumo. Se podria hacer un sistema de riego con un estanque del vecino. CAE podria donar unas v\u00e1lvulas de riego programado. Habr\u00eda que hacer una entrada bonita.<\/p>\n\n\n\n<ul class=\"wp-block-list\">\n<li>SP dice que estuvo recorriendo y es necesario hacer una mantenci\u00f3n a los senderos. Hay vallas ca\u00eddas. Hay que hacerlo en agosto para que en septiembre est\u00e9 listo. Pedir un presupuesto por los arreglos (OR). JE: En el sendero del sol hay que poner un obst\u00e1culo al final porque es un peligro y alguien se puede caer al mar. Hay que hablarlo antes con la vecina.<\/li>\n<\/ul>\n","protected":false},"excerpt":{"rendered":"<p>Asisten: Carlos Porter, Hamish Wood, Jorge Err\u00e1zuriz, Sandra Perroni, Jonny Heiss, Oscar Riffo, Giovanni Sanguedolce Quiz\u00e1 la foto no es la m\u00e1s indicada, pero la idea es hacer un lugar integrado a la naturaleza, con un bebedero, plantas y bancas. El terreno es de Ingrid Antonijevic, y habr\u00eda que hablar con ella (JH). CAE sacar\u00e1&#8230;<\/p>\n","protected":false},"author":2,"featured_media":0,"parent":0,"menu_order":0,"comment_status":"closed","ping_status":"closed","template":"","meta":{"_kad_post_transparent":"","_kad_post_title":"","_kad_post_layout":"","_kad_post_sidebar_id":"","_kad_post_content_style":"","_kad_post_vertical_padding":"","_kad_post_feature":"","_kad_post_feature_position":"","_kad_post_header":false,"_kad_post_footer":false,"_kad_post_classname":"","footnotes":""},"class_list":["post-1681","page","type-page","status-publish","hentry"],"_links":{"self":[{"href":"https:\/\/puntadelgallo.cl\/index.php\/wp-json\/wp\/v2\/pages\/1681","targetHints":{"allow":["GET"]}}],"collection":[{"href":"https:\/\/puntadelgallo.cl\/index.php\/wp-json\/wp\/v2\/pages"}],"about":[{"href":"https:\/\/puntadelgallo.cl\/index.php\/wp-json\/wp\/v2\/types\/page"}],"author":[{"embeddable":true,"href":"https:\/\/puntadelgallo.cl\/index.php\/wp-json\/wp\/v2\/users\/2"}],"replies":[{"embeddable":true,"href":"https:\/\/puntadelgallo.cl\/index.php\/wp-json\/wp\/v2\/comments?post=1681"}],"version-history":[{"count":1,"href":"https:\/\/puntadelgallo.cl\/index.php\/wp-json\/wp\/v2\/pages\/1681\/revisions"}],"predecessor-version":[{"id":1685,"href":"https:\/\/puntadelgallo.cl\/index.php\/wp-json\/wp\/v2\/pages\/1681\/revisions\/1685"}],"wp:attachment":[{"href":"https:\/\/puntadelgallo.cl\/index.php\/wp-json\/wp\/v2\/media?parent=1681"}],"curies":[{"name":"wp","href":"https:\/\/api.w.org\/{rel}","templated":true}]}}

2023 06 27 Minuta de reunión de Directorio

<p>Asisten: Carlos Porter, Hamish Wood, Jorge Errázuriz, Sandra Perroni, Jonny Heiss, Oscar Riffo, Giovanni Sanguedolce</p>



<ul class="wp-block-list">
<li><strong>Plaza</strong>: pendiente hasta que vuelva Jani.</li>



<li><strong>Centro de reciclaje</strong>: están hechos los cambios y se publicó en un informativo. Hubo una buena reacción de parte de la comunidad. Se ve bien el centro. OR hablo con la Municipalidad para que retiren el vidrio. La rampa esta hecha. Se hizo salida de agua. CAE: Sería bueno revisar las cámaras y hacerle comunicado a la gente a los que no respeten las reglas. También ver si ocupan el centro de reciclaje algunos que no pagan cuotas, y mandarles comunicado.</li>



<li>Carta a Municipalidad: revisar antes si hay fondos en la Municipalidad para hacer proyectos de seguridad u otros. OR hablo y hay subvención. Hay que postular. Va a ver las condiciones. Aparentemente se puede postular en Julio. SP: averiguar montos de subvenciones (topes).</li>



<li>Minga: ya esta mencionado en Novedades. Falta ponerle fecha.</li>



<li>Ivan Ruiz propuso poner punto limpio, frente a su casa, donde recibir bolsas con basura recogida en la playa y él las va a llevar al centro de reciclaje. HW propone que el comité de reciclaje afine la idea. Una posibilidad es poner una caja donde poner basura. GS tiene un mueble de reciclaje que puede aportar. Ver  foto. CAE: sería útil establecer un protocolo, con un reconocimiento a Ivan. Hacer participar a la comunidad. Esto sería algo permanente. La idea sería que la gente suba basura de la playa y la deje ahí. JH: propone poner señalética en la playa y en el cajón de reciclaje, informando.</li>
</ul>



<figure class="wp-block-image size-full"><img loading="lazy" decoding="async" width="653" height="365" src="https://puntadelgallo.cl/wp-content/uploads/2024/10/Mueble-reciclaje.jpg" alt="" class="wp-image-1682" srcset="https://puntadelgallo.cl/wp-content/uploads/2024/10/Mueble-reciclaje.jpg 653w, https://puntadelgallo.cl/wp-content/uploads/2024/10/Mueble-reciclaje-300x168.jpg 300w" sizes="auto, (max-width: 653px) 100vw, 653px" /></figure>



<ul class="wp-block-list">
<li>Campaña de recaudación: se mandaron una gran cantidad de correos y ya se han juntado aproximadamente $ 1.900.000</li>



<li>HW presenta gráfico con fujo de caja y muestra proyección: estamos más o menos bien y alcanzaría para hacer la inversión en el portón. Quizá la Muni podria pagar parte.</li>
</ul>



<figure class="wp-block-image size-full is-resized"><img loading="lazy" decoding="async" width="961" height="557" src="https://puntadelgallo.cl/wp-content/uploads/2024/10/Flujo-de-caja.jpg" alt="" class="wp-image-1683" style="width:959px;height:auto" srcset="https://puntadelgallo.cl/wp-content/uploads/2024/10/Flujo-de-caja.jpg 961w, https://puntadelgallo.cl/wp-content/uploads/2024/10/Flujo-de-caja-300x174.jpg 300w, https://puntadelgallo.cl/wp-content/uploads/2024/10/Flujo-de-caja-768x445.jpg 768w" sizes="auto, (max-width: 961px) 100vw, 961px" /></figure>



<ul class="wp-block-list">
<li>Aporte familia Rojas: escribir de nuevo (JH) para pedir si pueden aportar algo.</li>



<li>SP sugiere ver si debemos aumentar las cuotas el próximo año. Quizá deberíamos tener un fondo para proyectos. Hay ahora $ 2.000.000 pero es muy poco.</li>



<li>Arreglo caminos: esperar a septiembre. JE propone hacer arreglos menores con vecinos y sin costo. CAE sugiere comprar empanadas.</li>



<li>Campaña Luz cámara y acción: hecho. CAE propone repetir la información.</li>



<li>JE: en ferretería hay una foto de los ladrones. Propone que la usemos para ponerla en el fondo de reciclaje o mandar un mail.</li>



<li>EL Mirador de la casa de A. Garcia está pendiente. Katu propuso poner piedras (para la gente que fuma) y falta hacer un marco que las retenga y no se vayan para abajo.</li>



<li>Pagina web: va a estar lista para el 1/7. Poner como editores a Oscar, Hamish y CAE.</li>



<li>Informativo: ya salió.</li>



<li>CAE propone pedir campaña de aportes voluntarios para el proyecto del portón nuevo. Llamar a algunas personas que podrían aportar. Sugiere además que comentemos estos planes en el chat de la comunidad de la punta del Gallo.  Que la gente sepa lo que estamos hablando y así se invita a aportar.</li>



<li>HW: plantea la posibilidad de armar un espacio como se indica en la foto, por ejemplo donde está el Peumo.</li>



<li>Plaza ZEN</li>
</ul>



<figure class="wp-block-image size-full"><img loading="lazy" decoding="async" width="833" height="356" src="https://puntadelgallo.cl/wp-content/uploads/2024/10/Plaza-Zen.jpg" alt="" class="wp-image-1684" srcset="https://puntadelgallo.cl/wp-content/uploads/2024/10/Plaza-Zen.jpg 833w, https://puntadelgallo.cl/wp-content/uploads/2024/10/Plaza-Zen-300x128.jpg 300w, https://puntadelgallo.cl/wp-content/uploads/2024/10/Plaza-Zen-768x328.jpg 768w" sizes="auto, (max-width: 833px) 100vw, 833px" /></figure>



<p>Quizá la foto no es la más indicada, pero la idea es hacer un lugar integrado a la naturaleza, con un bebedero, plantas y bancas. El terreno es de Ingrid Antonijevic, y habría que hablar con ella (JH). CAE sacará fotos con un dron y hará una presentación para explicarlo mejor.<br>HW cuenta que la fundación Tunquén sustentable ofreció plantas (20) y que la comunidad ayude en hacer los hoyos y plantarlos. La idea es hacerlo como un proyecto participativo, lo que vendría muy bien para el proyecto del Peumo. Se podria hacer un sistema de riego con un estanque del vecino. CAE podria donar unas válvulas de riego programado. Habría que hacer una entrada bonita.</p>



<ul class="wp-block-list">
<li>SP dice que estuvo recorriendo y es necesario hacer una mantención a los senderos. Hay vallas caídas. Hay que hacerlo en agosto para que en septiembre esté listo. Pedir un presupuesto por los arreglos (OR). JE: En el sendero del sol hay que poner un obstáculo al final porque es un peligro y alguien se puede caer al mar. Hay que hablarlo antes con la vecina.</li>
</ul>

<p>Asisten: Carlos Porter, Hamish Wood, Jorge Errázuriz, Sandra Perroni, Jonny Heiss, Oscar Riffo, Giovanni Sanguedolce Quizá la foto no es la más indicada, pero la idea es hacer un lugar integrado a la naturaleza, con un bebedero, plantas y bancas. El terreno es de Ingrid Antonijevic, y habría que hablar con ella (JH). CAE sacará&#8230;</p>
