{"id":1688,"date":"2024-10-21T23:11:45","date_gmt":"2024-10-22T03:11:45","guid":{"rendered":"https:\/\/puntadelgallo.cl\/?page_id=1688"},"modified":"2024-10-21T23:11:45","modified_gmt":"2024-10-22T03:11:45","slug":"2023-07-25-minuta-de-reunion-de-directorio","status":"publish","type":"page","link":"https:\/\/puntadelgallo.cl\/index.php\/2023-07-25-minuta-de-reunion-de-directorio\/","title":{"rendered":"2023 07 25 Minuta de reuni\u00f3n de Directorio"},"content":{"rendered":"\n<p>Asisten: Carlos Porter, Hamish Wood y Jonny Heiss. <br>Se excusan Oscar Riffo, Giovanni Sanguedolce y Sandra Perroni<\/p>\n\n\n\n<p>Temas tratados:<\/p>\n\n\n\n<ul class=\"wp-block-list\">\n<li>Reciclaje: queremos que la porter\u00eda revise d\u00eda por medio el estado del centro de acopio.-HW hablar\u00e1 con la gente de porter\u00eda de esto y del control de autos y de su rol en general.<\/li>\n\n\n\n<li>HW: hay un fondo de $ 4 millones disponible en la municipalidad y cuadra con el proyecto de cambio del sistema nuevo de porter\u00eda. Vamos a postular. Las bases requieren que haya una asamblea para aprobar la postulaci\u00f3n. Un aspecto muy positivo es que hay un plazo de 10 d\u00edas para dar respuesta.<\/li>\n\n\n\n<li>Punto fijo, limpio: hablaron con Iv\u00e1n y el mueble est\u00e1 en Tunqu\u00e9n. Estamos avanzando. Hay que agregarle se\u00f1al\u00e9tica<\/li>\n\n\n\n<li>Caminos: ya se hizo el trabajo con la retroexcavadora. Se cotizaron los camiones y esta semana se har\u00e1n los trabajos.<\/li>\n\n\n\n<li>Seguridad: ya se hizo la acci\u00f3n.<\/li>\n\n\n\n<li>JH hablar\u00e1 con Ver\u00f3nica Rojas el pr\u00f3ximo fin de semana para ver posibilidad de aporte al nuevo sistema de seguridad.<\/li>\n\n\n\n<li>Arreglo mirador casa A. Garc\u00eda: ya est\u00e1n los materiales y est\u00e1 pendiente la instalaci\u00f3n. Probablemente esta semana se termine<\/li>\n\n\n\n<li>P\u00e1gina web: JH informa que est\u00e1 en operaci\u00f3n desde el 1 de julio. Falta mejorar algunos textos.<\/li>\n\n\n\n<li>Concurso de fotos: se cierra a fin de mes y luego hay que publicar los resultados. Se han recibido varias postulaciones (como 5)<\/li>\n\n\n\n<li>Senderos: se hizo una revisi\u00f3n y OR quedo de cotizar los arreglos<\/li>\n\n\n\n<li>OR prepar\u00f3 un comunicado por el tema del acceso de los pescadores que se revis\u00f3 en la reuni\u00f3n. Tiene 2 partes:<ul><li>Explicar la situaci\u00f3n.<\/li><\/ul>\n<ul class=\"wp-block-list\">\n<li>Acciones que tomar\u00e1 la OCF.<\/li>\n<\/ul>\n<\/li>\n<\/ul>\n\n\n\n<p>Se repartir\u00e1 por WhatsApp (CAE har\u00e1 gr\u00e1fica), luego por mail v\u00eda Comunidad Feliz y despu\u00e9s en la p\u00e1gina web.<br>Se agregar\u00e1 en el comunicado la petici\u00f3n de aportes voluntarios para financiar caminos y el nuevo sistema de seguridad\/porter\u00eda<\/p>\n\n\n\n<ul class=\"wp-block-list\">\n<li>Sitio ZEN: Peumo: Hubo una reuni\u00f3n de HW y JH con Ingrid Antonijevic, quien nos cont\u00f3 la historia del peumo y tuvo una muy buena acogida. HW le hizo una presentaci\u00f3n del proyecto. B\u00e1sicamente es mejorar y habilitar el espacio con bancas, sendero y se\u00f1al\u00e9tica. Lo importante es educar y fomentar la participaci\u00f3n de los vecinos. Hay un perfil del proyecto y se combinar\u00e1 con la plantaci\u00f3n de \u00e1rboles. Jikusan colaborar\u00e1 en el proyecto, en el dise\u00f1o. Cristian y Emilia est\u00e1n de acuerdo en que se use el espacio como espacio com\u00fan.<br>OR va a armar una reuni\u00f3n, de la que se har\u00e1 un acta para formalizar el uso del terreno.<br>HW ver\u00e1 con la fundaci\u00f3n una fecha para hacer una ceremonia de plantaci\u00f3n (agosto). Podr\u00eda ser el martes 15 de agosto, que es feriado. GS tiene una m\u00e1quina para hacer hoyos que se podr\u00eda usar antes para tenerlo preparado.<\/li>\n\n\n\n<li>Flujo de caja: va de acuerdo con lo planeado. Hay un saldo de MM$ 17 y hay un gasto pr\u00f3ximo de MM$ 2. Deber\u00edamos llegar con un saldo de como MM$ 5 a fin de a\u00f1o.<\/li>\n\n\n\n<li>Organizaci\u00f3n regional de Valpara\u00edso (PREMVAL): llegaron con una nueva propuesta de un camino tipo carretera de Quintay a Algarrobo.<\/li>\n\n\n\n<li>Vicky Flores mand\u00f3 un correo de renuncia para salir de la OCF: indica que no puede pagar los gastos comunes.<\/li>\n<\/ul>\n\n\n\n<p>Se acuerda intensificar la campa\u00f1a de recuperaci\u00f3n de deudas de morosos por parte de los directivos de la OCF. HW pedir\u00e1 a OR + SP que actualice lista de morosos y repartir\u00e1 el trabajo asignando vecinos a miembros de la directiva.<\/p>\n","protected":false},"excerpt":{"rendered":"<p>Asisten: Carlos Porter, Hamish Wood y Jonny Heiss. Se excusan Oscar Riffo, Giovanni Sanguedolce y Sandra Perroni Temas tratados: Se repartir\u00e1 por WhatsApp (CAE har\u00e1 gr\u00e1fica), luego por mail v\u00eda Comunidad Feliz y despu\u00e9s en la p\u00e1gina web.Se agregar\u00e1 en el comunicado la petici\u00f3n de aportes voluntarios para financiar caminos y el nuevo sistema de&#8230;<\/p>\n","protected":false},"author":2,"featured_media":0,"parent":0,"menu_order":0,"comment_status":"closed","ping_status":"closed","template":"","meta":{"_kad_post_transparent":"","_kad_post_title":"","_kad_post_layout":"","_kad_post_sidebar_id":"","_kad_post_content_style":"","_kad_post_vertical_padding":"","_kad_post_feature":"","_kad_post_feature_position":"","_kad_post_header":false,"_kad_post_footer":false,"_kad_post_classname":"","footnotes":""},"class_list":["post-1688","page","type-page","status-publish","hentry"],"_links":{"self":[{"href":"https:\/\/puntadelgallo.cl\/index.php\/wp-json\/wp\/v2\/pages\/1688","targetHints":{"allow":["GET"]}}],"collection":[{"href":"https:\/\/puntadelgallo.cl\/index.php\/wp-json\/wp\/v2\/pages"}],"about":[{"href":"https:\/\/puntadelgallo.cl\/index.php\/wp-json\/wp\/v2\/types\/page"}],"author":[{"embeddable":true,"href":"https:\/\/puntadelgallo.cl\/index.php\/wp-json\/wp\/v2\/users\/2"}],"replies":[{"embeddable":true,"href":"https:\/\/puntadelgallo.cl\/index.php\/wp-json\/wp\/v2\/comments?post=1688"}],"version-history":[{"count":1,"href":"https:\/\/puntadelgallo.cl\/index.php\/wp-json\/wp\/v2\/pages\/1688\/revisions"}],"predecessor-version":[{"id":1689,"href":"https:\/\/puntadelgallo.cl\/index.php\/wp-json\/wp\/v2\/pages\/1688\/revisions\/1689"}],"wp:attachment":[{"href":"https:\/\/puntadelgallo.cl\/index.php\/wp-json\/wp\/v2\/media?parent=1688"}],"curies":[{"name":"wp","href":"https:\/\/api.w.org\/{rel}","templated":true}]}}

2023 07 25 Minuta de reunión de Directorio

<p>Asisten: Carlos Porter, Hamish Wood y Jonny Heiss. <br>Se excusan Oscar Riffo, Giovanni Sanguedolce y Sandra Perroni</p>



<p>Temas tratados:</p>



<ul class="wp-block-list">
<li>Reciclaje: queremos que la portería revise día por medio el estado del centro de acopio.-HW hablará con la gente de portería de esto y del control de autos y de su rol en general.</li>



<li>HW: hay un fondo de $ 4 millones disponible en la municipalidad y cuadra con el proyecto de cambio del sistema nuevo de portería. Vamos a postular. Las bases requieren que haya una asamblea para aprobar la postulación. Un aspecto muy positivo es que hay un plazo de 10 días para dar respuesta.</li>



<li>Punto fijo, limpio: hablaron con Iván y el mueble está en Tunquén. Estamos avanzando. Hay que agregarle señalética</li>



<li>Caminos: ya se hizo el trabajo con la retroexcavadora. Se cotizaron los camiones y esta semana se harán los trabajos.</li>



<li>Seguridad: ya se hizo la acción.</li>



<li>JH hablará con Verónica Rojas el próximo fin de semana para ver posibilidad de aporte al nuevo sistema de seguridad.</li>



<li>Arreglo mirador casa A. García: ya están los materiales y está pendiente la instalación. Probablemente esta semana se termine</li>



<li>Página web: JH informa que está en operación desde el 1 de julio. Falta mejorar algunos textos.</li>



<li>Concurso de fotos: se cierra a fin de mes y luego hay que publicar los resultados. Se han recibido varias postulaciones (como 5)</li>



<li>Senderos: se hizo una revisión y OR quedo de cotizar los arreglos</li>



<li>OR preparó un comunicado por el tema del acceso de los pescadores que se revisó en la reunión. Tiene 2 partes:<ul><li>Explicar la situación.</li></ul>
<ul class="wp-block-list">
<li>Acciones que tomará la OCF.</li>
</ul>
</li>
</ul>



<p>Se repartirá por WhatsApp (CAE hará gráfica), luego por mail vía Comunidad Feliz y después en la página web.<br>Se agregará en el comunicado la petición de aportes voluntarios para financiar caminos y el nuevo sistema de seguridad/portería</p>



<ul class="wp-block-list">
<li>Sitio ZEN: Peumo: Hubo una reunión de HW y JH con Ingrid Antonijevic, quien nos contó la historia del peumo y tuvo una muy buena acogida. HW le hizo una presentación del proyecto. Básicamente es mejorar y habilitar el espacio con bancas, sendero y señalética. Lo importante es educar y fomentar la participación de los vecinos. Hay un perfil del proyecto y se combinará con la plantación de árboles. Jikusan colaborará en el proyecto, en el diseño. Cristian y Emilia están de acuerdo en que se use el espacio como espacio común.<br>OR va a armar una reunión, de la que se hará un acta para formalizar el uso del terreno.<br>HW verá con la fundación una fecha para hacer una ceremonia de plantación (agosto). Podría ser el martes 15 de agosto, que es feriado. GS tiene una máquina para hacer hoyos que se podría usar antes para tenerlo preparado.</li>



<li>Flujo de caja: va de acuerdo con lo planeado. Hay un saldo de MM$ 17 y hay un gasto próximo de MM$ 2. Deberíamos llegar con un saldo de como MM$ 5 a fin de año.</li>



<li>Organización regional de Valparaíso (PREMVAL): llegaron con una nueva propuesta de un camino tipo carretera de Quintay a Algarrobo.</li>



<li>Vicky Flores mandó un correo de renuncia para salir de la OCF: indica que no puede pagar los gastos comunes.</li>
</ul>



<p>Se acuerda intensificar la campaña de recuperación de deudas de morosos por parte de los directivos de la OCF. HW pedirá a OR + SP que actualice lista de morosos y repartirá el trabajo asignando vecinos a miembros de la directiva.</p>

<p>Asisten: Carlos Porter, Hamish Wood y Jonny Heiss. Se excusan Oscar Riffo, Giovanni Sanguedolce y Sandra Perroni Temas tratados: Se repartirá por WhatsApp (CAE hará gráfica), luego por mail vía Comunidad Feliz y después en la página web.Se agregará en el comunicado la petición de aportes voluntarios para financiar caminos y el nuevo sistema de&#8230;</p>
