{"id":1691,"date":"2024-10-21T23:14:00","date_gmt":"2024-10-22T03:14:00","guid":{"rendered":"https:\/\/puntadelgallo.cl\/?page_id=1691"},"modified":"2024-10-21T23:14:00","modified_gmt":"2024-10-22T03:14:00","slug":"2023-08-08-minuta-de-reunion-de-directorio","status":"publish","type":"page","link":"https:\/\/puntadelgallo.cl\/index.php\/2023-08-08-minuta-de-reunion-de-directorio\/","title":{"rendered":"2023 08 08 Minuta de reuni\u00f3n de Directorio"},"content":{"rendered":"\n<p>Asisten: Sandra, Giovanni, Oscar, Jorge, Hamish y Jonny<\/p>\n\n\n\n<ol class=\"wp-block-list\">\n<li>HW comenta que el n\u00famero de personas que firm\u00f3 (18) para optar al subsidio es poco representativo, por lo que propone que no nos presentemos a postular por el subsidio, en lo que todos concordamos.<\/li>\n\n\n\n<li>GS plantea sus dudas sobre la contrataci\u00f3n del servicio que hemos estado considerando: habl\u00f3 con el proveedor para ver una instalaci\u00f3n en funcionamiento y no fue posible. Teme que si hay desperfectos puedan demorar las soluciones (d\u00edas o semanas).<\/li>\n\n\n\n<li>JE considera que una de las debilidades es la posibilidad de corte de energ\u00eda, cualquiera que sea la soluci\u00f3n, y propone que desde ya compremos una UPS.<\/li>\n\n\n\n<li>HW plantea que no tenemos una infraestructura adecuada para manejar proyectos complejos, como este.<\/li>\n\n\n\n<li>JH plantea que el sistema de porter\u00eda es solo una parte del problema de seguridad: hay que considerar otras aristas como el rol del personal de porter\u00eda (falta capacitaci\u00f3n y m\u00e1s control) y la eventualidad que entren por otros lugares. Se le encarga a OR que revise regularmente que el registro de veh\u00edculos se haga.\u00a0<\/li>\n\n\n\n<li>En vista de los puntos mencionados, SP plantea que no es el momento de pedir aportes, si no tenemos bien claro el proyecto.<\/li>\n\n\n\n<li>Hay acuerdo en que la discusi\u00f3n ha ayudado a ir aclarando el tema, pero es necesario seguir convers\u00e1ndolo al interior de la directiva para poder definir una v\u00eda de soluci\u00f3n. Se propone hacer otra reuni\u00f3n en una semana (JH enviar\u00e1 cita) y HW con OR mandar\u00e1n un comunicado.<\/li>\n<\/ol>\n","protected":false},"excerpt":{"rendered":"<p>Asisten: Sandra, Giovanni, Oscar, Jorge, Hamish y Jonny<\/p>\n","protected":false},"author":2,"featured_media":0,"parent":0,"menu_order":0,"comment_status":"closed","ping_status":"closed","template":"","meta":{"_kad_post_transparent":"","_kad_post_title":"","_kad_post_layout":"","_kad_post_sidebar_id":"","_kad_post_content_style":"","_kad_post_vertical_padding":"","_kad_post_feature":"","_kad_post_feature_position":"","_kad_post_header":false,"_kad_post_footer":false,"_kad_post_classname":"","footnotes":""},"class_list":["post-1691","page","type-page","status-publish","hentry"],"_links":{"self":[{"href":"https:\/\/puntadelgallo.cl\/index.php\/wp-json\/wp\/v2\/pages\/1691","targetHints":{"allow":["GET"]}}],"collection":[{"href":"https:\/\/puntadelgallo.cl\/index.php\/wp-json\/wp\/v2\/pages"}],"about":[{"href":"https:\/\/puntadelgallo.cl\/index.php\/wp-json\/wp\/v2\/types\/page"}],"author":[{"embeddable":true,"href":"https:\/\/puntadelgallo.cl\/index.php\/wp-json\/wp\/v2\/users\/2"}],"replies":[{"embeddable":true,"href":"https:\/\/puntadelgallo.cl\/index.php\/wp-json\/wp\/v2\/comments?post=1691"}],"version-history":[{"count":1,"href":"https:\/\/puntadelgallo.cl\/index.php\/wp-json\/wp\/v2\/pages\/1691\/revisions"}],"predecessor-version":[{"id":1692,"href":"https:\/\/puntadelgallo.cl\/index.php\/wp-json\/wp\/v2\/pages\/1691\/revisions\/1692"}],"wp:attachment":[{"href":"https:\/\/puntadelgallo.cl\/index.php\/wp-json\/wp\/v2\/media?parent=1691"}],"curies":[{"name":"wp","href":"https:\/\/api.w.org\/{rel}","templated":true}]}}

2023 08 08 Minuta de reunión de Directorio

<p>Asisten: Sandra, Giovanni, Oscar, Jorge, Hamish y Jonny</p>



<ol class="wp-block-list">
<li>HW comenta que el número de personas que firmó (18) para optar al subsidio es poco representativo, por lo que propone que no nos presentemos a postular por el subsidio, en lo que todos concordamos.</li>



<li>GS plantea sus dudas sobre la contratación del servicio que hemos estado considerando: habló con el proveedor para ver una instalación en funcionamiento y no fue posible. Teme que si hay desperfectos puedan demorar las soluciones (días o semanas).</li>



<li>JE considera que una de las debilidades es la posibilidad de corte de energía, cualquiera que sea la solución, y propone que desde ya compremos una UPS.</li>



<li>HW plantea que no tenemos una infraestructura adecuada para manejar proyectos complejos, como este.</li>



<li>JH plantea que el sistema de portería es solo una parte del problema de seguridad: hay que considerar otras aristas como el rol del personal de portería (falta capacitación y más control) y la eventualidad que entren por otros lugares. Se le encarga a OR que revise regularmente que el registro de vehículos se haga. </li>



<li>En vista de los puntos mencionados, SP plantea que no es el momento de pedir aportes, si no tenemos bien claro el proyecto.</li>



<li>Hay acuerdo en que la discusión ha ayudado a ir aclarando el tema, pero es necesario seguir conversándolo al interior de la directiva para poder definir una vía de solución. Se propone hacer otra reunión en una semana (JH enviará cita) y HW con OR mandarán un comunicado.</li>
</ol>
