{"id":1698,"date":"2024-10-21T23:19:33","date_gmt":"2024-10-22T03:19:33","guid":{"rendered":"https:\/\/puntadelgallo.cl\/?page_id=1698"},"modified":"2024-10-21T23:19:33","modified_gmt":"2024-10-22T03:19:33","slug":"2023-11-28-minuta-de-reunion-de-directorio","status":"publish","type":"page","link":"https:\/\/puntadelgallo.cl\/index.php\/2023-11-28-minuta-de-reunion-de-directorio\/","title":{"rendered":"2023 11 28 Minuta de reuni\u00f3n de Directorio"},"content":{"rendered":"\n<p>Participan: Hamish Wood, Oscar Riffo, Sandra Perroni, Jorge Err\u00e1zuriz y Jonny Heiss.<\/p>\n\n\n\n<ul class=\"wp-block-list\">\n<li>Preparativos para el verano:<ul><li>OR fue a un evento de bomberos de la comuna.<\/li><\/ul><ul><li>Como viene el verano, que se anuncia caluroso, vamos a enviar a la comunidad un texto con recomendaciones. \u00a0Un aspecto central es cortar el pasto. OR va a buscar alguien que ofrezca cortar pasto (ver precio por parcela) y ofrecerlo a la comunidad.<\/li><\/ul><ul><li>JE: propone poner distintivo donde est\u00e1n los estanques. JE tiene un registro de estanques que hay que actualizar.<\/li><\/ul>\n<ul class=\"wp-block-list\">\n<li>Hay un convenio con don To\u00f1o que reparte el agua, y \u00e9l est\u00e1 a 5 min de la comunidad y mantiene el cami\u00f3n lleno de agua. El trato es que si se usa se debe pagar el doble del valor del agua normal.<\/li>\n<\/ul>\n<\/li>\n\n\n\n<li>HW informa sobre marcha blanca porter\u00eda:<ul><li>Llegaron los repuestos para la mantenci\u00f3n del port\u00f3n. Ma\u00f1ana viene Marcos Mondaca a cambiar ruedas y cambiar pieza de tope.<\/li><\/ul><ul><li>Hay un comunicado listo para enviar a todos los residentes. Agregar tema de controles remoto.<\/li><\/ul><ul><li>Hay un protocolo preparado para la porter\u00eda<\/li><\/ul><ul><li>Es necesario hacer la se\u00f1al\u00e9tica para la entrada para saber que tiene que hacer una persona que viene llegando para entrar.<\/li><\/ul><ul><li>Ingresar proveedores: Ahora hay 6 registrados. Los usuales OR los va a poner como residentes en Administraci\u00f3n (para siempre).<\/li><\/ul>\n<ul class=\"wp-block-list\">\n<li>OR va a actualizar el manual del usuario y mandar\u00e1 a JH para ponerlo en la web.<\/li>\n<\/ul>\n<\/li>\n<\/ul>\n\n\n\n<ul class=\"wp-block-list\">\n<li>Situaci\u00f3n financiera:<ul><li>Hay solo 7 morosos y lo que deben suma como $ 7 millones.<\/li><\/ul><ul><li>En caja hay 9 millones. Van a quedar como 6 millones a fin de a\u00f1o.<\/li><\/ul><ul><li>Se mandar\u00e1 un comunicado para Informar alza para el 2024 de $420.000 a $ 480.000 comentando que no hubo alza en el \u00faltimo a\u00f1o. Corresponde a ipc + fondo emergencias.<\/li><\/ul><ul><li>JE propone que el comunicado sobre el alza resuma todo lo que se ha hecho y lo haga CAE para hacerlo m\u00e1s atractivo.<\/li><\/ul>\n<ul class=\"wp-block-list\">\n<li>Los Rojas van a hacerse cargo de la porter\u00eda dej\u00e1ndolo como una sede comunitaria: armar\u00e1n una sala de reuniones, una oficina para OR, una sala para carabineros. La OCF paga la luz.<\/li>\n<\/ul>\n<\/li>\n\n\n\n<li>Centro de reciclaje<ul><li>Es necesario cambiar unos contenedores<\/li><\/ul>\n<ul class=\"wp-block-list\">\n<li>Hay problemas de retiro de cart\u00f3n por problemas del cami\u00f3n de la municipalidad.<\/li>\n<\/ul>\n<\/li>\n<\/ul>\n\n\n\n<ul class=\"wp-block-list\">\n<li>Caminos:<ul><li>JE: estuvo revisando con Rojas y es necesario invertir en caminos.<\/li><\/ul>\n<ul class=\"wp-block-list\">\n<li>Hay que hacer algunos arreglos en diciembre.<\/li>\n<\/ul>\n<\/li>\n<\/ul>\n\n\n\n<ul class=\"wp-block-list\">\n<li>Senderos:\n<ul class=\"wp-block-list\">\n<li>Hay algunos con docas. OR va a revisarlos todos y mandar a limpiar.<\/li>\n<\/ul>\n<\/li>\n<\/ul>\n\n\n\n<ul class=\"wp-block-list\">\n<li>Casas en construcci\u00f3n<ul><li>Hay 4<\/li><\/ul><ul><li>En febrero no se puede hacer ruido<\/li><\/ul>\n<ul class=\"wp-block-list\">\n<li>OR har\u00e1 recordatorio sobre carretillas, basura, ruido.<\/li>\n<\/ul>\n<\/li>\n<\/ul>\n","protected":false},"excerpt":{"rendered":"<p>Participan: Hamish Wood, Oscar Riffo, Sandra Perroni, Jorge Err\u00e1zuriz y Jonny Heiss.<\/p>\n","protected":false},"author":2,"featured_media":0,"parent":0,"menu_order":0,"comment_status":"closed","ping_status":"closed","template":"","meta":{"_kad_post_transparent":"","_kad_post_title":"","_kad_post_layout":"","_kad_post_sidebar_id":"","_kad_post_content_style":"","_kad_post_vertical_padding":"","_kad_post_feature":"","_kad_post_feature_position":"","_kad_post_header":false,"_kad_post_footer":false,"_kad_post_classname":"","footnotes":""},"class_list":["post-1698","page","type-page","status-publish","hentry"],"_links":{"self":[{"href":"https:\/\/puntadelgallo.cl\/index.php\/wp-json\/wp\/v2\/pages\/1698","targetHints":{"allow":["GET"]}}],"collection":[{"href":"https:\/\/puntadelgallo.cl\/index.php\/wp-json\/wp\/v2\/pages"}],"about":[{"href":"https:\/\/puntadelgallo.cl\/index.php\/wp-json\/wp\/v2\/types\/page"}],"author":[{"embeddable":true,"href":"https:\/\/puntadelgallo.cl\/index.php\/wp-json\/wp\/v2\/users\/2"}],"replies":[{"embeddable":true,"href":"https:\/\/puntadelgallo.cl\/index.php\/wp-json\/wp\/v2\/comments?post=1698"}],"version-history":[{"count":1,"href":"https:\/\/puntadelgallo.cl\/index.php\/wp-json\/wp\/v2\/pages\/1698\/revisions"}],"predecessor-version":[{"id":1699,"href":"https:\/\/puntadelgallo.cl\/index.php\/wp-json\/wp\/v2\/pages\/1698\/revisions\/1699"}],"wp:attachment":[{"href":"https:\/\/puntadelgallo.cl\/index.php\/wp-json\/wp\/v2\/media?parent=1698"}],"curies":[{"name":"wp","href":"https:\/\/api.w.org\/{rel}","templated":true}]}}

2023 11 28 Minuta de reunión de Directorio

<p>Participan: Hamish Wood, Oscar Riffo, Sandra Perroni, Jorge Errázuriz y Jonny Heiss.</p>



<ul class="wp-block-list">
<li>Preparativos para el verano:<ul><li>OR fue a un evento de bomberos de la comuna.</li></ul><ul><li>Como viene el verano, que se anuncia caluroso, vamos a enviar a la comunidad un texto con recomendaciones.  Un aspecto central es cortar el pasto. OR va a buscar alguien que ofrezca cortar pasto (ver precio por parcela) y ofrecerlo a la comunidad.</li></ul><ul><li>JE: propone poner distintivo donde están los estanques. JE tiene un registro de estanques que hay que actualizar.</li></ul>
<ul class="wp-block-list">
<li>Hay un convenio con don Toño que reparte el agua, y él está a 5 min de la comunidad y mantiene el camión lleno de agua. El trato es que si se usa se debe pagar el doble del valor del agua normal.</li>
</ul>
</li>



<li>HW informa sobre marcha blanca portería:<ul><li>Llegaron los repuestos para la mantención del portón. Mañana viene Marcos Mondaca a cambiar ruedas y cambiar pieza de tope.</li></ul><ul><li>Hay un comunicado listo para enviar a todos los residentes. Agregar tema de controles remoto.</li></ul><ul><li>Hay un protocolo preparado para la portería</li></ul><ul><li>Es necesario hacer la señalética para la entrada para saber que tiene que hacer una persona que viene llegando para entrar.</li></ul><ul><li>Ingresar proveedores: Ahora hay 6 registrados. Los usuales OR los va a poner como residentes en Administración (para siempre).</li></ul>
<ul class="wp-block-list">
<li>OR va a actualizar el manual del usuario y mandará a JH para ponerlo en la web.</li>
</ul>
</li>
</ul>



<ul class="wp-block-list">
<li>Situación financiera:<ul><li>Hay solo 7 morosos y lo que deben suma como $ 7 millones.</li></ul><ul><li>En caja hay 9 millones. Van a quedar como 6 millones a fin de año.</li></ul><ul><li>Se mandará un comunicado para Informar alza para el 2024 de $420.000 a $ 480.000 comentando que no hubo alza en el último año. Corresponde a ipc + fondo emergencias.</li></ul><ul><li>JE propone que el comunicado sobre el alza resuma todo lo que se ha hecho y lo haga CAE para hacerlo más atractivo.</li></ul>
<ul class="wp-block-list">
<li>Los Rojas van a hacerse cargo de la portería dejándolo como una sede comunitaria: armarán una sala de reuniones, una oficina para OR, una sala para carabineros. La OCF paga la luz.</li>
</ul>
</li>



<li>Centro de reciclaje<ul><li>Es necesario cambiar unos contenedores</li></ul>
<ul class="wp-block-list">
<li>Hay problemas de retiro de cartón por problemas del camión de la municipalidad.</li>
</ul>
</li>
</ul>



<ul class="wp-block-list">
<li>Caminos:<ul><li>JE: estuvo revisando con Rojas y es necesario invertir en caminos.</li></ul>
<ul class="wp-block-list">
<li>Hay que hacer algunos arreglos en diciembre.</li>
</ul>
</li>
</ul>



<ul class="wp-block-list">
<li>Senderos:
<ul class="wp-block-list">
<li>Hay algunos con docas. OR va a revisarlos todos y mandar a limpiar.</li>
</ul>
</li>
</ul>



<ul class="wp-block-list">
<li>Casas en construcción<ul><li>Hay 4</li></ul><ul><li>En febrero no se puede hacer ruido</li></ul>
<ul class="wp-block-list">
<li>OR hará recordatorio sobre carretillas, basura, ruido.</li>
</ul>
</li>
</ul>

<p>Participan: Hamish Wood, Oscar Riffo, Sandra Perroni, Jorge Errázuriz y Jonny Heiss.</p>
