{"id":1701,"date":"2024-10-24T22:46:59","date_gmt":"2024-10-25T02:46:59","guid":{"rendered":"https:\/\/puntadelgallo.cl\/?page_id=1701"},"modified":"2024-10-24T22:46:59","modified_gmt":"2024-10-25T02:46:59","slug":"2024-01-30-minuta-de-reunion-de-directorio","status":"publish","type":"page","link":"https:\/\/puntadelgallo.cl\/index.php\/2024-01-30-minuta-de-reunion-de-directorio\/","title":{"rendered":"2024 01 30 Minuta de reuni\u00f3n de Directorio"},"content":{"rendered":"\n<p>Asisten: Hamish Wood, Carlos Porter, Sandra Perroni, Giovani Sanguedolce, Oscar Riffo, Jorge Errazuriz y Jonny Heiss&nbsp;<\/p>\n\n\n\n<ol class=\"wp-block-list\">\n<li><strong>Sistema del Port\u00f3n de acceso<\/strong><\/li>\n<\/ol>\n\n\n\n<p>Han avanzado en ir arreglando las cosas de a poco. Por mientras no est\u00e1n cobrando por la cuota mensual para pagar el software. Quedamos que una vez que opere todo bien durante un par de semanas se empezar\u00e1 a pagar.<br>Es una aplicaci\u00f3n nueva y est\u00e1 llena de bugs. Hay que seguir avisando cada vez que haya un problema a trav\u00e9s de Oscar. Por tanto, la marcha blanca seguir\u00e1 al menos hasta marzo.<br>Porter\u00eda tiene instrucciones de no abrir. No podemos cortar los controles remotos si por ejemplo en la noche no va a funcionar el sistema QR.<\/p>\n\n\n\n<ul class=\"wp-block-list\">\n<li><strong>Caminos<\/strong><\/li>\n<\/ul>\n\n\n\n<p>Quedaron super buenos. Falta marcar lomos de toro y letrero a la entrada que diga hay lomos de toro y velocidad m\u00e1xima 30 km\/hora. Ya se compraron pilotes para marcar la ubicaci\u00f3n de los lomos de todo, pero falta instalarlos. Falta tambi\u00e9n sacar un letrero que est\u00e1 donde no hay.<br>Se mandar\u00e1 una carta (OR) a todos los proveedores pidiendo bajar velocidad.<\/p>\n\n\n\n<ul class=\"wp-block-list\">\n<li><strong>Asamblea<\/strong><\/li>\n<\/ul>\n\n\n\n<p>Ser\u00e1 el 24 de febrero a las 11 donde J\u00fcrgen. Hay que decir que en marzo se planea terminar con los controles remotos. Sandra no est\u00e1 segura de poder estar. Si no est\u00e1, presentar\u00eda Oscar la parte de finanzas.<\/p>\n\n\n\n<ul class=\"wp-block-list\">\n<li><strong>Cobranza<\/strong><\/li>\n<\/ul>\n\n\n\n<p>Hay 18 que ya pagaron el 2024 completo. Hay 19 personas que pagaron la cuota de enero v\u00eda comunidad feliz. En la asamblea hay que insistir en que se inscriban en pago autom\u00e1tico. Hubo reclamos m\u00ednimos (2 o 3) por el alza.<\/p>\n\n\n\n<p>Hay en total 130 parcelas y 110 pagan gastos comunes. La mayor\u00eda de los 20 que no pagan son sitios eriazos de los que no hay informaci\u00f3n. Varios son empresas.<\/p>\n\n\n\n<ul class=\"wp-block-list\">\n<li><strong>CONAF<\/strong><\/li>\n<\/ul>\n\n\n\n<p>Oscar hablar\u00e1 con ellos. Una posibilidad es invitarlos a la asamblea para que hagan una intervenci\u00f3n sobre prevenci\u00f3n de incendios forestales. Al final de la asamblea se les podr\u00eda dar un espacio de 12:30 a 13 para que den una charla, que la grabemos y subamos a la web. Poner letreros con el n\u00famero de Conaf.<br>Hubo unos amagos de incendio en la semana pasada. En San Jos\u00e9 y en el camino cerca del puente del Batro. Ambos fueron por origen de personas (fogata sin apagar bien).<\/p>\n\n\n\n<ul class=\"wp-block-list\">\n<li><strong>Encuesta por agua<\/strong><\/li>\n<\/ul>\n\n\n\n<p>Contestaron 42 personas. Falta procesar los resultados. Se mostrar\u00e1n en la asamblea. Jorge llevara una pelotita de las azules para explicar la idea de ponerlas donde est\u00e1n los estanques y cisternas de agua. Se ofrece para ir a instalarlas a las casas.<\/p>\n\n\n\n<ul class=\"wp-block-list\">\n<li><strong>Fosas s\u00e9pticas<\/strong><\/li>\n<\/ul>\n\n\n\n<p>Se propone organizar una operaci\u00f3n masiva de limpieza al final del verano. Lanzar oferta en la asamblea con los precios de Klt. Bajan de $80.000 a $48.000.<\/p>\n\n\n\n<ul class=\"wp-block-list\">\n<li><strong>Mirador Garc\u00eda<\/strong><\/li>\n<\/ul>\n\n\n\n<p>Qued\u00f3 solucionado.<\/p>\n","protected":false},"excerpt":{"rendered":"<p>Asisten: Hamish Wood, Carlos Porter, Sandra Perroni, Giovani Sanguedolce, Oscar Riffo, Jorge Errazuriz y Jonny Heiss&nbsp; Han avanzado en ir arreglando las cosas de a poco. Por mientras no est\u00e1n cobrando por la cuota mensual para pagar el software. Quedamos que una vez que opere todo bien durante un par de semanas se empezar\u00e1 a&#8230;<\/p>\n","protected":false},"author":2,"featured_media":0,"parent":0,"menu_order":0,"comment_status":"closed","ping_status":"closed","template":"","meta":{"_kad_post_transparent":"","_kad_post_title":"","_kad_post_layout":"","_kad_post_sidebar_id":"","_kad_post_content_style":"","_kad_post_vertical_padding":"","_kad_post_feature":"","_kad_post_feature_position":"","_kad_post_header":false,"_kad_post_footer":false,"_kad_post_classname":"","footnotes":""},"class_list":["post-1701","page","type-page","status-publish","hentry"],"_links":{"self":[{"href":"https:\/\/puntadelgallo.cl\/index.php\/wp-json\/wp\/v2\/pages\/1701","targetHints":{"allow":["GET"]}}],"collection":[{"href":"https:\/\/puntadelgallo.cl\/index.php\/wp-json\/wp\/v2\/pages"}],"about":[{"href":"https:\/\/puntadelgallo.cl\/index.php\/wp-json\/wp\/v2\/types\/page"}],"author":[{"embeddable":true,"href":"https:\/\/puntadelgallo.cl\/index.php\/wp-json\/wp\/v2\/users\/2"}],"replies":[{"embeddable":true,"href":"https:\/\/puntadelgallo.cl\/index.php\/wp-json\/wp\/v2\/comments?post=1701"}],"version-history":[{"count":1,"href":"https:\/\/puntadelgallo.cl\/index.php\/wp-json\/wp\/v2\/pages\/1701\/revisions"}],"predecessor-version":[{"id":1702,"href":"https:\/\/puntadelgallo.cl\/index.php\/wp-json\/wp\/v2\/pages\/1701\/revisions\/1702"}],"wp:attachment":[{"href":"https:\/\/puntadelgallo.cl\/index.php\/wp-json\/wp\/v2\/media?parent=1701"}],"curies":[{"name":"wp","href":"https:\/\/api.w.org\/{rel}","templated":true}]}}

2024 01 30 Minuta de reunión de Directorio

<p>Asisten: Hamish Wood, Carlos Porter, Sandra Perroni, Giovani Sanguedolce, Oscar Riffo, Jorge Errazuriz y Jonny Heiss&nbsp;</p>



<ol class="wp-block-list">
<li><strong>Sistema del Portón de acceso</strong></li>
</ol>



<p>Han avanzado en ir arreglando las cosas de a poco. Por mientras no están cobrando por la cuota mensual para pagar el software. Quedamos que una vez que opere todo bien durante un par de semanas se empezará a pagar.<br>Es una aplicación nueva y está llena de bugs. Hay que seguir avisando cada vez que haya un problema a través de Oscar. Por tanto, la marcha blanca seguirá al menos hasta marzo.<br>Portería tiene instrucciones de no abrir. No podemos cortar los controles remotos si por ejemplo en la noche no va a funcionar el sistema QR.</p>



<ul class="wp-block-list">
<li><strong>Caminos</strong></li>
</ul>



<p>Quedaron super buenos. Falta marcar lomos de toro y letrero a la entrada que diga hay lomos de toro y velocidad máxima 30 km/hora. Ya se compraron pilotes para marcar la ubicación de los lomos de todo, pero falta instalarlos. Falta también sacar un letrero que está donde no hay.<br>Se mandará una carta (OR) a todos los proveedores pidiendo bajar velocidad.</p>



<ul class="wp-block-list">
<li><strong>Asamblea</strong></li>
</ul>



<p>Será el 24 de febrero a las 11 donde Jürgen. Hay que decir que en marzo se planea terminar con los controles remotos. Sandra no está segura de poder estar. Si no está, presentaría Oscar la parte de finanzas.</p>



<ul class="wp-block-list">
<li><strong>Cobranza</strong></li>
</ul>



<p>Hay 18 que ya pagaron el 2024 completo. Hay 19 personas que pagaron la cuota de enero vía comunidad feliz. En la asamblea hay que insistir en que se inscriban en pago automático. Hubo reclamos mínimos (2 o 3) por el alza.</p>



<p>Hay en total 130 parcelas y 110 pagan gastos comunes. La mayoría de los 20 que no pagan son sitios eriazos de los que no hay información. Varios son empresas.</p>



<ul class="wp-block-list">
<li><strong>CONAF</strong></li>
</ul>



<p>Oscar hablará con ellos. Una posibilidad es invitarlos a la asamblea para que hagan una intervención sobre prevención de incendios forestales. Al final de la asamblea se les podría dar un espacio de 12:30 a 13 para que den una charla, que la grabemos y subamos a la web. Poner letreros con el número de Conaf.<br>Hubo unos amagos de incendio en la semana pasada. En San José y en el camino cerca del puente del Batro. Ambos fueron por origen de personas (fogata sin apagar bien).</p>



<ul class="wp-block-list">
<li><strong>Encuesta por agua</strong></li>
</ul>



<p>Contestaron 42 personas. Falta procesar los resultados. Se mostrarán en la asamblea. Jorge llevara una pelotita de las azules para explicar la idea de ponerlas donde están los estanques y cisternas de agua. Se ofrece para ir a instalarlas a las casas.</p>



<ul class="wp-block-list">
<li><strong>Fosas sépticas</strong></li>
</ul>



<p>Se propone organizar una operación masiva de limpieza al final del verano. Lanzar oferta en la asamblea con los precios de Klt. Bajan de $80.000 a $48.000.</p>



<ul class="wp-block-list">
<li><strong>Mirador García</strong></li>
</ul>



<p>Quedó solucionado.</p>

<p>Asisten: Hamish Wood, Carlos Porter, Sandra Perroni, Giovani Sanguedolce, Oscar Riffo, Jorge Errazuriz y Jonny Heiss&nbsp; Han avanzado en ir arreglando las cosas de a poco. Por mientras no están cobrando por la cuota mensual para pagar el software. Quedamos que una vez que opere todo bien durante un par de semanas se empezará a&#8230;</p>
