{"id":1717,"date":"2024-10-24T23:07:11","date_gmt":"2024-10-25T03:07:11","guid":{"rendered":"https:\/\/puntadelgallo.cl\/?page_id=1717"},"modified":"2024-10-24T23:07:11","modified_gmt":"2024-10-25T03:07:11","slug":"2024-08-01-minuta-de-reunion-de-directorio","status":"publish","type":"page","link":"https:\/\/puntadelgallo.cl\/index.php\/2024-08-01-minuta-de-reunion-de-directorio\/","title":{"rendered":"2024 08 01 Minuta de reuni\u00f3n de Directorio"},"content":{"rendered":"\n<p>Asisten: CAE, JE, SP, GS, JH<\/p>\n\n\n\n<p>1) JE: Avisar por el chat que viene un temporal, caer\u00e1n 80 mm en las pr\u00f3ximas 24 horas.<br>2) Se acuerda que en las elecciones de la nueva directiva pueden votar los que han pagado hasta el 2023 y no est\u00e1n morosos. En el fondo estamos aceptando que el 2024 se puede pagar en cualquier momento durante el a\u00f1o. A futuro habria que cambiar esto porque es como dar un cr\u00e9dito. La idea ser\u00eda que al menos al 30 de junio est\u00e9 pagado el 50%.<br>3) SP hablar\u00e1 con OR para que publique en el chat de la PdG la lista de los candidatos inscritos y comente que falta un candidato, invitando a participar. JH hablar\u00e1 con Carolina Torrejon y Elena Davet para ver si les interesa.<br>4) JE hablar\u00e1 con Alfredo Rojas para tantear si habria inter\u00e9s en vender un pa\u00f1o de unas 10 Ha para hacer un parque.<\/p>\n","protected":false},"excerpt":{"rendered":"<p>Asisten: CAE, JE, SP, GS, JH 1) JE: Avisar por el chat que viene un temporal, caer\u00e1n 80 mm en las pr\u00f3ximas 24 horas.2) Se acuerda que en las elecciones de la nueva directiva pueden votar los que han pagado hasta el 2023 y no est\u00e1n morosos. En el fondo estamos aceptando que el 2024&#8230;<\/p>\n","protected":false},"author":2,"featured_media":0,"parent":0,"menu_order":0,"comment_status":"closed","ping_status":"closed","template":"","meta":{"_kad_post_transparent":"","_kad_post_title":"","_kad_post_layout":"","_kad_post_sidebar_id":"","_kad_post_content_style":"","_kad_post_vertical_padding":"","_kad_post_feature":"","_kad_post_feature_position":"","_kad_post_header":false,"_kad_post_footer":false,"_kad_post_classname":"","footnotes":""},"class_list":["post-1717","page","type-page","status-publish","hentry"],"_links":{"self":[{"href":"https:\/\/puntadelgallo.cl\/index.php\/wp-json\/wp\/v2\/pages\/1717","targetHints":{"allow":["GET"]}}],"collection":[{"href":"https:\/\/puntadelgallo.cl\/index.php\/wp-json\/wp\/v2\/pages"}],"about":[{"href":"https:\/\/puntadelgallo.cl\/index.php\/wp-json\/wp\/v2\/types\/page"}],"author":[{"embeddable":true,"href":"https:\/\/puntadelgallo.cl\/index.php\/wp-json\/wp\/v2\/users\/2"}],"replies":[{"embeddable":true,"href":"https:\/\/puntadelgallo.cl\/index.php\/wp-json\/wp\/v2\/comments?post=1717"}],"version-history":[{"count":1,"href":"https:\/\/puntadelgallo.cl\/index.php\/wp-json\/wp\/v2\/pages\/1717\/revisions"}],"predecessor-version":[{"id":1718,"href":"https:\/\/puntadelgallo.cl\/index.php\/wp-json\/wp\/v2\/pages\/1717\/revisions\/1718"}],"wp:attachment":[{"href":"https:\/\/puntadelgallo.cl\/index.php\/wp-json\/wp\/v2\/media?parent=1717"}],"curies":[{"name":"wp","href":"https:\/\/api.w.org\/{rel}","templated":true}]}}