{"id":1722,"date":"2024-10-24T23:22:34","date_gmt":"2024-10-25T03:22:34","guid":{"rendered":"https:\/\/puntadelgallo.cl\/?page_id=1722"},"modified":"2024-10-24T23:22:34","modified_gmt":"2024-10-25T03:22:34","slug":"2024-09-22-minuta-de-reunion-de-directorio","status":"publish","type":"page","link":"https:\/\/puntadelgallo.cl\/index.php\/2024-09-22-minuta-de-reunion-de-directorio\/","title":{"rendered":"2024 09 22 Minuta de reuni\u00f3n de Directorio"},"content":{"rendered":"\n<p>Asisten: Carolina Torrej\u00f3n, Sonia Fuentealba, Jurgen Weller, Andres de la Sotta y Jonny Heiss. Amalia Quiroz se excus\u00f3 porque no puede asistir<\/p>\n\n\n\n<p>1.- Cargos:<br>Se acordaron los siguientes cargos:<\/p>\n\n\n\n<figure class=\"wp-block-table\"><table class=\"has-fixed-layout\"><tbody><tr><td>&nbsp;<\/td><td>Titular<\/td><td>Suplente<\/td><\/tr><tr><td>Presidente<\/td><td>Jurgen Weller<\/td><td>Sonia Fuentealba<\/td><\/tr><tr><td>Secretario<\/td><td>Jonny Heiss<\/td><td>Carolina Torrej\u00f3n<\/td><\/tr><tr><td>Tesorero<\/td><td>Andr\u00e9s de la Sotta<\/td><td>Amalia Quiroz<\/td><\/tr><\/tbody><\/table><\/figure>\n\n\n\n<p>Se acuerda publicar la nueva directiva en la web.<\/p>\n\n\n\n<p>2.- Se acuerda que en la asamblea de febrero se elegir\u00e1 la Comisi\u00f3n Fiscalizadora de Finanzas.<\/p>\n\n\n\n<p>&nbsp;3.- Se acuerda que a partir de la asamblea de febrero se publicar\u00e1n los ingresos y egresos cada 3 meses en la web.<\/p>\n\n\n\n<p>4.- Se firman las actas para ser presentadas en la municipalidad, en las que se ingresan los datos de la nueva directiva.<\/p>\n\n\n\n<p>5.- Se acuerda realizar una reuni\u00f3n mensual de la directiva el \u00faltimo martes de cada mes a las 18 horas,&nbsp; a partir del martes 29 de octubre. En estas se invitar\u00e1 adem\u00e1s al administrador, Oscar Riffo. JH enviar\u00e1 cita.<\/p>\n\n\n\n<p>6.- Se acuerda sostener una reuni\u00f3n con la directiva saliente, para intercambiar experiencias. JW les propondr\u00e1 el domingo 6 de octubre a las 13 horas, por confirmar con ellos.<\/p>\n\n\n\n<p>7.- CT propone que se considere la posibilidad de usar el fondo de emergencia para arreglar caminos cuando haya situaciones que lo ameriten, lo que deber\u00e1 ser evaluado caso a caso.<\/p>\n\n\n\n<p>8.- Se estudiar\u00e1 la posibilidad de invertir los saldos en caja para producir intereses.<\/p>\n\n\n\n<p>9.- Se conversar\u00e1 con Oscar para que haga el cambio de firmas en el Banco para que los giros los autorice el presidente y el tesorero.<\/p>\n","protected":false},"excerpt":{"rendered":"<p>Asisten: Carolina Torrej\u00f3n, Sonia Fuentealba, Jurgen Weller, Andres de la Sotta y Jonny Heiss. Amalia Quiroz se excus\u00f3 porque no puede asistir 1.- Cargos:Se acordaron los siguientes cargos: &nbsp; Titular Suplente Presidente Jurgen Weller Sonia Fuentealba Secretario Jonny Heiss Carolina Torrej\u00f3n Tesorero Andr\u00e9s de la Sotta Amalia Quiroz Se acuerda publicar la nueva directiva en&#8230;<\/p>\n","protected":false},"author":2,"featured_media":0,"parent":0,"menu_order":0,"comment_status":"closed","ping_status":"closed","template":"","meta":{"_kad_post_transparent":"","_kad_post_title":"","_kad_post_layout":"","_kad_post_sidebar_id":"","_kad_post_content_style":"","_kad_post_vertical_padding":"","_kad_post_feature":"","_kad_post_feature_position":"","_kad_post_header":false,"_kad_post_footer":false,"_kad_post_classname":"","footnotes":""},"class_list":["post-1722","page","type-page","status-publish","hentry"],"_links":{"self":[{"href":"https:\/\/puntadelgallo.cl\/index.php\/wp-json\/wp\/v2\/pages\/1722","targetHints":{"allow":["GET"]}}],"collection":[{"href":"https:\/\/puntadelgallo.cl\/index.php\/wp-json\/wp\/v2\/pages"}],"about":[{"href":"https:\/\/puntadelgallo.cl\/index.php\/wp-json\/wp\/v2\/types\/page"}],"author":[{"embeddable":true,"href":"https:\/\/puntadelgallo.cl\/index.php\/wp-json\/wp\/v2\/users\/2"}],"replies":[{"embeddable":true,"href":"https:\/\/puntadelgallo.cl\/index.php\/wp-json\/wp\/v2\/comments?post=1722"}],"version-history":[{"count":1,"href":"https:\/\/puntadelgallo.cl\/index.php\/wp-json\/wp\/v2\/pages\/1722\/revisions"}],"predecessor-version":[{"id":1723,"href":"https:\/\/puntadelgallo.cl\/index.php\/wp-json\/wp\/v2\/pages\/1722\/revisions\/1723"}],"wp:attachment":[{"href":"https:\/\/puntadelgallo.cl\/index.php\/wp-json\/wp\/v2\/media?parent=1722"}],"curies":[{"name":"wp","href":"https:\/\/api.w.org\/{rel}","templated":true}]}}

2024 09 22 Minuta de reunión de Directorio

<p>Asisten: Carolina Torrejón, Sonia Fuentealba, Jurgen Weller, Andres de la Sotta y Jonny Heiss. Amalia Quiroz se excusó porque no puede asistir</p>



<p>1.- Cargos:<br>Se acordaron los siguientes cargos:</p>



<figure class="wp-block-table"><table class="has-fixed-layout"><tbody><tr><td>&nbsp;</td><td>Titular</td><td>Suplente</td></tr><tr><td>Presidente</td><td>Jurgen Weller</td><td>Sonia Fuentealba</td></tr><tr><td>Secretario</td><td>Jonny Heiss</td><td>Carolina Torrejón</td></tr><tr><td>Tesorero</td><td>Andrés de la Sotta</td><td>Amalia Quiroz</td></tr></tbody></table></figure>



<p>Se acuerda publicar la nueva directiva en la web.</p>



<p>2.- Se acuerda que en la asamblea de febrero se elegirá la Comisión Fiscalizadora de Finanzas.</p>



<p>&nbsp;3.- Se acuerda que a partir de la asamblea de febrero se publicarán los ingresos y egresos cada 3 meses en la web.</p>



<p>4.- Se firman las actas para ser presentadas en la municipalidad, en las que se ingresan los datos de la nueva directiva.</p>



<p>5.- Se acuerda realizar una reunión mensual de la directiva el último martes de cada mes a las 18 horas,&nbsp; a partir del martes 29 de octubre. En estas se invitará además al administrador, Oscar Riffo. JH enviará cita.</p>



<p>6.- Se acuerda sostener una reunión con la directiva saliente, para intercambiar experiencias. JW les propondrá el domingo 6 de octubre a las 13 horas, por confirmar con ellos.</p>



<p>7.- CT propone que se considere la posibilidad de usar el fondo de emergencia para arreglar caminos cuando haya situaciones que lo ameriten, lo que deberá ser evaluado caso a caso.</p>



<p>8.- Se estudiará la posibilidad de invertir los saldos en caja para producir intereses.</p>



<p>9.- Se conversará con Oscar para que haga el cambio de firmas en el Banco para que los giros los autorice el presidente y el tesorero.</p>

<p>Asisten: Carolina Torrejón, Sonia Fuentealba, Jurgen Weller, Andres de la Sotta y Jonny Heiss. Amalia Quiroz se excusó porque no puede asistir 1.- Cargos:Se acordaron los siguientes cargos: &nbsp; Titular Suplente Presidente Jurgen Weller Sonia Fuentealba Secretario Jonny Heiss Carolina Torrejón Tesorero Andrés de la Sotta Amalia Quiroz Se acuerda publicar la nueva directiva en&#8230;</p>
