{"id":1733,"date":"2024-12-09T16:47:31","date_gmt":"2024-12-09T20:47:31","guid":{"rendered":"https:\/\/puntadelgallo.cl\/?page_id=1733"},"modified":"2024-12-12T18:38:02","modified_gmt":"2024-12-12T22:38:02","slug":"informe-trimestral-agosto-octubre-2024","status":"publish","type":"page","link":"https:\/\/puntadelgallo.cl\/index.php\/rendiciones\/informe-trimestral-agosto-octubre-2024\/","title":{"rendered":"Informe Trimestral Agosto &#8211; Octubre 2024"},"content":{"rendered":"\n<p><\/p>\n\n\n\n<p>Estimada Comunidad,<\/p>\n\n\n\n<p>Junto con saludar, presentamos un cuadro resumen que muestra el presupuesto de lo ingresado y lo gastado a la fecha en la gesti\u00f3n de administraci\u00f3n y finanzas de la comunidad.<br>En el esquema podr\u00e1n evidenciar los gastos acumulados por el a\u00f1o, en relaci\u00f3n a cada \u00edtem y tambi\u00e9n un desglose de los \u00faltimos 3 meses de gesti\u00f3n.<br><br>Esperamos enviar peri\u00f3dicamente estas cifras, para aportar claridad en la administraci\u00f3n de presupuesto, as\u00ed como tambi\u00e9n para llegar a la asamblea general anual de febrero con mayor claridad.<br>En caso de cualquier duda o consulta, rogamos realizarla directamente al correo <a href=\"mailto:tesoreriapuntadelgallo@gmail.com\">tesoreriapuntadelgallo@gmail.com<\/a><\/p>\n\n\n\n<p>Saludos y muchas gracias por su atenci\u00f3n.<\/p>\n\n\n\n<figure class=\"wp-block-image size-full is-resized\"><img loading=\"lazy\" decoding=\"async\" width=\"982\" height=\"158\" src=\"https:\/\/puntadelgallo.cl\/wp-content\/uploads\/2024\/12\/imagen.png\" alt=\"\" class=\"wp-image-1734\" style=\"width:1192px;height:auto\" srcset=\"https:\/\/puntadelgallo.cl\/wp-content\/uploads\/2024\/12\/imagen.png 982w, https:\/\/puntadelgallo.cl\/wp-content\/uploads\/2024\/12\/imagen-300x48.png 300w, https:\/\/puntadelgallo.cl\/wp-content\/uploads\/2024\/12\/imagen-768x124.png 768w\" sizes=\"auto, (max-width: 982px) 100vw, 982px\" \/><\/figure>\n\n\n\n<figure class=\"wp-block-image size-full is-resized\"><img loading=\"lazy\" decoding=\"async\" width=\"969\" height=\"356\" src=\"https:\/\/puntadelgallo.cl\/wp-content\/uploads\/2024\/12\/imagen-1.png\" alt=\"\" class=\"wp-image-1735\" style=\"width:1188px;height:auto\" srcset=\"https:\/\/puntadelgallo.cl\/wp-content\/uploads\/2024\/12\/imagen-1.png 969w, https:\/\/puntadelgallo.cl\/wp-content\/uploads\/2024\/12\/imagen-1-300x110.png 300w, https:\/\/puntadelgallo.cl\/wp-content\/uploads\/2024\/12\/imagen-1-768x282.png 768w\" sizes=\"auto, (max-width: 969px) 100vw, 969px\" \/><\/figure>\n\n\n\n<p>Ingresos y egresos &#8211; Agosto, septiembre y octubre &#8211; 2024<\/p>\n\n\n\n<figure class=\"wp-block-image size-full is-resized\"><img loading=\"lazy\" decoding=\"async\" width=\"387\" height=\"127\" src=\"https:\/\/puntadelgallo.cl\/wp-content\/uploads\/2024\/12\/imagen-2.png\" alt=\"\" class=\"wp-image-1736\" style=\"width:342px;height:auto\" srcset=\"https:\/\/puntadelgallo.cl\/wp-content\/uploads\/2024\/12\/imagen-2.png 387w, https:\/\/puntadelgallo.cl\/wp-content\/uploads\/2024\/12\/imagen-2-300x98.png 300w\" sizes=\"auto, (max-width: 387px) 100vw, 387px\" \/><\/figure>\n\n\n\n<figure class=\"wp-block-image size-full is-resized\"><img loading=\"lazy\" decoding=\"async\" width=\"821\" height=\"271\" src=\"https:\/\/puntadelgallo.cl\/wp-content\/uploads\/2024\/12\/imagen-4.png\" alt=\"\" class=\"wp-image-1740\" style=\"width:940px;height:auto\" srcset=\"https:\/\/puntadelgallo.cl\/wp-content\/uploads\/2024\/12\/imagen-4.png 821w, https:\/\/puntadelgallo.cl\/wp-content\/uploads\/2024\/12\/imagen-4-300x99.png 300w, https:\/\/puntadelgallo.cl\/wp-content\/uploads\/2024\/12\/imagen-4-768x254.png 768w\" sizes=\"auto, (max-width: 821px) 100vw, 821px\" \/><\/figure>\n\n\n\n<p><\/p>\n","protected":false},"excerpt":{"rendered":"<p>Estimada Comunidad, Junto con saludar, presentamos un cuadro resumen que muestra el presupuesto de lo ingresado y lo gastado a la fecha en la gesti\u00f3n de administraci\u00f3n y finanzas de la comunidad.En el esquema podr\u00e1n evidenciar los gastos acumulados por el a\u00f1o, en relaci\u00f3n a cada \u00edtem y tambi\u00e9n un desglose de los \u00faltimos 3&#8230;<\/p>\n","protected":false},"author":6,"featured_media":0,"parent":1499,"menu_order":0,"comment_status":"closed","ping_status":"closed","template":"","meta":{"_kad_post_transparent":"","_kad_post_title":"","_kad_post_layout":"","_kad_post_sidebar_id":"","_kad_post_content_style":"","_kad_post_vertical_padding":"","_kad_post_feature":"","_kad_post_feature_position":"","_kad_post_header":false,"_kad_post_footer":false,"_kad_post_classname":"","footnotes":""},"class_list":["post-1733","page","type-page","status-publish","hentry"],"_links":{"self":[{"href":"https:\/\/puntadelgallo.cl\/index.php\/wp-json\/wp\/v2\/pages\/1733","targetHints":{"allow":["GET"]}}],"collection":[{"href":"https:\/\/puntadelgallo.cl\/index.php\/wp-json\/wp\/v2\/pages"}],"about":[{"href":"https:\/\/puntadelgallo.cl\/index.php\/wp-json\/wp\/v2\/types\/page"}],"author":[{"embeddable":true,"href":"https:\/\/puntadelgallo.cl\/index.php\/wp-json\/wp\/v2\/users\/6"}],"replies":[{"embeddable":true,"href":"https:\/\/puntadelgallo.cl\/index.php\/wp-json\/wp\/v2\/comments?post=1733"}],"version-history":[{"count":3,"href":"https:\/\/puntadelgallo.cl\/index.php\/wp-json\/wp\/v2\/pages\/1733\/revisions"}],"predecessor-version":[{"id":1747,"href":"https:\/\/puntadelgallo.cl\/index.php\/wp-json\/wp\/v2\/pages\/1733\/revisions\/1747"}],"up":[{"embeddable":true,"href":"https:\/\/puntadelgallo.cl\/index.php\/wp-json\/wp\/v2\/pages\/1499"}],"wp:attachment":[{"href":"https:\/\/puntadelgallo.cl\/index.php\/wp-json\/wp\/v2\/media?parent=1733"}],"curies":[{"name":"wp","href":"https:\/\/api.w.org\/{rel}","templated":true}]}}

<p></p>



<p>Estimada Comunidad,</p>



<p>Junto con saludar, presentamos un cuadro resumen que muestra el presupuesto de lo ingresado y lo gastado a la fecha en la gestión de administración y finanzas de la comunidad.<br>En el esquema podrán evidenciar los gastos acumulados por el año, en relación a cada ítem y también un desglose de los últimos 3 meses de gestión.<br><br>Esperamos enviar periódicamente estas cifras, para aportar claridad en la administración de presupuesto, así como también para llegar a la asamblea general anual de febrero con mayor claridad.<br>En caso de cualquier duda o consulta, rogamos realizarla directamente al correo <a href="mailto:tesoreriapuntadelgallo@gmail.com">tesoreriapuntadelgallo@gmail.com</a></p>



<p>Saludos y muchas gracias por su atención.</p>



<figure class="wp-block-image size-full is-resized"><img loading="lazy" decoding="async" width="982" height="158" src="https://puntadelgallo.cl/wp-content/uploads/2024/12/imagen.png" alt="" class="wp-image-1734" style="width:1192px;height:auto" srcset="https://puntadelgallo.cl/wp-content/uploads/2024/12/imagen.png 982w, https://puntadelgallo.cl/wp-content/uploads/2024/12/imagen-300x48.png 300w, https://puntadelgallo.cl/wp-content/uploads/2024/12/imagen-768x124.png 768w" sizes="auto, (max-width: 982px) 100vw, 982px" /></figure>



<figure class="wp-block-image size-full is-resized"><img loading="lazy" decoding="async" width="969" height="356" src="https://puntadelgallo.cl/wp-content/uploads/2024/12/imagen-1.png" alt="" class="wp-image-1735" style="width:1188px;height:auto" srcset="https://puntadelgallo.cl/wp-content/uploads/2024/12/imagen-1.png 969w, https://puntadelgallo.cl/wp-content/uploads/2024/12/imagen-1-300x110.png 300w, https://puntadelgallo.cl/wp-content/uploads/2024/12/imagen-1-768x282.png 768w" sizes="auto, (max-width: 969px) 100vw, 969px" /></figure>



<p>Ingresos y egresos &#8211; Agosto, septiembre y octubre &#8211; 2024</p>



<figure class="wp-block-image size-full is-resized"><img loading="lazy" decoding="async" width="387" height="127" src="https://puntadelgallo.cl/wp-content/uploads/2024/12/imagen-2.png" alt="" class="wp-image-1736" style="width:342px;height:auto" srcset="https://puntadelgallo.cl/wp-content/uploads/2024/12/imagen-2.png 387w, https://puntadelgallo.cl/wp-content/uploads/2024/12/imagen-2-300x98.png 300w" sizes="auto, (max-width: 387px) 100vw, 387px" /></figure>



<figure class="wp-block-image size-full is-resized"><img loading="lazy" decoding="async" width="821" height="271" src="https://puntadelgallo.cl/wp-content/uploads/2024/12/imagen-4.png" alt="" class="wp-image-1740" style="width:940px;height:auto" srcset="https://puntadelgallo.cl/wp-content/uploads/2024/12/imagen-4.png 821w, https://puntadelgallo.cl/wp-content/uploads/2024/12/imagen-4-300x99.png 300w, https://puntadelgallo.cl/wp-content/uploads/2024/12/imagen-4-768x254.png 768w" sizes="auto, (max-width: 821px) 100vw, 821px" /></figure>



<p></p>

<p>Estimada Comunidad, Junto con saludar, presentamos un cuadro resumen que muestra el presupuesto de lo ingresado y lo gastado a la fecha en la gestión de administración y finanzas de la comunidad.En el esquema podrán evidenciar los gastos acumulados por el año, en relación a cada ítem y también un desglose de los últimos 3&#8230;</p>
