{"id":1754,"date":"2024-12-17T19:01:30","date_gmt":"2024-12-17T23:01:30","guid":{"rendered":"https:\/\/puntadelgallo.cl\/?page_id=1754"},"modified":"2024-12-17T19:04:42","modified_gmt":"2024-12-17T23:04:42","slug":"2024-10-29-minuta-reunion-directiva","status":"publish","type":"page","link":"https:\/\/puntadelgallo.cl\/index.php\/2024-10-29-minuta-reunion-directiva\/","title":{"rendered":"2024 10 29 Minuta reuni\u00f3n Directorio"},"content":{"rendered":"\n<p>Asisten: Jurgen Weller, Oscar Riffo, Andres de la Sota, Jonny Heiss<\/p>\n\n\n\n<p>1)<strong> Tertulias<\/strong><br>JW informa que hubo una reuni\u00f3n inicial del grupo &#8220;Tertulias&#8221;. No est\u00e1 claro si habr\u00e1 inter\u00e9s entre los vecinos. El grupo est\u00e1 partiendo y est\u00e1n viendo quien y que temas. Se van a juntar para hacer una propuesta de una o 2 tertulias y ver como funciona. <br>Los miembros son Marcela Krause, Francisca Valenzuela, Mario Ramirez y Sandra Benadretti, Fernando Ayala, Alvaro Garcia, Teresa Antequera.<br>2)<strong> Finanzas<\/strong><br>Se han ido revisando los gastos quincenales y mensuales.<br>Se har\u00e1 el primerr informe trimestral de finanzas, con ingresos, gastos y saldos b\u00e1sicamente para el 30 de noviembre, que comprende agosto-sept-octubre.<br>Se va a preparar un informe de como se distribuyen los gastos.<br>Le lleg\u00f3 a Celia Alvari\u00f1o un aviso de la AFP de una deuda de $6.000 al fondo de cesantia. OR lo va a regularizar. Hay que ver adem\u00e1s que le llegue a futuro a Andr\u00e9s.<br>El cambio de representantes en el Banco estaria en curso y demora como 2 meses.<br>3) <strong>Personal<\/strong><br>Ruben esta mejor de salud.<br>Se l encarga a OR pedir referencias de como funcion\u00f3 el reemplazante.<br>Andres y Jurguen iran a conversar con Marlene el s\u00e1bado para hacerse presente como nueva directiva.<br>4) <strong>Senderos.<\/strong><br>El sendero a la Punta del Gallo requiere bastante inversi\u00f3n y es muy peligroso. Se decide postergar la inversi\u00f3n para el pr\u00f3ximo a\u00f1o y cuando se haga poner un letrero que diga que es peligroso y que el que lo use lo hace por su propio riesgo.<br>5) <strong>Equipo contra incendio<\/strong><br>La idea es que si se produce un siniestro, se pueda usar el agua del sitio, para lo cual solo se requeriria una motobomba y una manguera de bomberos que se pueda transportar. Se ver\u00e1n los costos.<br>6) <strong>Caminos<\/strong><br>Jorge Err\u00e1zuriz est\u00e1 dispuesto a seguir apoyando como asesor los arreglos y obras menores preventivas, pero pide que la directiva designe a alguien que se haga cargo de los arreglos de caminos a futuro.<br>En el fin de semana JE mostrara a JW y AS posibles mejoras.<br>7) <strong>Centro de reciclaje<\/strong><br>Hay una gotera que est\u00e1 mojando la madera de la torre. Es urgente reparar la gotera (OR). Luego evaluar si es necesrio reemplazar algunas vigas.<br>8) <strong>Loteo La Boca<\/strong><br>El 30-10-24 (ma\u00f1ana) hay una reuni\u00f3n del comit\u00e9 con el asesor urban\u00edstico de la Municipalidad de Casablanca. Los presidentes de las OCF tanbi\u00e9n participar\u00e1n.<br>9)<strong> Revisi\u00f3n estatutos<\/strong>.<br>Hay cosas que establece la ley y no se pueden cambiar.<br>JW terminar\u00e1 de revisar los estatutos y generar\u00e1 una propuesta. Despu\u00e9s se acuerda dar un plazo de 2 semanas para que la directiva lo revise y finalmente dar un mes para que los vecinos opinen con propuestas de borrar algo y proponer texto alternativo.<br>10<strong>) Reuniones mensuales de la directiva<\/strong><br>Se acuerda que el secretraio enviara un recordatorio un par de dias antes y el dia anterior de cada reuni\u00f3n.<\/p>\n","protected":false},"excerpt":{"rendered":"<p>Asisten: Jurgen Weller, Oscar Riffo, Andres de la Sota, Jonny Heiss 1) TertuliasJW informa que hubo una reuni\u00f3n inicial del grupo &#8220;Tertulias&#8221;. No est\u00e1 claro si habr\u00e1 inter\u00e9s entre los vecinos. El grupo est\u00e1 partiendo y est\u00e1n viendo quien y que temas. Se van a juntar para hacer una propuesta de una o 2 tertulias&#8230;<\/p>\n","protected":false},"author":2,"featured_media":0,"parent":0,"menu_order":0,"comment_status":"closed","ping_status":"closed","template":"","meta":{"_kad_post_transparent":"","_kad_post_title":"","_kad_post_layout":"","_kad_post_sidebar_id":"","_kad_post_content_style":"","_kad_post_vertical_padding":"","_kad_post_feature":"","_kad_post_feature_position":"","_kad_post_header":false,"_kad_post_footer":false,"_kad_post_classname":"","footnotes":""},"class_list":["post-1754","page","type-page","status-publish","hentry"],"_links":{"self":[{"href":"https:\/\/puntadelgallo.cl\/index.php\/wp-json\/wp\/v2\/pages\/1754","targetHints":{"allow":["GET"]}}],"collection":[{"href":"https:\/\/puntadelgallo.cl\/index.php\/wp-json\/wp\/v2\/pages"}],"about":[{"href":"https:\/\/puntadelgallo.cl\/index.php\/wp-json\/wp\/v2\/types\/page"}],"author":[{"embeddable":true,"href":"https:\/\/puntadelgallo.cl\/index.php\/wp-json\/wp\/v2\/users\/2"}],"replies":[{"embeddable":true,"href":"https:\/\/puntadelgallo.cl\/index.php\/wp-json\/wp\/v2\/comments?post=1754"}],"version-history":[{"count":2,"href":"https:\/\/puntadelgallo.cl\/index.php\/wp-json\/wp\/v2\/pages\/1754\/revisions"}],"predecessor-version":[{"id":1756,"href":"https:\/\/puntadelgallo.cl\/index.php\/wp-json\/wp\/v2\/pages\/1754\/revisions\/1756"}],"wp:attachment":[{"href":"https:\/\/puntadelgallo.cl\/index.php\/wp-json\/wp\/v2\/media?parent=1754"}],"curies":[{"name":"wp","href":"https:\/\/api.w.org\/{rel}","templated":true}]}}