{"id":1770,"date":"2025-01-13T23:07:28","date_gmt":"2025-01-14T03:07:28","guid":{"rendered":"https:\/\/puntadelgallo.cl\/?page_id=1770"},"modified":"2025-01-13T23:07:28","modified_gmt":"2025-01-14T03:07:28","slug":"2024-12-26-minuta-reunion-directorio","status":"publish","type":"page","link":"https:\/\/puntadelgallo.cl\/index.php\/2024-12-26-minuta-reunion-directorio\/","title":{"rendered":"2024 12 26 Minuta reuni\u00f3n directorio"},"content":{"rendered":"\n<p>Asisten: Jurgen Weller, Andr\u00e9s de la Sota, Oscar Riffo, Amalia Quiroz, Jonny Heiss, Sonia Fuentealba, Carolina Torrej\u00f3n.<\/p>\n\n\n\n<p><strong>1) Tertulias<\/strong><br>El equipo est\u00e1 armando una primera reuni\u00f3n para febrebro. Ellos la dar\u00e1n a conocer.<\/p>\n\n\n\n<p><strong>2) Finanzas<\/strong><br>Se Public\u00f3 en la web el informe de ingresos y gastos del \u00faltimo trimestre y el del ultimo a\u00f1o.<br>Tambien se inform\u00f3 a los vecinos.<br>La junta anual de socios de la oCF se har\u00eda el 22 de febrero, en principio.<br>Para el traspaso de los permisos para operar la cuenta corriente se requiere un documento que debe ir firmado por Jurgen (ya firm\u00f3) y por Jonny Heiss (el 5 de enero). Este documento autoriza a Jurgen y a Andres para operar en la cuenta corriente.<\/p>\n\n\n\n<p><strong>3) Vacaciones administrador<\/strong><br>Oscar se tomar\u00e1 unos dias del 29\/12 al domingo 5\/1.<\/p>\n\n\n\n<p><strong>4) Socio solicita informaci\u00f3n.<\/strong><br>Ivan Ruiz ha solicitado informaci\u00f3n de cartolas. Oscar le contestar\u00e1 un correo proponiendo una reuni\u00f3n con \u00e9l en la segunda quincena de enero.<br>Pide que se compren los servicos y bienes de arreglo de caminos (maicillo) con factura, y que se vea de evitar el pago de comisi\u00f3n al banco.<br>Esto encarecer\u00e1 el areglo de caminos.<\/p>\n\n\n\n<p><strong>5) Senderos<\/strong><br>OR informa que est\u00e1n listos los trabajos de mantenci\u00f3n. El los revis\u00f3, se corrigieron algnos detalles y ya est\u00e1n listos.<br>Tambi\u00e9n se cortaron los pastizales de la entrada.<br>OR hablar\u00e1 con Joe para proponerle trabajo colaborativo: el paga el corte y nosotros el chipeo in situ.<br>Se gastaron en total $ 350.000.- m\u00e1s algunos materiales menores.<br>Adem\u00e1s se gastaron $100.000 en la poda de porteria.<\/p>\n\n\n\n<p><strong>6) Equipo contra incendios<\/strong><br>A\u00fan no se ha probado la motobomba. Se verific\u00f3 que hay mangueras. Durante enero la van a probar Ruben con Oscar.<br>JW propone comprar una segunda motobomba y dejarlas en casas de vecinos que viva en tunquen y asi est\u00e9n m\u00e1s centrales.<br>JW hablar\u00e1 con CAE y con JE para ver si la podemos dejar en su casa.<\/p>\n\n\n\n<p><strong>7) Prevenci\u00f3n de incendios<\/strong><br>OR asisti\u00f3 a una reuni\u00f3n con Salvador Milan, la administradora de la Boca y otra gente del Comite de prevenci\u00f3n de incendios.<br>Se elabor\u00f3 un sem\u00e1foro de diagn\u00f3stico de riesgo de cada parcela.<br>Organizaron un sistema de patrullaje en moto y se acord\u00f3 un pago adicional de las 3 parcelaciones (PdG, El Rosario y La Boca), de $200.000 cada una, con lo que se extiende la ruta de patrullaje hacia nuestro sector.<br>Tambi\u00e9n se compr\u00f3 un radio transmisor para mantenernos informados y poder avisar. Est\u00e1 conectado a carabineros, bomberos, CONAF y algunos vecinos de la ruta 818.<br>Oscar est\u00e1 incluido en un grupo de whatsapp para este fin que se llama KILO TORRE.<br>CT propone que en el futuro se haga participar a los vecinos y se vote por temas como este.<br>JH sugiere que se consulte solo cuando haya un gasto de un monto para arriba, que podria ser por ejemplo $ 3.000.000. Este monto (de corte) deber\u00eda ser ratificarlo en la asamblea.<br>JW propone que el tema de la segunda motobomba se discuta en la samblea.<\/p>\n\n\n\n<p><strong>8) Caminos<\/strong><br>Se hizo el arreglo del sector sur.<\/p>\n\n\n\n<p><strong>9) Centro de reciclaje<\/strong><br>JW ir\u00e1 en la pr\u00f3xima semana con OR para tomar decisi\u00f3n sobre los letreros.<\/p>\n\n\n\n<p><strong>10) Loteo de La Boca<\/strong><br>JW hab\u00f3 con Patricio y lamentablemente no acept\u00f3 ser el representante de PdG. Falta designar un representante.<\/p>\n\n\n\n<p><strong>11) Revisi\u00f3n estatutos.<\/strong><br>JW mand\u00f3 la propuesta y se subi\u00f3 a la web. OR mand\u00f3 un comunicado via Comunidad Feliz y se di\u00f3 un plazo de 4 semanas, el que vence en enero.<br>OR mandar\u00e1 recordatorio por whatsapp una semana antes de que venza.<\/p>\n\n\n\n<p><strong>12) Comunicado para el verano<\/strong><br>Sigue pendiente CT con Amalia, se comprometen para el 4 de enero.<\/p>\n\n\n\n<p><strong>13) Riesgos.<\/strong><br>OR llamar\u00e1 a Tomas para avisarle de la noria abierta<\/p>\n\n\n\n<p><strong>14) Morosos:<\/strong><br>Se revis\u00f3 la situaci\u00f3n de morosos y se acordaron algunas medidas individuales.Se informar\u00e1 cuando haya resultados.<\/p>\n\n\n\n<p><strong>15) Asamblea<\/strong><br>OR har\u00e1 una primera versi\u00f3n del informe basada en el informe anterior.<br>Falta desarrollar el punto de &#8220;Proyectos a futuro&#8221;.<br>Se acuerda efectuar una reuni\u00f3n para revisar el informe preliminaral el 23 de enero a las 19 horas y ah\u00ed hacer observaciones.<br>A esa reunion, cada miembro de la directiva deber\u00e1 traer su propuesta de proyectos para el 2025. \u00a1\u00a1Recordar una semana antes!!<\/p>\n\n\n\n<p><strong>16) Respuesta a comentarios de vecinos en el chat.<\/strong><br>Jurgen mando un borrador de respuesta. Se aprueba que lo env\u00ede.<\/p>\n\n\n\n<p><strong>17) Plantas<\/strong><br>Carolina propone dedicar 5 minutos en la asamblea de febrero para aclarar el tema de los cardoncillos. Hay acuerdo.<\/p>\n","protected":false},"excerpt":{"rendered":"<p>Asisten: Jurgen Weller, Andr\u00e9s de la Sota, Oscar Riffo, Amalia Quiroz, Jonny Heiss, Sonia Fuentealba, Carolina Torrej\u00f3n. 1) TertuliasEl equipo est\u00e1 armando una primera reuni\u00f3n para febrebro. Ellos la dar\u00e1n a conocer. 2) FinanzasSe Public\u00f3 en la web el informe de ingresos y gastos del \u00faltimo trimestre y el del ultimo a\u00f1o.Tambien se inform\u00f3 a&#8230;<\/p>\n","protected":false},"author":2,"featured_media":0,"parent":0,"menu_order":0,"comment_status":"closed","ping_status":"closed","template":"","meta":{"_kad_post_transparent":"","_kad_post_title":"","_kad_post_layout":"","_kad_post_sidebar_id":"","_kad_post_content_style":"","_kad_post_vertical_padding":"","_kad_post_feature":"","_kad_post_feature_position":"","_kad_post_header":false,"_kad_post_footer":false,"_kad_post_classname":"","footnotes":""},"class_list":["post-1770","page","type-page","status-publish","hentry"],"_links":{"self":[{"href":"https:\/\/puntadelgallo.cl\/index.php\/wp-json\/wp\/v2\/pages\/1770","targetHints":{"allow":["GET"]}}],"collection":[{"href":"https:\/\/puntadelgallo.cl\/index.php\/wp-json\/wp\/v2\/pages"}],"about":[{"href":"https:\/\/puntadelgallo.cl\/index.php\/wp-json\/wp\/v2\/types\/page"}],"author":[{"embeddable":true,"href":"https:\/\/puntadelgallo.cl\/index.php\/wp-json\/wp\/v2\/users\/2"}],"replies":[{"embeddable":true,"href":"https:\/\/puntadelgallo.cl\/index.php\/wp-json\/wp\/v2\/comments?post=1770"}],"version-history":[{"count":1,"href":"https:\/\/puntadelgallo.cl\/index.php\/wp-json\/wp\/v2\/pages\/1770\/revisions"}],"predecessor-version":[{"id":1771,"href":"https:\/\/puntadelgallo.cl\/index.php\/wp-json\/wp\/v2\/pages\/1770\/revisions\/1771"}],"wp:attachment":[{"href":"https:\/\/puntadelgallo.cl\/index.php\/wp-json\/wp\/v2\/media?parent=1770"}],"curies":[{"name":"wp","href":"https:\/\/api.w.org\/{rel}","templated":true}]}}

2024 12 26 Minuta reunión directorio

<p>Asisten: Jurgen Weller, Andrés de la Sota, Oscar Riffo, Amalia Quiroz, Jonny Heiss, Sonia Fuentealba, Carolina Torrejón.</p>



<p><strong>1) Tertulias</strong><br>El equipo está armando una primera reunión para febrebro. Ellos la darán a conocer.</p>



<p><strong>2) Finanzas</strong><br>Se Publicó en la web el informe de ingresos y gastos del último trimestre y el del ultimo año.<br>Tambien se informó a los vecinos.<br>La junta anual de socios de la oCF se haría el 22 de febrero, en principio.<br>Para el traspaso de los permisos para operar la cuenta corriente se requiere un documento que debe ir firmado por Jurgen (ya firmó) y por Jonny Heiss (el 5 de enero). Este documento autoriza a Jurgen y a Andres para operar en la cuenta corriente.</p>



<p><strong>3) Vacaciones administrador</strong><br>Oscar se tomará unos dias del 29/12 al domingo 5/1.</p>



<p><strong>4) Socio solicita información.</strong><br>Ivan Ruiz ha solicitado información de cartolas. Oscar le contestará un correo proponiendo una reunión con él en la segunda quincena de enero.<br>Pide que se compren los servicos y bienes de arreglo de caminos (maicillo) con factura, y que se vea de evitar el pago de comisión al banco.<br>Esto encarecerá el areglo de caminos.</p>



<p><strong>5) Senderos</strong><br>OR informa que están listos los trabajos de mantención. El los revisó, se corrigieron algnos detalles y ya están listos.<br>También se cortaron los pastizales de la entrada.<br>OR hablará con Joe para proponerle trabajo colaborativo: el paga el corte y nosotros el chipeo in situ.<br>Se gastaron en total $ 350.000.- más algunos materiales menores.<br>Además se gastaron $100.000 en la poda de porteria.</p>



<p><strong>6) Equipo contra incendios</strong><br>Aún no se ha probado la motobomba. Se verificó que hay mangueras. Durante enero la van a probar Ruben con Oscar.<br>JW propone comprar una segunda motobomba y dejarlas en casas de vecinos que viva en tunquen y asi estén más centrales.<br>JW hablará con CAE y con JE para ver si la podemos dejar en su casa.</p>



<p><strong>7) Prevención de incendios</strong><br>OR asistió a una reunión con Salvador Milan, la administradora de la Boca y otra gente del Comite de prevención de incendios.<br>Se elaboró un semáforo de diagnóstico de riesgo de cada parcela.<br>Organizaron un sistema de patrullaje en moto y se acordó un pago adicional de las 3 parcelaciones (PdG, El Rosario y La Boca), de $200.000 cada una, con lo que se extiende la ruta de patrullaje hacia nuestro sector.<br>También se compró un radio transmisor para mantenernos informados y poder avisar. Está conectado a carabineros, bomberos, CONAF y algunos vecinos de la ruta 818.<br>Oscar está incluido en un grupo de whatsapp para este fin que se llama KILO TORRE.<br>CT propone que en el futuro se haga participar a los vecinos y se vote por temas como este.<br>JH sugiere que se consulte solo cuando haya un gasto de un monto para arriba, que podria ser por ejemplo $ 3.000.000. Este monto (de corte) debería ser ratificarlo en la asamblea.<br>JW propone que el tema de la segunda motobomba se discuta en la samblea.</p>



<p><strong>8) Caminos</strong><br>Se hizo el arreglo del sector sur.</p>



<p><strong>9) Centro de reciclaje</strong><br>JW irá en la próxima semana con OR para tomar decisión sobre los letreros.</p>



<p><strong>10) Loteo de La Boca</strong><br>JW habó con Patricio y lamentablemente no aceptó ser el representante de PdG. Falta designar un representante.</p>



<p><strong>11) Revisión estatutos.</strong><br>JW mandó la propuesta y se subió a la web. OR mandó un comunicado via Comunidad Feliz y se dió un plazo de 4 semanas, el que vence en enero.<br>OR mandará recordatorio por whatsapp una semana antes de que venza.</p>



<p><strong>12) Comunicado para el verano</strong><br>Sigue pendiente CT con Amalia, se comprometen para el 4 de enero.</p>



<p><strong>13) Riesgos.</strong><br>OR llamará a Tomas para avisarle de la noria abierta</p>



<p><strong>14) Morosos:</strong><br>Se revisó la situación de morosos y se acordaron algunas medidas individuales.Se informará cuando haya resultados.</p>



<p><strong>15) Asamblea</strong><br>OR hará una primera versión del informe basada en el informe anterior.<br>Falta desarrollar el punto de &#8220;Proyectos a futuro&#8221;.<br>Se acuerda efectuar una reunión para revisar el informe preliminaral el 23 de enero a las 19 horas y ahí hacer observaciones.<br>A esa reunion, cada miembro de la directiva deberá traer su propuesta de proyectos para el 2025. ¡¡Recordar una semana antes!!</p>



<p><strong>16) Respuesta a comentarios de vecinos en el chat.</strong><br>Jurgen mando un borrador de respuesta. Se aprueba que lo envíe.</p>



<p><strong>17) Plantas</strong><br>Carolina propone dedicar 5 minutos en la asamblea de febrero para aclarar el tema de los cardoncillos. Hay acuerdo.</p>

<p>Asisten: Jurgen Weller, Andrés de la Sota, Oscar Riffo, Amalia Quiroz, Jonny Heiss, Sonia Fuentealba, Carolina Torrejón. 1) TertuliasEl equipo está armando una primera reunión para febrebro. Ellos la darán a conocer. 2) FinanzasSe Publicó en la web el informe de ingresos y gastos del último trimestre y el del ultimo año.Tambien se informó a&#8230;</p>
