{"id":1803,"date":"2025-06-17T13:24:00","date_gmt":"2025-06-17T17:24:00","guid":{"rendered":"https:\/\/puntadelgallo.cl\/?page_id=1803"},"modified":"2025-06-17T14:20:35","modified_gmt":"2025-06-17T18:20:35","slug":"1803-2","status":"publish","type":"page","link":"https:\/\/puntadelgallo.cl\/index.php\/1803-2\/","title":{"rendered":"Informe Trimestral &#8211; Marzo \/ Mayo 2025"},"content":{"rendered":"\n<p>Informe Trimestral Marzo \u2013 Mayo 2025<\/p>\n\n\n\n<figure class=\"wp-block-image size-full\"><img loading=\"lazy\" decoding=\"async\" width=\"882\" height=\"633\" src=\"https:\/\/puntadelgallo.cl\/wp-content\/uploads\/2025\/06\/imagen.png\" alt=\"\" class=\"wp-image-1804\" srcset=\"https:\/\/puntadelgallo.cl\/wp-content\/uploads\/2025\/06\/imagen.png 882w, https:\/\/puntadelgallo.cl\/wp-content\/uploads\/2025\/06\/imagen-300x215.png 300w, https:\/\/puntadelgallo.cl\/wp-content\/uploads\/2025\/06\/imagen-768x551.png 768w\" sizes=\"auto, (max-width: 882px) 100vw, 882px\" \/><\/figure>\n\n\n\n<figure class=\"wp-block-image size-full is-resized\"><img loading=\"lazy\" decoding=\"async\" width=\"411\" height=\"373\" src=\"https:\/\/puntadelgallo.cl\/wp-content\/uploads\/2025\/06\/imagen-2.png\" alt=\"\" class=\"wp-image-1814\" style=\"width:528px;height:auto\" srcset=\"https:\/\/puntadelgallo.cl\/wp-content\/uploads\/2025\/06\/imagen-2.png 411w, https:\/\/puntadelgallo.cl\/wp-content\/uploads\/2025\/06\/imagen-2-300x272.png 300w\" sizes=\"auto, (max-width: 411px) 100vw, 411px\" \/><\/figure>\n\n\n\n<p><\/p>\n\n\n\n<p>Adjunto podr\u00e1 encontrar un Excel con m\u00e1s detalles de los gastos y movimientos del per\u00edodo.<\/p>\n\n\n\n<div class=\"wp-block-file\"><a id=\"wp-block-file--media-0789df52-2fd1-42ea-9b38-be2abb48f5fe\" href=\"https:\/\/puntadelgallo.cl\/wp-content\/uploads\/2025\/06\/Informe-Trimestral-Mar-Abr-May-2025-OCF-PdG-1.xlsx\">Informe Trimestral &#8211; Mar, Abr, May 2025 &#8211; OCF PdG<\/a><a href=\"https:\/\/puntadelgallo.cl\/wp-content\/uploads\/2025\/06\/Informe-Trimestral-Mar-Abr-May-2025-OCF-PdG-1.xlsx\" class=\"wp-block-file__button wp-element-button\" download aria-describedby=\"wp-block-file--media-0789df52-2fd1-42ea-9b38-be2abb48f5fe\">Descargar<\/a><\/div>\n","protected":false},"excerpt":{"rendered":"<p>Informe Trimestral Marzo \u2013 Mayo 2025 Adjunto podr\u00e1 encontrar un Excel con m\u00e1s detalles de los gastos y movimientos del per\u00edodo.<\/p>\n","protected":false},"author":6,"featured_media":0,"parent":0,"menu_order":0,"comment_status":"closed","ping_status":"closed","template":"","meta":{"_kad_post_transparent":"","_kad_post_title":"","_kad_post_layout":"","_kad_post_sidebar_id":"","_kad_post_content_style":"","_kad_post_vertical_padding":"","_kad_post_feature":"","_kad_post_feature_position":"","_kad_post_header":false,"_kad_post_footer":false,"_kad_post_classname":"","footnotes":""},"class_list":["post-1803","page","type-page","status-publish","hentry"],"_links":{"self":[{"href":"https:\/\/puntadelgallo.cl\/index.php\/wp-json\/wp\/v2\/pages\/1803","targetHints":{"allow":["GET"]}}],"collection":[{"href":"https:\/\/puntadelgallo.cl\/index.php\/wp-json\/wp\/v2\/pages"}],"about":[{"href":"https:\/\/puntadelgallo.cl\/index.php\/wp-json\/wp\/v2\/types\/page"}],"author":[{"embeddable":true,"href":"https:\/\/puntadelgallo.cl\/index.php\/wp-json\/wp\/v2\/users\/6"}],"replies":[{"embeddable":true,"href":"https:\/\/puntadelgallo.cl\/index.php\/wp-json\/wp\/v2\/comments?post=1803"}],"version-history":[{"count":5,"href":"https:\/\/puntadelgallo.cl\/index.php\/wp-json\/wp\/v2\/pages\/1803\/revisions"}],"predecessor-version":[{"id":1817,"href":"https:\/\/puntadelgallo.cl\/index.php\/wp-json\/wp\/v2\/pages\/1803\/revisions\/1817"}],"wp:attachment":[{"href":"https:\/\/puntadelgallo.cl\/index.php\/wp-json\/wp\/v2\/media?parent=1803"}],"curies":[{"name":"wp","href":"https:\/\/api.w.org\/{rel}","templated":true}]}}