{"id":1834,"date":"2025-06-20T20:54:52","date_gmt":"2025-06-21T00:54:52","guid":{"rendered":"https:\/\/puntadelgallo.cl\/?page_id=1834"},"modified":"2025-08-17T18:33:40","modified_gmt":"2025-08-17T22:33:40","slug":"2025-04-29-mmmmm","status":"publish","type":"page","link":"https:\/\/puntadelgallo.cl\/index.php\/2025-04-29-mmmmm\/","title":{"rendered":"2025 04 29 Minuta reuni\u00f3n directiva OCF"},"content":{"rendered":"\n<ol class=\"wp-block-list\">\n<li>Reuni\u00f3n con familia Rojas: se agendar\u00e1 para primera semana de junio (ojal\u00e1 viernes o s\u00e1bado)<\/li>\n\n\n\n<li>Formalizaci\u00f3n de cambios de estatutos: a\u00fan pendiente en la Municipalidad de Casablanca<\/li>\n\n\n\n<li>Decisi\u00f3n sobre instrumento financiero: esta a\u00fan pendiente hasta la vuelta de Jurgen.<\/li>\n\n\n\n<li>Inicio de actividades de OCF: A\u00fan pendiente.<\/li>\n\n\n\n<li>Se revisar\u00e1 contrato de Oscar Riffo para evaluar modificaciones. Enviar\u00e1 a la directiva.<\/li>\n\n\n\n<li>Lista de miembros con deudas de gastos comunes. Oscar puede entregar la pr\u00f3xima semana.<\/li>\n\n\n\n<li>Oscar hablar\u00e1 con Dar\u00edo Carvajal para ver las facilidades de limpieza de fosas por parte de la municipalidad de Casablanca<\/li>\n\n\n\n<li>Coordinar con don Luis la recogida de voluminosos en fin de semana largo<\/li>\n\n\n\n<li>El arreglo de la bomba de agua de porter\u00eda la har\u00e1 Enzo.<\/li>\n\n\n\n<li>Pendiente c\u00e1mara e intercom de porter\u00eda con Giovani<\/li>\n\n\n\n<li>Piloto con chip Entel para la porter\u00eda por 3 meses para evaluar conectividad.<\/li>\n\n\n\n<li>Andr\u00e9s hablar\u00e1 con Pato Casanueva para precisar el proyecto de ruta al Barco.<\/li>\n\n\n\n<li>Se propone pedir a transparencia &nbsp;el listado de parcelas que pagan aseo en sus contribuciones.<\/li>\n\n\n\n<li>Pr\u00f3xima reuni\u00f3n, 29 de mayo.<\/li>\n\n\n\n<li>Se llamar\u00e1 a Jos\u00e9 Fliman para evaluar el reembolso o donaci\u00f3n del dinero aportado para la minga.<\/li>\n<\/ol>\n\n\n\n<p>Otros:<\/p>\n\n\n\n<ul class=\"wp-block-list\">\n<li>Consuelo L\u00f3pez Romo \/ Fundaci\u00f3n Sara Hern\u00e1ndez: Propuesta Proyecto Fondos Regionales, asociatividad OCF PdG<\/li>\n\n\n\n<li>Informe financiero trimestral<\/li>\n\n\n\n<li>Caminos<\/li>\n\n\n\n<li>Pintar casa entrada<\/li>\n\n\n\n<li>Visita DOM<\/li>\n\n\n\n<li>Taller Carlos Vignolo, 26.6., 19h; tecnolog\u00edas sociales susceptibles de ser utilizadas para preservar y fortalecer el Capital Social de esta muy ejemplar comunidad. (adem\u00e1s&nbsp;Generar, participativamente, &nbsp;l\u00edneas de acci\u00f3n, proyectos y acciones&nbsp;espec\u00edficas para lograr el objetivo buscado, &nbsp;estos talleres son tambi\u00e9n&nbsp;generadores de capital social, tanto comunitario como personal.<\/li>\n<\/ul>\n","protected":false},"excerpt":{"rendered":"<p>Otros:<\/p>\n","protected":false},"author":2,"featured_media":0,"parent":0,"menu_order":0,"comment_status":"closed","ping_status":"closed","template":"","meta":{"_kad_post_transparent":"","_kad_post_title":"","_kad_post_layout":"","_kad_post_sidebar_id":"","_kad_post_content_style":"","_kad_post_vertical_padding":"","_kad_post_feature":"","_kad_post_feature_position":"","_kad_post_header":false,"_kad_post_footer":false,"_kad_post_classname":"","footnotes":""},"class_list":["post-1834","page","type-page","status-publish","hentry"],"_links":{"self":[{"href":"https:\/\/puntadelgallo.cl\/index.php\/wp-json\/wp\/v2\/pages\/1834","targetHints":{"allow":["GET"]}}],"collection":[{"href":"https:\/\/puntadelgallo.cl\/index.php\/wp-json\/wp\/v2\/pages"}],"about":[{"href":"https:\/\/puntadelgallo.cl\/index.php\/wp-json\/wp\/v2\/types\/page"}],"author":[{"embeddable":true,"href":"https:\/\/puntadelgallo.cl\/index.php\/wp-json\/wp\/v2\/users\/2"}],"replies":[{"embeddable":true,"href":"https:\/\/puntadelgallo.cl\/index.php\/wp-json\/wp\/v2\/comments?post=1834"}],"version-history":[{"count":3,"href":"https:\/\/puntadelgallo.cl\/index.php\/wp-json\/wp\/v2\/pages\/1834\/revisions"}],"predecessor-version":[{"id":1869,"href":"https:\/\/puntadelgallo.cl\/index.php\/wp-json\/wp\/v2\/pages\/1834\/revisions\/1869"}],"wp:attachment":[{"href":"https:\/\/puntadelgallo.cl\/index.php\/wp-json\/wp\/v2\/media?parent=1834"}],"curies":[{"name":"wp","href":"https:\/\/api.w.org\/{rel}","templated":true}]}}