{"id":1847,"date":"2025-06-29T17:49:01","date_gmt":"2025-06-29T21:49:01","guid":{"rendered":"https:\/\/puntadelgallo.cl\/?page_id=1847"},"modified":"2025-06-29T17:49:01","modified_gmt":"2025-06-29T21:49:01","slug":"2025-06-24-minuta-reunion-directiva-ocf","status":"publish","type":"page","link":"https:\/\/puntadelgallo.cl\/index.php\/2025-06-24-minuta-reunion-directiva-ocf\/","title":{"rendered":"2025 06 24 Minuta reuni\u00f3n directiva OCF"},"content":{"rendered":"\n<p>Asisten: Andr\u00e9s de la Sotta, Jurgen Weller, Oscar Riffo, Carolina Torrej\u00f3n, Jonny Heiss, Amalia Quiroz.<\/p>\n\n\n\n<ol class=\"wp-block-list\">\n<li>P\u00e1gina web: la directiva se compromete a revisar antes del 10 de julio todo lo existente y hacer un diagn\u00f3stico a nivel de punteo y mandarlo a Jonny Heiss para distribuir m\u00e1s adelante el trabajo de generar nuevos contenidos. Agregar un Blog para permitir que los vecinos puedan dar opiniones y sugerencias.<\/li>\n\n\n\n<li>Reuni\u00f3n con familia Rojas: se efectu\u00f3 el 7 de junio, en un ambiente muy positivo. Pidieron que cuidemos a futuro de compartir con ellos cuando haya informaci\u00f3n relevante, antes de actuar. Respecto de la idea de instalar una lavadora, no se oponen. Quedamos de preparar una propuesta que describa c\u00f3mo operar\u00eda. OR ver\u00e1 capacidad de la instalaci\u00f3n el\u00e9ctrica de la porter\u00eda.<\/li>\n\n\n\n<li>Estatutos: pendiente.<\/li>\n\n\n\n<li>Inversi\u00f3n en fondo mutuo: pendiente<\/li>\n\n\n\n<li>Contrato OR: Hay un documento \u201cAcuerdo de servicios\u201d con lo que este tema est\u00e1 terminado.<\/li>\n\n\n\n<li>Morosos: JW contactar\u00e1 a los deudores de m\u00e1s de un a\u00f1o (son como 10). Uno ya pag\u00f3 entre la pen\u00faltima revisi\u00f3n y la \u00faltima. JH hizo un texto que OR mandar\u00e1 durante las pr\u00f3ximas semanas solo a los que corresponde.<\/li>\n\n\n\n<li>Fosas: pendiente<\/li>\n\n\n\n<li>Escombros voluminosos y cachureo: se hizo un viaje el 20 de junio. Se llen\u00f3 un cami\u00f3n. Acordamos hacerlo cada vez que se junten 4 o 5 vecinos interesados.<\/li>\n\n\n\n<li>Bomba de agua: ya se arregl\u00f3.<\/li>\n\n\n\n<li>Intercom: est\u00e1 instalado y funcionando. Falta el letrero (en proceso).<\/li>\n\n\n\n<li>Chip Entel: OR ya lo compr\u00f3. Se hizo una prueba preliminar. Pendiente.<\/li>\n\n\n\n<li>Proyecto de ruta al Barco: pendiente nueva reuni\u00f3n con vecino Crozier.<\/li>\n\n\n\n<li>Plaza ni\u00f1os: se habl\u00f3 de hacerlo en El Chagual (Los Rojas est\u00e1n de acuerdo). JH hablar\u00e1 con el equipo de la Plaza para hacer una propuesta. Tambi\u00e9n se habl\u00f3 de mejorar el tri\u00e1ngulo original con un dise\u00f1o paisaj\u00edstico (\u00e1rboles).<\/li>\n\n\n\n<li>Contribuciones: est\u00e1 en veremos que la Municipalidad empiece a cobrar el retiro de basura. Est\u00e1n retirando la basura los d\u00edas jueves.<\/li>\n\n\n\n<li>Flyer: JW mand\u00f3 un comunicado sobre manejo de la basura.<br>OR propone un comunicado para la PdG sobre problemas potenciales en invierno, sobre abastecimiento y restricci\u00f3n de veh\u00edculos grandes con la lluvia. Se aprueba mandarlo<\/li>\n\n\n\n<li>Caminos: se hizo una mini minga. Qued\u00f3 material para ponerlo donde se formen hoyos. Est\u00e1n pendientes los trabajos con la retroexcavadora chica, que se har\u00e1n en julio o agosto. Se gastaron aprox. $ 3.800.000 en los arreglos previos a las lluvias.<\/li>\n\n\n\n<li>Informe trimestral de finanzas: se public\u00f3 en la p\u00e1gina web.<\/li>\n\n\n\n<li>Terreno donde est\u00e1n los estanques: OR mand\u00f3 consulta a la DOM sobre la mantenci\u00f3n de \u00e1reas verdes. Se aprovech\u00f3 de consultar la instalaci\u00f3n de agua en ese terreno. No se ha recibido respuesta.<\/li>\n\n\n\n<li>Charla Carlos Vignolo: se envi\u00f3 una invitaci\u00f3n abierta a las 3 comunidades para el pr\u00f3ximo jueves 26 de junio a las 19 horas.<\/li>\n\n\n\n<li>Junta de vecinos del Tunqu\u00e9n: pendiente.<\/li>\n\n\n\n<li>Port\u00f3n de entrada: se va a pintar con anti\u00f3xido. Adem\u00e1s, se pintar\u00e1n los postes de los lectores QR. El costo de estos y otros arreglos menores son $200.000.-<\/li>\n\n\n\n<li>Inicio actividades: pendiente. (se necesitan los estatutos).<\/li>\n<\/ol>\n","protected":false},"excerpt":{"rendered":"<p>Asisten: Andr\u00e9s de la Sotta, Jurgen Weller, Oscar Riffo, Carolina Torrej\u00f3n, Jonny Heiss, Amalia Quiroz.<\/p>\n","protected":false},"author":2,"featured_media":0,"parent":0,"menu_order":0,"comment_status":"closed","ping_status":"closed","template":"","meta":{"_kad_post_transparent":"","_kad_post_title":"","_kad_post_layout":"","_kad_post_sidebar_id":"","_kad_post_content_style":"","_kad_post_vertical_padding":"","_kad_post_feature":"","_kad_post_feature_position":"","_kad_post_header":false,"_kad_post_footer":false,"_kad_post_classname":"","footnotes":""},"class_list":["post-1847","page","type-page","status-publish","hentry"],"_links":{"self":[{"href":"https:\/\/puntadelgallo.cl\/index.php\/wp-json\/wp\/v2\/pages\/1847","targetHints":{"allow":["GET"]}}],"collection":[{"href":"https:\/\/puntadelgallo.cl\/index.php\/wp-json\/wp\/v2\/pages"}],"about":[{"href":"https:\/\/puntadelgallo.cl\/index.php\/wp-json\/wp\/v2\/types\/page"}],"author":[{"embeddable":true,"href":"https:\/\/puntadelgallo.cl\/index.php\/wp-json\/wp\/v2\/users\/2"}],"replies":[{"embeddable":true,"href":"https:\/\/puntadelgallo.cl\/index.php\/wp-json\/wp\/v2\/comments?post=1847"}],"version-history":[{"count":1,"href":"https:\/\/puntadelgallo.cl\/index.php\/wp-json\/wp\/v2\/pages\/1847\/revisions"}],"predecessor-version":[{"id":1848,"href":"https:\/\/puntadelgallo.cl\/index.php\/wp-json\/wp\/v2\/pages\/1847\/revisions\/1848"}],"wp:attachment":[{"href":"https:\/\/puntadelgallo.cl\/index.php\/wp-json\/wp\/v2\/media?parent=1847"}],"curies":[{"name":"wp","href":"https:\/\/api.w.org\/{rel}","templated":true}]}}