{"id":1857,"date":"2025-07-21T13:05:26","date_gmt":"2025-07-21T17:05:26","guid":{"rendered":"https:\/\/puntadelgallo.cl\/?page_id=1857"},"modified":"2025-07-21T13:07:00","modified_gmt":"2025-07-21T17:07:00","slug":"vecinos-se-reunen-para-arreglar-caminos","status":"publish","type":"page","link":"https:\/\/puntadelgallo.cl\/index.php\/vecinos-se-reunen-para-arreglar-caminos\/","title":{"rendered":"Vecinos se re\u00fanen para arreglar caminos"},"content":{"rendered":"\n<p>El s\u00e1bado 19 de julio del 2025, un grupo de vecinas y vecinos de Punta del Gallo se junt\u00f3 para reparar algunos baches en caminos de nuestra comunidad que molestan, pueden causar desgaste a los veh\u00edculos y llegar a deterioros mayores. Como no requer\u00edan una intervenci\u00f3n mayor con maquinaria se solicit\u00f3 un equipo de vecinos voluntarios y tuvo muy buena acogida. <\/p>\n\n\n\n<p>El trabajo voluntario se llev\u00f3 a cabo con esp\u00edritu de amistad y comunidad y culmin\u00f3, como corresponde, en una celebraci\u00f3n con empanadas y vino.<\/p>\n\n\n\n<div class=\"wp-block-columns is-layout-flex wp-container-core-columns-is-layout-9d6595d7 wp-block-columns-is-layout-flex\">\n<div class=\"wp-block-column is-layout-flow wp-block-column-is-layout-flow\">\n<figure class=\"wp-block-image size-large\"><img loading=\"lazy\" decoding=\"async\" width=\"1024\" height=\"768\" src=\"https:\/\/puntadelgallo.cl\/wp-content\/uploads\/2025\/07\/Caminos-1-1024x768.jpg\" alt=\"\" class=\"wp-image-1858\" srcset=\"https:\/\/puntadelgallo.cl\/wp-content\/uploads\/2025\/07\/Caminos-1-1024x768.jpg 1024w, https:\/\/puntadelgallo.cl\/wp-content\/uploads\/2025\/07\/Caminos-1-300x225.jpg 300w, https:\/\/puntadelgallo.cl\/wp-content\/uploads\/2025\/07\/Caminos-1-768x576.jpg 768w, https:\/\/puntadelgallo.cl\/wp-content\/uploads\/2025\/07\/Caminos-1-1536x1152.jpg 1536w, https:\/\/puntadelgallo.cl\/wp-content\/uploads\/2025\/07\/Caminos-1-2048x1536.jpg 2048w\" sizes=\"auto, (max-width: 1024px) 100vw, 1024px\" \/><\/figure>\n<\/div>\n\n\n\n<div class=\"wp-block-column is-layout-flow wp-block-column-is-layout-flow\">\n<figure class=\"wp-block-image size-large\"><img loading=\"lazy\" decoding=\"async\" width=\"1024\" height=\"768\" src=\"https:\/\/puntadelgallo.cl\/wp-content\/uploads\/2025\/07\/Caminos-3-1024x768.jpg\" alt=\"\" class=\"wp-image-1859\" srcset=\"https:\/\/puntadelgallo.cl\/wp-content\/uploads\/2025\/07\/Caminos-3-1024x768.jpg 1024w, https:\/\/puntadelgallo.cl\/wp-content\/uploads\/2025\/07\/Caminos-3-300x225.jpg 300w, https:\/\/puntadelgallo.cl\/wp-content\/uploads\/2025\/07\/Caminos-3-768x576.jpg 768w, https:\/\/puntadelgallo.cl\/wp-content\/uploads\/2025\/07\/Caminos-3-1536x1152.jpg 1536w, https:\/\/puntadelgallo.cl\/wp-content\/uploads\/2025\/07\/Caminos-3.jpg 1600w\" sizes=\"auto, (max-width: 1024px) 100vw, 1024px\" \/><\/figure>\n<\/div>\n\n\n\n<div class=\"wp-block-column is-layout-flow wp-block-column-is-layout-flow\">\n<figure class=\"wp-block-image size-large\"><img loading=\"lazy\" decoding=\"async\" width=\"1024\" height=\"768\" src=\"https:\/\/puntadelgallo.cl\/wp-content\/uploads\/2025\/07\/Caminos-4-1024x768.jpg\" alt=\"\" class=\"wp-image-1860\" srcset=\"https:\/\/puntadelgallo.cl\/wp-content\/uploads\/2025\/07\/Caminos-4-1024x768.jpg 1024w, https:\/\/puntadelgallo.cl\/wp-content\/uploads\/2025\/07\/Caminos-4-300x225.jpg 300w, https:\/\/puntadelgallo.cl\/wp-content\/uploads\/2025\/07\/Caminos-4-768x576.jpg 768w, https:\/\/puntadelgallo.cl\/wp-content\/uploads\/2025\/07\/Caminos-4-1536x1152.jpg 1536w, https:\/\/puntadelgallo.cl\/wp-content\/uploads\/2025\/07\/Caminos-4.jpg 1600w\" sizes=\"auto, (max-width: 1024px) 100vw, 1024px\" \/><\/figure>\n<\/div>\n<\/div>\n","protected":false},"excerpt":{"rendered":"<p>El s\u00e1bado 19 de julio del 2025, un grupo de vecinas y vecinos de Punta del Gallo se junt\u00f3 para reparar algunos baches en caminos de nuestra comunidad que molestan, pueden causar desgaste a los veh\u00edculos y llegar a deterioros mayores. Como no requer\u00edan una intervenci\u00f3n mayor con maquinaria se solicit\u00f3 un equipo de vecinos&#8230;<\/p>\n","protected":false},"author":2,"featured_media":0,"parent":0,"menu_order":0,"comment_status":"closed","ping_status":"closed","template":"","meta":{"_kad_post_transparent":"","_kad_post_title":"","_kad_post_layout":"","_kad_post_sidebar_id":"","_kad_post_content_style":"","_kad_post_vertical_padding":"","_kad_post_feature":"","_kad_post_feature_position":"","_kad_post_header":false,"_kad_post_footer":false,"_kad_post_classname":"","footnotes":""},"class_list":["post-1857","page","type-page","status-publish","hentry"],"_links":{"self":[{"href":"https:\/\/puntadelgallo.cl\/index.php\/wp-json\/wp\/v2\/pages\/1857","targetHints":{"allow":["GET"]}}],"collection":[{"href":"https:\/\/puntadelgallo.cl\/index.php\/wp-json\/wp\/v2\/pages"}],"about":[{"href":"https:\/\/puntadelgallo.cl\/index.php\/wp-json\/wp\/v2\/types\/page"}],"author":[{"embeddable":true,"href":"https:\/\/puntadelgallo.cl\/index.php\/wp-json\/wp\/v2\/users\/2"}],"replies":[{"embeddable":true,"href":"https:\/\/puntadelgallo.cl\/index.php\/wp-json\/wp\/v2\/comments?post=1857"}],"version-history":[{"count":2,"href":"https:\/\/puntadelgallo.cl\/index.php\/wp-json\/wp\/v2\/pages\/1857\/revisions"}],"predecessor-version":[{"id":1863,"href":"https:\/\/puntadelgallo.cl\/index.php\/wp-json\/wp\/v2\/pages\/1857\/revisions\/1863"}],"wp:attachment":[{"href":"https:\/\/puntadelgallo.cl\/index.php\/wp-json\/wp\/v2\/media?parent=1857"}],"curies":[{"name":"wp","href":"https:\/\/api.w.org\/{rel}","templated":true}]}}

Vecinos se reúnen para arreglar caminos

<p>El sábado 19 de julio del 2025, un grupo de vecinas y vecinos de Punta del Gallo se juntó para reparar algunos baches en caminos de nuestra comunidad que molestan, pueden causar desgaste a los vehículos y llegar a deterioros mayores. Como no requerían una intervención mayor con maquinaria se solicitó un equipo de vecinos voluntarios y tuvo muy buena acogida. </p>



<p>El trabajo voluntario se llevó a cabo con espíritu de amistad y comunidad y culminó, como corresponde, en una celebración con empanadas y vino.</p>



<div class="wp-block-columns is-layout-flex wp-container-core-columns-is-layout-9d6595d7 wp-block-columns-is-layout-flex">
<div class="wp-block-column is-layout-flow wp-block-column-is-layout-flow">
<figure class="wp-block-image size-large"><img loading="lazy" decoding="async" width="1024" height="768" src="https://puntadelgallo.cl/wp-content/uploads/2025/07/Caminos-1-1024x768.jpg" alt="" class="wp-image-1858" srcset="https://puntadelgallo.cl/wp-content/uploads/2025/07/Caminos-1-1024x768.jpg 1024w, https://puntadelgallo.cl/wp-content/uploads/2025/07/Caminos-1-300x225.jpg 300w, https://puntadelgallo.cl/wp-content/uploads/2025/07/Caminos-1-768x576.jpg 768w, https://puntadelgallo.cl/wp-content/uploads/2025/07/Caminos-1-1536x1152.jpg 1536w, https://puntadelgallo.cl/wp-content/uploads/2025/07/Caminos-1-2048x1536.jpg 2048w" sizes="auto, (max-width: 1024px) 100vw, 1024px" /></figure>
</div>



<div class="wp-block-column is-layout-flow wp-block-column-is-layout-flow">
<figure class="wp-block-image size-large"><img loading="lazy" decoding="async" width="1024" height="768" src="https://puntadelgallo.cl/wp-content/uploads/2025/07/Caminos-3-1024x768.jpg" alt="" class="wp-image-1859" srcset="https://puntadelgallo.cl/wp-content/uploads/2025/07/Caminos-3-1024x768.jpg 1024w, https://puntadelgallo.cl/wp-content/uploads/2025/07/Caminos-3-300x225.jpg 300w, https://puntadelgallo.cl/wp-content/uploads/2025/07/Caminos-3-768x576.jpg 768w, https://puntadelgallo.cl/wp-content/uploads/2025/07/Caminos-3-1536x1152.jpg 1536w, https://puntadelgallo.cl/wp-content/uploads/2025/07/Caminos-3.jpg 1600w" sizes="auto, (max-width: 1024px) 100vw, 1024px" /></figure>
</div>



<div class="wp-block-column is-layout-flow wp-block-column-is-layout-flow">
<figure class="wp-block-image size-large"><img loading="lazy" decoding="async" width="1024" height="768" src="https://puntadelgallo.cl/wp-content/uploads/2025/07/Caminos-4-1024x768.jpg" alt="" class="wp-image-1860" srcset="https://puntadelgallo.cl/wp-content/uploads/2025/07/Caminos-4-1024x768.jpg 1024w, https://puntadelgallo.cl/wp-content/uploads/2025/07/Caminos-4-300x225.jpg 300w, https://puntadelgallo.cl/wp-content/uploads/2025/07/Caminos-4-768x576.jpg 768w, https://puntadelgallo.cl/wp-content/uploads/2025/07/Caminos-4-1536x1152.jpg 1536w, https://puntadelgallo.cl/wp-content/uploads/2025/07/Caminos-4.jpg 1600w" sizes="auto, (max-width: 1024px) 100vw, 1024px" /></figure>
</div>
</div>

<p>El sábado 19 de julio del 2025, un grupo de vecinas y vecinos de Punta del Gallo se juntó para reparar algunos baches en caminos de nuestra comunidad que molestan, pueden causar desgaste a los vehículos y llegar a deterioros mayores. Como no requerían una intervención mayor con maquinaria se solicitó un equipo de vecinos&#8230;</p>
