{"id":1873,"date":"2025-08-17T18:57:03","date_gmt":"2025-08-17T22:57:03","guid":{"rendered":"https:\/\/puntadelgallo.cl\/?page_id=1873"},"modified":"2025-08-17T18:57:03","modified_gmt":"2025-08-17T22:57:03","slug":"2025-07-31-minuta-reunion-directiva-ocf","status":"publish","type":"page","link":"https:\/\/puntadelgallo.cl\/index.php\/2025-07-31-minuta-reunion-directiva-ocf\/","title":{"rendered":"2025 07 31 Minuta reuni\u00f3n directiva OCF"},"content":{"rendered":"\n<p>Asisten: Andr\u00e9s de la Sotta, J\u00fcrgen Weller, Carolina Torrej\u00f3n, Jonny Heiss, Amalia Quiroz y Sonia Fuentealba.<\/p>\n\n\n\n<p>1)P\u00e1gina web: JH plantea que es posible armar un blog de distintas maneras: abierto (que cada interesado ponga un tema) o definir algunos temas. Se acuerda poner un par de temas que sabemos que son de inter\u00e9s para ordenar la conversaci\u00f3n y esperar para ver los resultados. La idea es partir con pocos, por ejemplo: Seguridad, Convivencia, Soluci\u00f3n de conflictos entre vecinos, Iniciativas de proyectos. <br>Respecto a la actualizaci\u00f3n del contenido, CT revisar\u00e1 lo avanzado hasta ahora y se coordinar\u00e1 con JW y JH para el seguimiento.<\/p>\n\n\n\n<p>2) Lavado de ropa: se acuerda hacer un comunicado indicando que la familia Rojas no estuvo de acuerdo con este proyecto (problemas e agua y consumo) por lo que no se va a poder instalar una lavadora y una secadora en porter\u00eda. Se acuerda actualizar la informaci\u00f3n de posibles proveedores en el sitio web e informar a la comunidad.<\/p>\n\n\n\n<p>3) Pintura porter\u00eda: se acord\u00f3 que la OCF pondr\u00e1 los materiales y la familia Rojas la mano de obra.<\/p>\n\n\n\n<p>4) Plaza: sector Chagual: OR hablar\u00e1 con vecinos.<\/p>\n\n\n\n<p>5) Zona estanques: DOM explic\u00f3 que el \u00e1rea es un bien p\u00fablico y en sus planos es un \u00e1rea verde. Nos invitan a hacer una propuesta. OR y JW fueron a verlo, sacaron fotos. Hay un generador grande entre las distintas cosas. Hay 4 casetas en mal estado. Se envi\u00f3 (OR + JW) una nueva carta a la DOM el 29\/7 explicando la situaci\u00f3n y proponiendo una reuni\u00f3n en terreno.<\/p>\n\n\n\n<p>6) Estatutos: OR los registr\u00f3 en la notar\u00eda, lo que permitir\u00eda hacer el inicio de actividades.<\/p>\n\n\n\n<p>7) Inversi\u00f3n en fondos mutuos: &nbsp;JW y AdS ya regularizaron la situaci\u00f3n en el banco. La pr\u00f3xima semana se har\u00e1 una primera inversi\u00f3n en un fondo mutuo de bajo riesgo.<\/p>\n\n\n\n<p>8) Morosos: JW le escribi\u00f3 a 7 vecinos que tienen deudas. A los que no est\u00e1n morosos pero no han pagado nada en el 2025 OR les va a escribir a mas tardar la pr\u00f3xima semana. Tambi\u00e9n hay vecinos que pagaron con la cuota del a\u00f1o anterior, as\u00ed que hay que cobrarles la diferencia.<\/p>\n\n\n\n<p>9) Fosas: se cierra el tema de la Muni y OR va a buscar un par de proveedores que hagan un buen precio por un paquete.<\/p>\n\n\n\n<p>10) Escombros voluminosos y cachureo: se har\u00e1 consulta a fines de agosto para un nuevo retiro.<\/p>\n\n\n\n<p>11) Bomba de agua de la porter\u00eda: se arregl\u00f3 la bomba. Fall\u00f3 el hidropack. Los Rojas se har\u00e1n cargo.<\/p>\n\n\n\n<p>12) Intercom en porter\u00eda: est\u00e1 instalado y funcionando. Falta plastificar e instalar el letrero<\/p>\n\n\n\n<p>13) Chip Entel: OR ya lo compr\u00f3. Se hizo una prueba preliminar y funciona bien. Se verificar\u00e1 si hay cambio o no de n\u00famero y si es necesario avisar a&nbsp; todos los vecinos.<\/p>\n\n\n\n<p>14) Proyecto de ruta al Barco: pendiente nueva reuni\u00f3n con vecino Crozier.<\/p>\n\n\n\n<p>15) Contribuciones: la Municipalidad va a mandar una ordenanza en la que aclarar\u00e1 sobre los cobros y el retiro de basura.<\/p>\n\n\n\n<p>16) Se mand\u00f3 un comunicado sobre precauciones en la \u00e9poca de invierno el 26\/6.<\/p>\n\n\n\n<p>17) Caminos: se hizo una minga con aprox. 10 personas y se public\u00f3 la noticia en la web. Qued\u00f3 material. Hay que esperar que pasen las lluvias.<\/p>\n\n\n\n<p>18) Charla Carlos Vignolo: se efectu\u00f3 el jueves 26 de junio sobre Capital Social. Un factor central es que haya un inter\u00e9s com\u00fan. Participaron CT y JW de la PdG.<\/p>\n\n\n\n<p>19) Junta de vecinos del Tunqu\u00e9n: pendiente por parte de CT y OR.<\/p>\n\n\n\n<p>20) Port\u00f3n de entrada: se pint\u00f3 con anti\u00f3xido y se pintaron los postes de los lectores QR. Hubo un corte de luz externo pero el sistema de back up no funcion\u00f3 as\u00ed que es necesario revisarlo.<\/p>\n\n\n\n<p>21) Carta a familia Rojas: se enviar\u00e1 una respuesta.<\/p>\n\n\n\n<p>22) JW comenta que en la p\u00e1gina web de Ana Alvarez se public\u00f3 que est\u00e1 a la venta el sitio junto a la bajada a la playa El Revolc\u00f3n. Eso indicar\u00eda que probablemente ah\u00ed no habr\u00eda futuros eventos como la filmaci\u00f3n de comerciales.<\/p>\n\n\n\n<p>23) En relaci\u00f3n con un vecino que se quej\u00f3 por el ruido de un generador, OR invit\u00f3 los vecinos involucrados a conversar y ponerse de acuerdo y les entreg\u00f3 los datos a los 2 vecinos para que se puedan comunicar.<\/p>\n","protected":false},"excerpt":{"rendered":"<p>Asisten: Andr\u00e9s de la Sotta, J\u00fcrgen Weller, Carolina Torrej\u00f3n, Jonny Heiss, Amalia Quiroz y Sonia Fuentealba. 1)P\u00e1gina web: JH plantea que es posible armar un blog de distintas maneras: abierto (que cada interesado ponga un tema) o definir algunos temas. Se acuerda poner un par de temas que sabemos que son de inter\u00e9s para ordenar&#8230;<\/p>\n","protected":false},"author":2,"featured_media":0,"parent":0,"menu_order":0,"comment_status":"closed","ping_status":"closed","template":"","meta":{"_kad_post_transparent":"","_kad_post_title":"","_kad_post_layout":"","_kad_post_sidebar_id":"","_kad_post_content_style":"","_kad_post_vertical_padding":"","_kad_post_feature":"","_kad_post_feature_position":"","_kad_post_header":false,"_kad_post_footer":false,"_kad_post_classname":"","footnotes":""},"class_list":["post-1873","page","type-page","status-publish","hentry"],"_links":{"self":[{"href":"https:\/\/puntadelgallo.cl\/index.php\/wp-json\/wp\/v2\/pages\/1873","targetHints":{"allow":["GET"]}}],"collection":[{"href":"https:\/\/puntadelgallo.cl\/index.php\/wp-json\/wp\/v2\/pages"}],"about":[{"href":"https:\/\/puntadelgallo.cl\/index.php\/wp-json\/wp\/v2\/types\/page"}],"author":[{"embeddable":true,"href":"https:\/\/puntadelgallo.cl\/index.php\/wp-json\/wp\/v2\/users\/2"}],"replies":[{"embeddable":true,"href":"https:\/\/puntadelgallo.cl\/index.php\/wp-json\/wp\/v2\/comments?post=1873"}],"version-history":[{"count":1,"href":"https:\/\/puntadelgallo.cl\/index.php\/wp-json\/wp\/v2\/pages\/1873\/revisions"}],"predecessor-version":[{"id":1874,"href":"https:\/\/puntadelgallo.cl\/index.php\/wp-json\/wp\/v2\/pages\/1873\/revisions\/1874"}],"wp:attachment":[{"href":"https:\/\/puntadelgallo.cl\/index.php\/wp-json\/wp\/v2\/media?parent=1873"}],"curies":[{"name":"wp","href":"https:\/\/api.w.org\/{rel}","templated":true}]}}

2025 07 31 Minuta reunión directiva OCF

<p>Asisten: Andrés de la Sotta, Jürgen Weller, Carolina Torrejón, Jonny Heiss, Amalia Quiroz y Sonia Fuentealba.</p>



<p>1)Página web: JH plantea que es posible armar un blog de distintas maneras: abierto (que cada interesado ponga un tema) o definir algunos temas. Se acuerda poner un par de temas que sabemos que son de interés para ordenar la conversación y esperar para ver los resultados. La idea es partir con pocos, por ejemplo: Seguridad, Convivencia, Solución de conflictos entre vecinos, Iniciativas de proyectos. <br>Respecto a la actualización del contenido, CT revisará lo avanzado hasta ahora y se coordinará con JW y JH para el seguimiento.</p>



<p>2) Lavado de ropa: se acuerda hacer un comunicado indicando que la familia Rojas no estuvo de acuerdo con este proyecto (problemas e agua y consumo) por lo que no se va a poder instalar una lavadora y una secadora en portería. Se acuerda actualizar la información de posibles proveedores en el sitio web e informar a la comunidad.</p>



<p>3) Pintura portería: se acordó que la OCF pondrá los materiales y la familia Rojas la mano de obra.</p>



<p>4) Plaza: sector Chagual: OR hablará con vecinos.</p>



<p>5) Zona estanques: DOM explicó que el área es un bien público y en sus planos es un área verde. Nos invitan a hacer una propuesta. OR y JW fueron a verlo, sacaron fotos. Hay un generador grande entre las distintas cosas. Hay 4 casetas en mal estado. Se envió (OR + JW) una nueva carta a la DOM el 29/7 explicando la situación y proponiendo una reunión en terreno.</p>



<p>6) Estatutos: OR los registró en la notaría, lo que permitiría hacer el inicio de actividades.</p>



<p>7) Inversión en fondos mutuos: &nbsp;JW y AdS ya regularizaron la situación en el banco. La próxima semana se hará una primera inversión en un fondo mutuo de bajo riesgo.</p>



<p>8) Morosos: JW le escribió a 7 vecinos que tienen deudas. A los que no están morosos pero no han pagado nada en el 2025 OR les va a escribir a mas tardar la próxima semana. También hay vecinos que pagaron con la cuota del año anterior, así que hay que cobrarles la diferencia.</p>



<p>9) Fosas: se cierra el tema de la Muni y OR va a buscar un par de proveedores que hagan un buen precio por un paquete.</p>



<p>10) Escombros voluminosos y cachureo: se hará consulta a fines de agosto para un nuevo retiro.</p>



<p>11) Bomba de agua de la portería: se arregló la bomba. Falló el hidropack. Los Rojas se harán cargo.</p>



<p>12) Intercom en portería: está instalado y funcionando. Falta plastificar e instalar el letrero</p>



<p>13) Chip Entel: OR ya lo compró. Se hizo una prueba preliminar y funciona bien. Se verificará si hay cambio o no de número y si es necesario avisar a&nbsp; todos los vecinos.</p>



<p>14) Proyecto de ruta al Barco: pendiente nueva reunión con vecino Crozier.</p>



<p>15) Contribuciones: la Municipalidad va a mandar una ordenanza en la que aclarará sobre los cobros y el retiro de basura.</p>



<p>16) Se mandó un comunicado sobre precauciones en la época de invierno el 26/6.</p>



<p>17) Caminos: se hizo una minga con aprox. 10 personas y se publicó la noticia en la web. Quedó material. Hay que esperar que pasen las lluvias.</p>



<p>18) Charla Carlos Vignolo: se efectuó el jueves 26 de junio sobre Capital Social. Un factor central es que haya un interés común. Participaron CT y JW de la PdG.</p>



<p>19) Junta de vecinos del Tunquén: pendiente por parte de CT y OR.</p>



<p>20) Portón de entrada: se pintó con antióxido y se pintaron los postes de los lectores QR. Hubo un corte de luz externo pero el sistema de back up no funcionó así que es necesario revisarlo.</p>



<p>21) Carta a familia Rojas: se enviará una respuesta.</p>



<p>22) JW comenta que en la página web de Ana Alvarez se publicó que está a la venta el sitio junto a la bajada a la playa El Revolcón. Eso indicaría que probablemente ahí no habría futuros eventos como la filmación de comerciales.</p>



<p>23) En relación con un vecino que se quejó por el ruido de un generador, OR invitó los vecinos involucrados a conversar y ponerse de acuerdo y les entregó los datos a los 2 vecinos para que se puedan comunicar.</p>

<p>Asisten: Andrés de la Sotta, Jürgen Weller, Carolina Torrejón, Jonny Heiss, Amalia Quiroz y Sonia Fuentealba. 1)Página web: JH plantea que es posible armar un blog de distintas maneras: abierto (que cada interesado ponga un tema) o definir algunos temas. Se acuerda poner un par de temas que sabemos que son de interés para ordenar&#8230;</p>
