{"id":1981,"date":"2025-11-16T21:40:04","date_gmt":"2025-11-17T01:40:04","guid":{"rendered":"https:\/\/puntadelgallo.cl\/?page_id=1981"},"modified":"2025-11-16T21:40:04","modified_gmt":"2025-11-17T01:40:04","slug":"2025-11-04-minuta-reunion-directiva-ocf","status":"publish","type":"page","link":"https:\/\/puntadelgallo.cl\/index.php\/2025-11-04-minuta-reunion-directiva-ocf\/","title":{"rendered":"2025 11 04 Minuta reuni\u00f3n directiva OCF"},"content":{"rendered":"\n<p>Asisten: Andr\u00e9s de la Sotta, J\u00fcrgen Weller, Carolina Torrej\u00f3n, Jonny Heiss, Oscar Riffo.<\/p>\n\n\n\n<ol class=\"wp-block-list\">\n<li>OR habl\u00f3 con Alfredo Rojas para que autorice el acceso al camino que va hacia la cantera. Adem\u00e1s hay que retomar la conversaci\u00f3n para abrir el paso del curso del agua hacia la quebrada. Quedaron de ir a revisar la situaci\u00f3n en terreno.<\/li>\n\n\n\n<li>P\u00e1gina web: se recibieron comentarios de JW y AdS los que fueron incorporados. Queda pendiente comentarios de CT sobre \u201cQuienes somos\u201d. El Blog esta operativo.<\/li>\n\n\n\n<li>Plaza: OR y JW fueron a revisar el lugar. El Molle se ve como m\u00e1s factible, como una primera etapa. OR consult\u00f3 a la familia Rojas para usarlo y dijeron que no tienen inconvenientes, aunque hay que preguntar a los vecinos. JW les consult\u00f3 y lo rechazaron. Se debate largamente los pro y contras. La oposici\u00f3n de los vecinos colindantes no deja de ser un problema serio. Se propone hacer una reuni\u00f3n extraordinaria en unas dos semanas con solo este tema para ver como seguimos, si seguimos, incluyendo al grupo de la Plaza. Se propone el martes 18 \/11 a las 19:30 por ZOOM y JW invitar\u00e1 al grupo Plaza.<\/li>\n\n\n\n<li>Zona estanques: OR pas\u00f3 a la DOM 2 veces y quedaron de conversar con el jefe de la DOM. Sigue pendiente. Se acuerda pedir reuni\u00f3n formal con el director de la DOM.<\/li>\n\n\n\n<li>Inicio de actividades: sigue pendiente hasta que tengamos la escritura p\u00fablica.<\/li>\n\n\n\n<li>Inversi\u00f3n en fondos mutuos: AdS firm\u00f3 mandato el 15\/10 y a\u00fan no est\u00e1 habilitado.<\/li>\n\n\n\n<li>Morosos: OR enviar\u00e1 texto a JW para luego mandarlo.<\/li>\n\n\n\n<li>Fosas: OR habl\u00f3 con 4 proveedores y los precios subieron. Podr\u00eda haber descuentos del orden de bajar de $ 150.000 y $130.000 por un grupo. OR va a verificar un presupuesto especifico.<\/li>\n\n\n\n<li>Escombros voluminosos y cachureo: no hubo cu\u00f3rum para hacer un viaje. Se har\u00e1 otro anuncio a fines de noviembre.<\/li>\n\n\n\n<li>Chip Entel: falta eliminar el n\u00famero de Movistar y hacer la portabilidad al nuevo chip de ENTEL con un plan. Fall\u00f3 la identificaci\u00f3n biom\u00e9trica de JW y hay que hacerlo de nuevo.<\/li>\n\n\n\n<li>Proyecto de ruta al Barco: pendiente nueva reuni\u00f3n de AdS con vecino Crozier. Hablar con Patricio Casanueva.<\/li>\n\n\n\n<li>Contribuciones: la Municipalidad va a mandar una ordenanza en la que aclarar\u00e1 sobre los cobros y el retiro de basura. No hay avance.<\/li>\n\n\n\n<li>Junta de vecinos del Tunqu\u00e9n: pendiente por parte de CT y OR. Hay un nuevo chat de las directivas.<\/li>\n\n\n\n<li>Hubo un incidente de robo frente a porter\u00eda y en la playa grande.<\/li>\n\n\n\n<li>Sistema de backup del port\u00f3n: Giovanni pidi\u00f3 una cotizaci\u00f3n por las bater\u00edas. Pendiente.<\/li>\n\n\n\n<li>JW prepar\u00f3 un informe de actividades que se envi\u00f3 a todos los vecinos.<\/li>\n\n\n\n<li>Caminos: se suavizaron los lomos de toro. Se han gastado aprox. $ 8,3 MM en caminos en el a\u00f1o. \u00a0Hay arreglos en el camino que no se sabe qui\u00e9nes los hicieron. Fue sin autorizaci\u00f3n de la directiva. OR averiguar\u00e1 con los vecinos. Falta arreglar el Vado. Hay material (maicillo) donado por una vecina.<\/li>\n\n\n\n<li>Porter\u00eda: OR buscar\u00e1 un texto (correo con Ver\u00f3nica) del acuerdo que se hizo originalmente en la Boca.<\/li>\n\n\n\n<li>Poda de pinos en acceso de bajadas: ocupan parte importante de los estacionamientos. En la bajada a El Revolc\u00f3n el vecino \u00c1lvaro Garc\u00eda pod\u00f3 los \u00e1rboles. Falta hacerlo junto a la casa de Oscar Mu\u00f1oz.<\/li>\n\n\n\n<li>Botiqu\u00edn porter\u00eda: se hizo la revisi\u00f3n y falta comprar los medicamentos para reemplazar a los vencidos.<\/li>\n\n\n\n<li>Aplicaci\u00f3n DAPTA: JH comenta que ha tenido serios problemas en las \u00faltimas semanas. Ver\u00e1 con OR forma de resolverlo.<\/li>\n\n\n\n<li>Perros: JW comenta que hay quejas de que la gente no est\u00e1 cumpliendo con mantener los perros amarrados. CT propone mandar un volante. CT lo va a preparar.<\/li>\n<\/ol>\n","protected":false},"excerpt":{"rendered":"<p>Asisten: Andr\u00e9s de la Sotta, J\u00fcrgen Weller, Carolina Torrej\u00f3n, Jonny Heiss, Oscar Riffo.<\/p>\n","protected":false},"author":2,"featured_media":0,"parent":0,"menu_order":0,"comment_status":"closed","ping_status":"closed","template":"","meta":{"_kad_post_transparent":"","_kad_post_title":"","_kad_post_layout":"","_kad_post_sidebar_id":"","_kad_post_content_style":"","_kad_post_vertical_padding":"","_kad_post_feature":"","_kad_post_feature_position":"","_kad_post_header":false,"_kad_post_footer":false,"_kad_post_classname":"","footnotes":""},"class_list":["post-1981","page","type-page","status-publish","hentry"],"_links":{"self":[{"href":"https:\/\/puntadelgallo.cl\/index.php\/wp-json\/wp\/v2\/pages\/1981","targetHints":{"allow":["GET"]}}],"collection":[{"href":"https:\/\/puntadelgallo.cl\/index.php\/wp-json\/wp\/v2\/pages"}],"about":[{"href":"https:\/\/puntadelgallo.cl\/index.php\/wp-json\/wp\/v2\/types\/page"}],"author":[{"embeddable":true,"href":"https:\/\/puntadelgallo.cl\/index.php\/wp-json\/wp\/v2\/users\/2"}],"replies":[{"embeddable":true,"href":"https:\/\/puntadelgallo.cl\/index.php\/wp-json\/wp\/v2\/comments?post=1981"}],"version-history":[{"count":1,"href":"https:\/\/puntadelgallo.cl\/index.php\/wp-json\/wp\/v2\/pages\/1981\/revisions"}],"predecessor-version":[{"id":1982,"href":"https:\/\/puntadelgallo.cl\/index.php\/wp-json\/wp\/v2\/pages\/1981\/revisions\/1982"}],"wp:attachment":[{"href":"https:\/\/puntadelgallo.cl\/index.php\/wp-json\/wp\/v2\/media?parent=1981"}],"curies":[{"name":"wp","href":"https:\/\/api.w.org\/{rel}","templated":true}]}}

2025 11 04 Minuta reunión directiva OCF

<p>Asisten: Andrés de la Sotta, Jürgen Weller, Carolina Torrejón, Jonny Heiss, Oscar Riffo.</p>



<ol class="wp-block-list">
<li>OR habló con Alfredo Rojas para que autorice el acceso al camino que va hacia la cantera. Además hay que retomar la conversación para abrir el paso del curso del agua hacia la quebrada. Quedaron de ir a revisar la situación en terreno.</li>



<li>Página web: se recibieron comentarios de JW y AdS los que fueron incorporados. Queda pendiente comentarios de CT sobre “Quienes somos”. El Blog esta operativo.</li>



<li>Plaza: OR y JW fueron a revisar el lugar. El Molle se ve como más factible, como una primera etapa. OR consultó a la familia Rojas para usarlo y dijeron que no tienen inconvenientes, aunque hay que preguntar a los vecinos. JW les consultó y lo rechazaron. Se debate largamente los pro y contras. La oposición de los vecinos colindantes no deja de ser un problema serio. Se propone hacer una reunión extraordinaria en unas dos semanas con solo este tema para ver como seguimos, si seguimos, incluyendo al grupo de la Plaza. Se propone el martes 18 /11 a las 19:30 por ZOOM y JW invitará al grupo Plaza.</li>



<li>Zona estanques: OR pasó a la DOM 2 veces y quedaron de conversar con el jefe de la DOM. Sigue pendiente. Se acuerda pedir reunión formal con el director de la DOM.</li>



<li>Inicio de actividades: sigue pendiente hasta que tengamos la escritura pública.</li>



<li>Inversión en fondos mutuos: AdS firmó mandato el 15/10 y aún no está habilitado.</li>



<li>Morosos: OR enviará texto a JW para luego mandarlo.</li>



<li>Fosas: OR habló con 4 proveedores y los precios subieron. Podría haber descuentos del orden de bajar de $ 150.000 y $130.000 por un grupo. OR va a verificar un presupuesto especifico.</li>



<li>Escombros voluminosos y cachureo: no hubo cuórum para hacer un viaje. Se hará otro anuncio a fines de noviembre.</li>



<li>Chip Entel: falta eliminar el número de Movistar y hacer la portabilidad al nuevo chip de ENTEL con un plan. Falló la identificación biométrica de JW y hay que hacerlo de nuevo.</li>



<li>Proyecto de ruta al Barco: pendiente nueva reunión de AdS con vecino Crozier. Hablar con Patricio Casanueva.</li>



<li>Contribuciones: la Municipalidad va a mandar una ordenanza en la que aclarará sobre los cobros y el retiro de basura. No hay avance.</li>



<li>Junta de vecinos del Tunquén: pendiente por parte de CT y OR. Hay un nuevo chat de las directivas.</li>



<li>Hubo un incidente de robo frente a portería y en la playa grande.</li>



<li>Sistema de backup del portón: Giovanni pidió una cotización por las baterías. Pendiente.</li>



<li>JW preparó un informe de actividades que se envió a todos los vecinos.</li>



<li>Caminos: se suavizaron los lomos de toro. Se han gastado aprox. $ 8,3 MM en caminos en el año.  Hay arreglos en el camino que no se sabe quiénes los hicieron. Fue sin autorización de la directiva. OR averiguará con los vecinos. Falta arreglar el Vado. Hay material (maicillo) donado por una vecina.</li>



<li>Portería: OR buscará un texto (correo con Verónica) del acuerdo que se hizo originalmente en la Boca.</li>



<li>Poda de pinos en acceso de bajadas: ocupan parte importante de los estacionamientos. En la bajada a El Revolcón el vecino Álvaro García podó los árboles. Falta hacerlo junto a la casa de Oscar Muñoz.</li>



<li>Botiquín portería: se hizo la revisión y falta comprar los medicamentos para reemplazar a los vencidos.</li>



<li>Aplicación DAPTA: JH comenta que ha tenido serios problemas en las últimas semanas. Verá con OR forma de resolverlo.</li>



<li>Perros: JW comenta que hay quejas de que la gente no está cumpliendo con mantener los perros amarrados. CT propone mandar un volante. CT lo va a preparar.</li>
</ol>

<p>Asisten: Andrés de la Sotta, Jürgen Weller, Carolina Torrejón, Jonny Heiss, Oscar Riffo.</p>
