{"id":1997,"date":"2026-01-06T17:25:51","date_gmt":"2026-01-06T21:25:51","guid":{"rendered":"https:\/\/puntadelgallo.cl\/?page_id=1997"},"modified":"2026-01-06T17:25:51","modified_gmt":"2026-01-06T21:25:51","slug":"2025-12-23-minuta-reunion-directiva-ocf","status":"publish","type":"page","link":"https:\/\/puntadelgallo.cl\/index.php\/2025-12-23-minuta-reunion-directiva-ocf\/","title":{"rendered":"2025 12 23 Minuta reuni\u00f3n directiva OCF"},"content":{"rendered":"\n<p>Asisten: Sonia Fuentealba, Jonny Heiss, Amalia Quiroz, Andr\u00e9s de la Sotta, Carolina Torrej\u00f3n, J\u00fcrgen Weller.<\/p>\n\n\n\n<ol class=\"wp-block-list\">\n<li>Despu\u00e9s de haber recibido el visto bueno de Alfredo Rojas para la posible construcci\u00f3n de una plaza de juegos en un posible sitio OR ha contactado a la familia Rojas por correo electr\u00f3nico para recibir el acuerdo de los otros miembros de la familia, pero todav\u00eda no ha recibido respuesta. Tambi\u00e9n queda pendiente la apertura del paso del curso del agua hacia la quebrada, para lo cual OR se comunicar\u00e1 nuevamente con Alfredo Rojas.<\/li>\n\n\n\n<li>P\u00e1gina web: Quedan pendiente las modificaciones que propondr\u00e1 CT para el rubro \u201cQuienes somos\u201d.<\/li>\n\n\n\n<li>Zona estanques: OR y JW se reunieron con el director de la DOM de Casablanca. El director se\u00f1al\u00f3 que la Municipalidad est\u00e1 a cargo del terreno identificado como \u00e1rea verde, pero no de las instalaciones y no las tocar\u00e1. Como estas instalaciones fueron una condici\u00f3n para que fuera aprobada la urbanizaci\u00f3n correspondiente, el Director se comprometi\u00f3 a consultar a la SEREMI de Salud, para saber si se puede retirar estas instalaciones.<\/li>\n\n\n\n<li>Inicio de actividades: JH present\u00f3 las condiciones e implicaciones de un \u201cinicio de actividades\u201d y consultar\u00e1 a un abogado para aclarar dudas restantes.<\/li>\n\n\n\n<li>Inversi\u00f3n en fondos mutuos: AdlS inform\u00f3 que, despu\u00e9s de largos tr\u00e1mites, finalmente se pudo hacer una inversi\u00f3n de 5 millones de pesos en un instrumento de bajo riesgo.<\/li>\n\n\n\n<li>Morosos: OR enviar\u00e1 el mensaje a vecinos morosos, durante esta semana, antes de la llegada de la nueva boleta.<\/li>\n\n\n\n<li>Fosas: Queda pendiente organizar un servicio coordinado. OR sugiere hacerlo despu\u00e9s de las vacaciones de verano.<\/li>\n\n\n\n<li>Escombros voluminosos y cachureo: Hubo que cancelar el retiro programado para el 20\/12. Se intentar\u00e1 hacer para el s\u00e1bado 17 de enero. Es necesario que OR est\u00e9 en la operaci\u00f3n, debido a la que Benavides no ubica las parcelas. \u00a0<\/li>\n\n\n\n<li>Proyecto de ruta al Barco: Queda pendiente que AdlS hable con la familia Rojas, dado que este sendero pasar\u00eda, en parte, por su terreno<\/li>\n\n\n\n<li>Contribuciones: No hay novedades respecto a la anunciada ordenanza de la Municipalidad sobre los cobros para el retiro de basura.<\/li>\n\n\n\n<li>Control de incendios: OR constat\u00f3 que, como el a\u00f1o pasado, las diferentes organizaciones y vecinos de la zona est\u00e1n contratando un motorista que circular\u00eda en la zona para informar de incidentes, incendios etc. y ofrecer\u00eda ayuda en caso de que se requiera. Igual que durante el verano pasado, la OCF Punta del Gallo contribuir\u00e1 al financiamiento de esta actividad.<\/li>\n\n\n\n<li>Sistema de backup del port\u00f3n: OR retir\u00f3 la nueva bater\u00eda que ya est\u00e1 en porter\u00eda y Giovanni Sanguedolce la instalar\u00e1.<\/li>\n\n\n\n<li>Caminos: OR est\u00e1 dando seguimiento al arreglo de los lomos de toro reci\u00e9n instalados, sobre todo para el manejo de las aguas lluvias, que fueron intervenidos recientemente en el contexto de una nueva construcci\u00f3n, as\u00ed como la necesidad y la disponibilidad de recursos para el arreglo del camino del Vado. \u2013 El camino hacia al norte (direcci\u00f3n al sitio de Andrew Crozier) est\u00e1, en parte, invadido por vegetaci\u00f3n (entre la vereda y el camino mismo). El presupuesto para la limpieza del camino que va hacia Andrew Crozier es de $110.000<\/li>\n\n\n\n<li>Botiqu\u00edn porter\u00eda: OR compr\u00f3 la mayor parte de los medicamentos que reemplazan a los vencidos. Falta reemplazar a unos pocos m\u00e1s, y despu\u00e9s OR informar\u00e1 a la comunidad de este botiqu\u00edn y su contenido.<\/li>\n\n\n\n<li>Perros: OR dise\u00f1\u00f3 un volante sobre el manejo responsable de perros en PdG, basado en la propuesta de CT. Despu\u00e9s de alguna modificaci\u00f3n se repartir\u00e1 entre vecinos y arrendatarios.<\/li>\n\n\n\n<li>Se arregl\u00f3 el Sendero del Sol que estaba est\u00e1 en mal estado. Tambi\u00e9n se limpi\u00f3 al Sendero del Silencio que hab\u00eda sido invadido por docas.<\/li>\n\n\n\n<li>Se aprob\u00f3 la propuesta de Cecilia Contador para plantar unos \u00e1rboles y un sistema de riego en el tri\u00e1ngulo entre los caminos El Boldo, El Vado, El Mait\u00e9n. Se pide que el tanque de agua que se instalar\u00e1 para el riego se tape con triage y plantas.<\/li>\n\n\n\n<li>OR propone instalar un banco al inicio de la bajada a Las Rocas. Hay un banco disponible. OR consult\u00f3 a la familia Rojas (due\u00f1a del terreno) por su visto bueno para este proyecto, quedando la respuesta todav\u00eda pendiente.<\/li>\n\n\n\n<li>En vista de la experiencia de La Boca una vecina propuso que se estableciera un acuerdo voluntario seg\u00fan el cual nuevos proyectos de construcci\u00f3n sean visados por la directiva. Se considera que este procedimiento no ser\u00eda practicable. \u00a0<\/li>\n\n\n\n<li>JW contactar\u00e1 a la administradora de La Boca por lo recientes problemas de acceso a dicho loteo.<\/li>\n\n\n\n<li>CT propone la realizaci\u00f3n de una minga para limpiar la playa, sobre todo (en coordinaci\u00f3n con la OCF del Rosario) en el Revolc\u00f3n. Para ello, JW contactar\u00e1 a la OCF del Rosario.<\/li>\n\n\n\n<li>La pr\u00f3xima asamblea se realizar\u00e1 el 21 de febrero de 2026 en el sitio B2. OR informar\u00e1 a la comunidad.<\/li>\n<\/ol>\n","protected":false},"excerpt":{"rendered":"<p>Asisten: Sonia Fuentealba, Jonny Heiss, Amalia Quiroz, Andr\u00e9s de la Sotta, Carolina Torrej\u00f3n, J\u00fcrgen Weller.<\/p>\n","protected":false},"author":2,"featured_media":0,"parent":0,"menu_order":0,"comment_status":"closed","ping_status":"closed","template":"","meta":{"_kad_post_transparent":"","_kad_post_title":"","_kad_post_layout":"","_kad_post_sidebar_id":"","_kad_post_content_style":"","_kad_post_vertical_padding":"","_kad_post_feature":"","_kad_post_feature_position":"","_kad_post_header":false,"_kad_post_footer":false,"_kad_post_classname":"","footnotes":""},"class_list":["post-1997","page","type-page","status-publish","hentry"],"_links":{"self":[{"href":"https:\/\/puntadelgallo.cl\/index.php\/wp-json\/wp\/v2\/pages\/1997","targetHints":{"allow":["GET"]}}],"collection":[{"href":"https:\/\/puntadelgallo.cl\/index.php\/wp-json\/wp\/v2\/pages"}],"about":[{"href":"https:\/\/puntadelgallo.cl\/index.php\/wp-json\/wp\/v2\/types\/page"}],"author":[{"embeddable":true,"href":"https:\/\/puntadelgallo.cl\/index.php\/wp-json\/wp\/v2\/users\/2"}],"replies":[{"embeddable":true,"href":"https:\/\/puntadelgallo.cl\/index.php\/wp-json\/wp\/v2\/comments?post=1997"}],"version-history":[{"count":1,"href":"https:\/\/puntadelgallo.cl\/index.php\/wp-json\/wp\/v2\/pages\/1997\/revisions"}],"predecessor-version":[{"id":1998,"href":"https:\/\/puntadelgallo.cl\/index.php\/wp-json\/wp\/v2\/pages\/1997\/revisions\/1998"}],"wp:attachment":[{"href":"https:\/\/puntadelgallo.cl\/index.php\/wp-json\/wp\/v2\/media?parent=1997"}],"curies":[{"name":"wp","href":"https:\/\/api.w.org\/{rel}","templated":true}]}}

2025 12 23 Minuta reunión directiva OCF

<p>Asisten: Sonia Fuentealba, Jonny Heiss, Amalia Quiroz, Andrés de la Sotta, Carolina Torrejón, Jürgen Weller.</p>



<ol class="wp-block-list">
<li>Después de haber recibido el visto bueno de Alfredo Rojas para la posible construcción de una plaza de juegos en un posible sitio OR ha contactado a la familia Rojas por correo electrónico para recibir el acuerdo de los otros miembros de la familia, pero todavía no ha recibido respuesta. También queda pendiente la apertura del paso del curso del agua hacia la quebrada, para lo cual OR se comunicará nuevamente con Alfredo Rojas.</li>



<li>Página web: Quedan pendiente las modificaciones que propondrá CT para el rubro “Quienes somos”.</li>



<li>Zona estanques: OR y JW se reunieron con el director de la DOM de Casablanca. El director señaló que la Municipalidad está a cargo del terreno identificado como área verde, pero no de las instalaciones y no las tocará. Como estas instalaciones fueron una condición para que fuera aprobada la urbanización correspondiente, el Director se comprometió a consultar a la SEREMI de Salud, para saber si se puede retirar estas instalaciones.</li>



<li>Inicio de actividades: JH presentó las condiciones e implicaciones de un “inicio de actividades” y consultará a un abogado para aclarar dudas restantes.</li>



<li>Inversión en fondos mutuos: AdlS informó que, después de largos trámites, finalmente se pudo hacer una inversión de 5 millones de pesos en un instrumento de bajo riesgo.</li>



<li>Morosos: OR enviará el mensaje a vecinos morosos, durante esta semana, antes de la llegada de la nueva boleta.</li>



<li>Fosas: Queda pendiente organizar un servicio coordinado. OR sugiere hacerlo después de las vacaciones de verano.</li>



<li>Escombros voluminosos y cachureo: Hubo que cancelar el retiro programado para el 20/12. Se intentará hacer para el sábado 17 de enero. Es necesario que OR esté en la operación, debido a la que Benavides no ubica las parcelas.  </li>



<li>Proyecto de ruta al Barco: Queda pendiente que AdlS hable con la familia Rojas, dado que este sendero pasaría, en parte, por su terreno</li>



<li>Contribuciones: No hay novedades respecto a la anunciada ordenanza de la Municipalidad sobre los cobros para el retiro de basura.</li>



<li>Control de incendios: OR constató que, como el año pasado, las diferentes organizaciones y vecinos de la zona están contratando un motorista que circularía en la zona para informar de incidentes, incendios etc. y ofrecería ayuda en caso de que se requiera. Igual que durante el verano pasado, la OCF Punta del Gallo contribuirá al financiamiento de esta actividad.</li>



<li>Sistema de backup del portón: OR retiró la nueva batería que ya está en portería y Giovanni Sanguedolce la instalará.</li>



<li>Caminos: OR está dando seguimiento al arreglo de los lomos de toro recién instalados, sobre todo para el manejo de las aguas lluvias, que fueron intervenidos recientemente en el contexto de una nueva construcción, así como la necesidad y la disponibilidad de recursos para el arreglo del camino del Vado. – El camino hacia al norte (dirección al sitio de Andrew Crozier) está, en parte, invadido por vegetación (entre la vereda y el camino mismo). El presupuesto para la limpieza del camino que va hacia Andrew Crozier es de $110.000</li>



<li>Botiquín portería: OR compró la mayor parte de los medicamentos que reemplazan a los vencidos. Falta reemplazar a unos pocos más, y después OR informará a la comunidad de este botiquín y su contenido.</li>



<li>Perros: OR diseñó un volante sobre el manejo responsable de perros en PdG, basado en la propuesta de CT. Después de alguna modificación se repartirá entre vecinos y arrendatarios.</li>



<li>Se arregló el Sendero del Sol que estaba está en mal estado. También se limpió al Sendero del Silencio que había sido invadido por docas.</li>



<li>Se aprobó la propuesta de Cecilia Contador para plantar unos árboles y un sistema de riego en el triángulo entre los caminos El Boldo, El Vado, El Maitén. Se pide que el tanque de agua que se instalará para el riego se tape con triage y plantas.</li>



<li>OR propone instalar un banco al inicio de la bajada a Las Rocas. Hay un banco disponible. OR consultó a la familia Rojas (dueña del terreno) por su visto bueno para este proyecto, quedando la respuesta todavía pendiente.</li>



<li>En vista de la experiencia de La Boca una vecina propuso que se estableciera un acuerdo voluntario según el cual nuevos proyectos de construcción sean visados por la directiva. Se considera que este procedimiento no sería practicable.  </li>



<li>JW contactará a la administradora de La Boca por lo recientes problemas de acceso a dicho loteo.</li>



<li>CT propone la realización de una minga para limpiar la playa, sobre todo (en coordinación con la OCF del Rosario) en el Revolcón. Para ello, JW contactará a la OCF del Rosario.</li>



<li>La próxima asamblea se realizará el 21 de febrero de 2026 en el sitio B2. OR informará a la comunidad.</li>
</ol>

<p>Asisten: Sonia Fuentealba, Jonny Heiss, Amalia Quiroz, Andrés de la Sotta, Carolina Torrejón, Jürgen Weller.</p>
