{"id":2063,"date":"2026-02-06T17:59:03","date_gmt":"2026-02-06T21:59:03","guid":{"rendered":"https:\/\/puntadelgallo.cl\/?page_id=2063"},"modified":"2026-02-06T18:31:20","modified_gmt":"2026-02-06T22:31:20","slug":"comunicaciones","status":"publish","type":"page","link":"https:\/\/puntadelgallo.cl\/index.php\/comunicaciones\/","title":{"rendered":"Comunicaciones"},"content":{"rendered":"\n<p>Para la <strong>OCF Punta del Gallo<\/strong>, la comunicaci\u00f3n fluida de la Directiva con nuestros socios es uno de los pilares fundamentales de nuestra gesti\u00f3n. Mantener este v\u00ednculo activo permite alinear esfuerzos y trabajar con transparencia en beneficio de toda nuestra comunidad.<\/p>\n\n\n\n<p>Por una parte tenemos el BLOG de la comunidad, en la que cada socio puede hacer llegar sus inquietudes. El acceso est\u00e1 en la p\u00e1gina inicial de nuestro sitio Web.<\/p>\n\n\n\n<p>Para informar a los socios hemos desarrollado 3 canales: Noticias, Boletines y Flyers (volantes)<\/p>\n\n\n\n<p>A continuaci\u00f3n est\u00e1 el link para entrar a cada uno de ellos.<\/p>\n\n\n\n<div class=\"wp-block-columns is-layout-flex wp-container-core-columns-is-layout-9d6595d7 wp-block-columns-is-layout-flex\">\n<div class=\"wp-block-column is-layout-flow wp-block-column-is-layout-flow\"><style>.wp-block-kadence-advancedbtn.kb-btns2063_a6e290-27{gap:var(--global-kb-gap-xs, 0.5rem );justify-content:center;align-items:center;}.kt-btns2063_a6e290-27 .kt-button{font-weight:normal;font-style:normal;}.kt-btns2063_a6e290-27 .kt-btn-wrap-0{margin-right:5px;}.wp-block-kadence-advancedbtn.kt-btns2063_a6e290-27 .kt-btn-wrap-0 .kt-button{color:#555555;border-color:#555555;}.wp-block-kadence-advancedbtn.kt-btns2063_a6e290-27 .kt-btn-wrap-0 .kt-button:hover, .wp-block-kadence-advancedbtn.kt-btns2063_a6e290-27 .kt-btn-wrap-0 .kt-button:focus{color:#ffffff;border-color:#444444;}.wp-block-kadence-advancedbtn.kt-btns2063_a6e290-27 .kt-btn-wrap-0 .kt-button::before{display:none;}.wp-block-kadence-advancedbtn.kt-btns2063_a6e290-27 .kt-btn-wrap-0 .kt-button:hover, .wp-block-kadence-advancedbtn.kt-btns2063_a6e290-27 .kt-btn-wrap-0 .kt-button:focus{background:#444444;}<\/style>\n<div class=\"wp-block-kadence-advancedbtn kb-buttons-wrap kb-btns2063_a6e290-27\"><style>ul.menu .wp-block-kadence-advancedbtn .kb-btn2063_c0ef39-91.kb-button{width:initial;}<\/style><a class=\"kb-button kt-button button kb-btn2063_c0ef39-91 kt-btn-size-standard kt-btn-width-type-auto kb-btn-global-fill  kt-btn-has-text-true kt-btn-has-svg-false  wp-block-kadence-singlebtn\" href=\"https:\/\/puntadelgallo.cl\/index.php\/noticias\/\"><span class=\"kt-btn-inner-text\">Noticias<\/span><\/a><\/div>\n<\/div>\n\n\n\n<div class=\"wp-block-column is-layout-flow wp-block-column-is-layout-flow\"><style>.wp-block-kadence-advancedbtn.kb-btns2063_cf99ab-a3{gap:var(--global-kb-gap-xs, 0.5rem );justify-content:center;align-items:center;}.kt-btns2063_cf99ab-a3 .kt-button{font-weight:normal;font-style:normal;}.kt-btns2063_cf99ab-a3 .kt-btn-wrap-0{margin-right:5px;}.wp-block-kadence-advancedbtn.kt-btns2063_cf99ab-a3 .kt-btn-wrap-0 .kt-button{color:#555555;border-color:#555555;}.wp-block-kadence-advancedbtn.kt-btns2063_cf99ab-a3 .kt-btn-wrap-0 .kt-button:hover, .wp-block-kadence-advancedbtn.kt-btns2063_cf99ab-a3 .kt-btn-wrap-0 .kt-button:focus{color:#ffffff;border-color:#444444;}.wp-block-kadence-advancedbtn.kt-btns2063_cf99ab-a3 .kt-btn-wrap-0 .kt-button::before{display:none;}.wp-block-kadence-advancedbtn.kt-btns2063_cf99ab-a3 .kt-btn-wrap-0 .kt-button:hover, .wp-block-kadence-advancedbtn.kt-btns2063_cf99ab-a3 .kt-btn-wrap-0 .kt-button:focus{background:#444444;}<\/style>\n<div class=\"wp-block-kadence-advancedbtn kb-buttons-wrap kb-btns2063_cf99ab-a3\"><style>ul.menu .wp-block-kadence-advancedbtn .kb-btn2063_8fcd9a-f7.kb-button{width:initial;}<\/style><a class=\"kb-button kt-button button kb-btn2063_8fcd9a-f7 kt-btn-size-standard kt-btn-width-type-auto kb-btn-global-fill  kt-btn-has-text-true kt-btn-has-svg-false  wp-block-kadence-singlebtn\" href=\"https:\/\/puntadelgallo.cl\/index.php\/boletines\/\"><span class=\"kt-btn-inner-text\">Boletines<\/span><\/a><\/div>\n<\/div>\n\n\n\n<div class=\"wp-block-column is-layout-flow wp-block-column-is-layout-flow\"><style>.wp-block-kadence-advancedbtn.kb-btns2063_610b89-b5{gap:var(--global-kb-gap-xs, 0.5rem );justify-content:center;align-items:center;}.kt-btns2063_610b89-b5 .kt-button{font-weight:normal;font-style:normal;}.kt-btns2063_610b89-b5 .kt-btn-wrap-0{margin-right:5px;}.wp-block-kadence-advancedbtn.kt-btns2063_610b89-b5 .kt-btn-wrap-0 .kt-button{color:#555555;border-color:#555555;}.wp-block-kadence-advancedbtn.kt-btns2063_610b89-b5 .kt-btn-wrap-0 .kt-button:hover, .wp-block-kadence-advancedbtn.kt-btns2063_610b89-b5 .kt-btn-wrap-0 .kt-button:focus{color:#ffffff;border-color:#444444;}.wp-block-kadence-advancedbtn.kt-btns2063_610b89-b5 .kt-btn-wrap-0 .kt-button::before{display:none;}.wp-block-kadence-advancedbtn.kt-btns2063_610b89-b5 .kt-btn-wrap-0 .kt-button:hover, .wp-block-kadence-advancedbtn.kt-btns2063_610b89-b5 .kt-btn-wrap-0 .kt-button:focus{background:#444444;}<\/style>\n<div class=\"wp-block-kadence-advancedbtn kb-buttons-wrap kb-btns2063_610b89-b5\"><style>ul.menu .wp-block-kadence-advancedbtn .kb-btn2063_1438c7-bc.kb-button{width:initial;}<\/style><a class=\"kb-button kt-button button kb-btn2063_1438c7-bc kt-btn-size-standard kt-btn-width-type-auto kb-btn-global-fill  kt-btn-has-text-true kt-btn-has-svg-false  wp-block-kadence-singlebtn\" href=\"https:\/\/puntadelgallo.cl\/index.php\/flyers\/\"><span class=\"kt-btn-inner-text\">Flyers<\/span><\/a><\/div>\n<\/div>\n<\/div>\n\n\n\n<p><\/p>\n\n\n\n<p><\/p>\n","protected":false},"excerpt":{"rendered":"<p>Para la OCF Punta del Gallo, la comunicaci\u00f3n fluida de la Directiva con nuestros socios es uno de los pilares fundamentales de nuestra gesti\u00f3n. Mantener este v\u00ednculo activo permite alinear esfuerzos y trabajar con transparencia en beneficio de toda nuestra comunidad. Por una parte tenemos el BLOG de la comunidad, en la que cada socio&#8230;<\/p>\n","protected":false},"author":2,"featured_media":0,"parent":0,"menu_order":0,"comment_status":"closed","ping_status":"closed","template":"","meta":{"_kad_post_transparent":"","_kad_post_title":"","_kad_post_layout":"","_kad_post_sidebar_id":"","_kad_post_content_style":"","_kad_post_vertical_padding":"","_kad_post_feature":"","_kad_post_feature_position":"","_kad_post_header":false,"_kad_post_footer":false,"_kad_post_classname":"","footnotes":""},"class_list":["post-2063","page","type-page","status-publish","hentry"],"_links":{"self":[{"href":"https:\/\/puntadelgallo.cl\/index.php\/wp-json\/wp\/v2\/pages\/2063","targetHints":{"allow":["GET"]}}],"collection":[{"href":"https:\/\/puntadelgallo.cl\/index.php\/wp-json\/wp\/v2\/pages"}],"about":[{"href":"https:\/\/puntadelgallo.cl\/index.php\/wp-json\/wp\/v2\/types\/page"}],"author":[{"embeddable":true,"href":"https:\/\/puntadelgallo.cl\/index.php\/wp-json\/wp\/v2\/users\/2"}],"replies":[{"embeddable":true,"href":"https:\/\/puntadelgallo.cl\/index.php\/wp-json\/wp\/v2\/comments?post=2063"}],"version-history":[{"count":7,"href":"https:\/\/puntadelgallo.cl\/index.php\/wp-json\/wp\/v2\/pages\/2063\/revisions"}],"predecessor-version":[{"id":2082,"href":"https:\/\/puntadelgallo.cl\/index.php\/wp-json\/wp\/v2\/pages\/2063\/revisions\/2082"}],"wp:attachment":[{"href":"https:\/\/puntadelgallo.cl\/index.php\/wp-json\/wp\/v2\/media?parent=2063"}],"curies":[{"name":"wp","href":"https:\/\/api.w.org\/{rel}","templated":true}]}}