{"id":2109,"date":"2026-02-26T17:49:00","date_gmt":"2026-02-26T21:49:00","guid":{"rendered":"https:\/\/puntadelgallo.cl\/?page_id=2109"},"modified":"2026-02-27T19:58:22","modified_gmt":"2026-02-27T23:58:22","slug":"resumen-de-la-asamblea-de-socios-de-la-ocf-del-21-2-2026","status":"publish","type":"page","link":"https:\/\/puntadelgallo.cl\/index.php\/resumen-de-la-asamblea-de-socios-de-la-ocf-del-21-2-2026\/","title":{"rendered":"Resumen de la asamblea de socios de la OCF del 21\/2\/2026"},"content":{"rendered":"\n<p><strong>ASPECTOS GENERALES<\/strong><\/p>\n\n\n\n<p>La reuni\u00f3n se realiz\u00f3 el d\u00eda 21 de febrero de 2026 en la Parcela B2 entre las 11:15 y las 13:00 horas<br>Se present\u00f3 una ppt (que esta publicada en la web) por lo que se describen solo los aspectos generales m\u00e1s relevantes..<br>Se present\u00f3 la tabla de los temas a tratar en la Asamblea.<br>Luego se presentaron los participantes presenciales en la reuni\u00f3n identific\u00e1ndose con la ubicaci\u00f3n de su parcela en la Punta del Gallo. Tambi\u00e9n participaron algunos socios en forma telem\u00e1tica. <br>La presentaci\u00f3n es fruto del trabajo de la Directiva, compuesta por Jurgen Weller, Alicia Quiroz, Carolina Torrej\u00f3n, Andr\u00e9s de la Sotta, Sonia Fuentealba, Jonny Heiss (conectado por Meet) y Oscar Riffo (administrador).<br>Se describi\u00f2 la situaci\u00f3n actual de parcelas en la Punta de Gallo: hay 131 parcelas loteadas. Hubo un incremento en el a\u00f1o 2025 de 5 colaboradores, por lo que crecimos de 113 colaboradoras a inicios de 2025 a 118 colaboradores en 2026.<\/p>\n\n\n\n<p><strong>ESTADO FINANCIERO<\/strong><\/p>\n\n\n\n<p>Oscar Riffo mostr\u00f3 el estado financiero del del ejercicio marzo 2025 &#8211; febrero 2026, explicando los gastos y las actividades desarrolladas. Se presentaron cifras clave: saldo inicial y movimientos de caja, ingresos y gastos del a\u00f1o, y se destac\u00f3 que se hizo una inversi\u00f3n de 5 millones de pesos en fondos mutuos en diciembre para obtener rentabilidad.<br>Hubo una disminuci\u00f3n de los gastos como consecuencia del inicio de retiro de basura por parte de la municipalidad y por no haber ejecutado gastos en proyectos de inversi\u00f3n. Lo anterior signific\u00f3 un saldo de aprox. 18 millones de pesos, de los cuales hay 13 en cuenta corriente y 5 en el fondo de reserva.<br>Magdalena Balcells present\u00f3 el an\u00e1lisis de la Comisi\u00f3n de Apoyo Financiero. Indica un gasto coherente con las necesidades de la comunidad y se\u00f1ala que todos los gastos est\u00e1n respaldados con instrumentos financieros (boletas, facturas). Felicita tambi\u00e9n por el aumento en la recaudaci\u00f3n, originado con los nuevos ingresos de las parcelas que se incorporaron.<br>Dado este an\u00e1lisis la Comisi\u00f3n sugiere no aumentarla cuota de gastos comunes.<br>Iv\u00e1n\u00a0 Ruiz propone que se cambie el nombre del fondo de reserva por \u00a0fondo operacional adicional.<\/p>\n\n\n\n<p><strong>INFORME SOBRE ACTIVIDADES REALIZADAS<\/strong><\/p>\n\n\n\n<p>En seguridad y operaci\u00f3n se abordaron medidas de prevenci\u00f3n de incendios, como la recarga y reemplazo de extintores, el monitoreo satelital y el patrullaje en la ruta F-818.  La administraci\u00f3n se compromete a preparar un protocolo para casos de incendios.<br>Se revis\u00f3 la mantenci\u00f3n de caminos y senderos, incluyendo un nuevo sistema de drenaje, nuevos letreros , mejoras en porter\u00eda (pintura, reparaci\u00f3n de bomba de agua, instalaci\u00f3n de intercom, nueva bater\u00eda de respaldo), retiro de escombros, mejoras en el centro de acopio (rampla de acceso, control de plagas, reordenamiento de letreros),  actualizaci\u00f3n del botiqu\u00edn (disponible en porter\u00eda), poda de docas en la playa, elaboraci\u00f3n de una serie de flyers con indicaciones relevantes para la vida comunitaria (incluyendo veraneantes y arrendatarios) y la coordinaci\u00f3n con otras instituciones (municipalidades, otras comunidades de la zona, etc.). Se discuti\u00f3 el estado del reciclaje y centro de acopio y se recibieron sugerencias de  renovar el piso y pintar (art\u00edsticamente) las paredes.<\/p>\n\n\n\n<p>Otras sugerencias a revisar por la directiva son contar con un desfibrilador y con los datos de un helic\u00f3ptero de rescate, as\u00ed como la elaboraci\u00f3n de un flyer con direcciones y n\u00fameros de tel\u00e9fono relevantes.<\/p>\n\n\n\n<p><strong>PRINCIPALES ACTIVIDADES 2026-2027 Y PRESUPUESTO<\/strong><\/p>\n\n\n\n<p>Las actividades de la OCF se concentrar\u00e1n en el mantenimiento y mejoras de la infraestructura (caminos, senderos, centro de acopio y reciclaje), actividades comunicacionales para fortalecer la vida comunitaria y el seguimiento de los proyectos en proceso, as\u00ed como nuevos proyectos si surgen desde la comunidad.<br>Basado en este presupuesto la directiva propone que se mantengan las cuotas de gastos comunes (45.000 pesos por mes para sitios \/ hogares con casas construidas). <br>En concordancia, el presupuesto concentra los egresos en los gastos relacionados con el acceso y la infraestructura. En vista de que en el ejercicio anterior no se pudo ejecutar los recursos presupuestados para proyectos de inversi\u00f3n, se retienen dichos recursos para la ejecuci\u00f3n de proyectos en curso (sujeto a la aprobaci\u00f3n del \u201cproyecto plaza\u201d en esta misma asamblea) y se presupuestan 2 millones adicionales. Se incrementa el fondo de reserva, disponible para cualquier emergencia imprevista, en 3 millones de pesos adicionales.<\/p>\n\n\n\n<p>La asamblea aprueba el presupuesto presentado para el ejercicio marzo 2026- febrero 2027.<\/p>\n\n\n\n<p><strong>PROYECTOS EN VOTACI\u00d3N<\/strong><\/p>\n\n\n\n<p>Considerando los proyectos levantados en la asamblea de a\u00f1o 2025, se procedi\u00f3 a revisarlos uno por uno.<\/p>\n\n\n\n<ul class=\"wp-block-list\">\n<li>Se descart\u00f3 la lavander\u00eda en porter\u00eda.<\/li>\n\n\n\n<li>Un grupo de trabajo dar\u00e1 seguimiento al proyecto de un sendero a El Barco.<\/li>\n\n\n\n<li>Respecto al proyecto relacionado con el tri\u00e1ngulo de la caseta de agua la OCF ha estado en contacto con la Direcci\u00f3n de Obras de la Municipalidad para poder avanzar en su transformaci\u00f3n.<\/li>\n\n\n\n<li>Hubo un debate amplio sobre el proyecto &#8220;Plaza de juegos y encuentro\u201d, su ubicaci\u00f3n y mantenimiento. Se aprob\u00f3 con 19 votos a favor y 8 en contra, con el condicionamiento de una revisi\u00f3n de la factibilidad t\u00e9cnica y un presupuesto permanente para la mantenci\u00f3n y el aseo de ese espacio.<\/li>\n\n\n\n<li>Se someti\u00f3 a votaci\u00f3n la modificaci\u00f3n de un art\u00edculo del Manual de Convivencia sobre limitaci\u00f3n a la altura de \u00e1rboles y mediaci\u00f3n entre vecinos, aprob\u00e1ndose, pero ofreciendo la posibilidad de una nueva propuesta de redacci\u00f3n para el mismo. El resultado de la votaci\u00f3n fue de 23 votos a favor y uno en contra.<\/li>\n\n\n\n<li>Se aprueba una modificaci\u00f3n del reglamento de construcci\u00f3n respecto a la ubicaci\u00f3n de paneles solares.<\/li>\n<\/ul>\n","protected":false},"excerpt":{"rendered":"<p>ASPECTOS GENERALES La reuni\u00f3n se realiz\u00f3 el d\u00eda 21 de febrero de 2026 en la Parcela B2 entre las 11:15 y las 13:00 horasSe present\u00f3 una ppt (que esta publicada en la web) por lo que se describen solo los aspectos generales m\u00e1s relevantes..Se present\u00f3 la tabla de los temas a tratar en la Asamblea.Luego&#8230;<\/p>\n","protected":false},"author":2,"featured_media":0,"parent":0,"menu_order":0,"comment_status":"closed","ping_status":"closed","template":"","meta":{"_kad_post_transparent":"","_kad_post_title":"","_kad_post_layout":"","_kad_post_sidebar_id":"","_kad_post_content_style":"","_kad_post_vertical_padding":"","_kad_post_feature":"","_kad_post_feature_position":"","_kad_post_header":false,"_kad_post_footer":false,"_kad_post_classname":"","footnotes":""},"class_list":["post-2109","page","type-page","status-publish","hentry"],"_links":{"self":[{"href":"https:\/\/puntadelgallo.cl\/index.php\/wp-json\/wp\/v2\/pages\/2109","targetHints":{"allow":["GET"]}}],"collection":[{"href":"https:\/\/puntadelgallo.cl\/index.php\/wp-json\/wp\/v2\/pages"}],"about":[{"href":"https:\/\/puntadelgallo.cl\/index.php\/wp-json\/wp\/v2\/types\/page"}],"author":[{"embeddable":true,"href":"https:\/\/puntadelgallo.cl\/index.php\/wp-json\/wp\/v2\/users\/2"}],"replies":[{"embeddable":true,"href":"https:\/\/puntadelgallo.cl\/index.php\/wp-json\/wp\/v2\/comments?post=2109"}],"version-history":[{"count":4,"href":"https:\/\/puntadelgallo.cl\/index.php\/wp-json\/wp\/v2\/pages\/2109\/revisions"}],"predecessor-version":[{"id":2118,"href":"https:\/\/puntadelgallo.cl\/index.php\/wp-json\/wp\/v2\/pages\/2109\/revisions\/2118"}],"wp:attachment":[{"href":"https:\/\/puntadelgallo.cl\/index.php\/wp-json\/wp\/v2\/media?parent=2109"}],"curies":[{"name":"wp","href":"https:\/\/api.w.org\/{rel}","templated":true}]}}

<p><strong>ASPECTOS GENERALES</strong></p>



<p>La reunión se realizó el día 21 de febrero de 2026 en la Parcela B2 entre las 11:15 y las 13:00 horas<br>Se presentó una ppt (que esta publicada en la web) por lo que se describen solo los aspectos generales más relevantes..<br>Se presentó la tabla de los temas a tratar en la Asamblea.<br>Luego se presentaron los participantes presenciales en la reunión identificándose con la ubicación de su parcela en la Punta del Gallo. También participaron algunos socios en forma telemática. <br>La presentación es fruto del trabajo de la Directiva, compuesta por Jurgen Weller, Alicia Quiroz, Carolina Torrejón, Andrés de la Sotta, Sonia Fuentealba, Jonny Heiss (conectado por Meet) y Oscar Riffo (administrador).<br>Se describiò la situación actual de parcelas en la Punta de Gallo: hay 131 parcelas loteadas. Hubo un incremento en el año 2025 de 5 colaboradores, por lo que crecimos de 113 colaboradoras a inicios de 2025 a 118 colaboradores en 2026.</p>



<p><strong>ESTADO FINANCIERO</strong></p>



<p>Oscar Riffo mostró el estado financiero del del ejercicio marzo 2025 &#8211; febrero 2026, explicando los gastos y las actividades desarrolladas. Se presentaron cifras clave: saldo inicial y movimientos de caja, ingresos y gastos del año, y se destacó que se hizo una inversión de 5 millones de pesos en fondos mutuos en diciembre para obtener rentabilidad.<br>Hubo una disminución de los gastos como consecuencia del inicio de retiro de basura por parte de la municipalidad y por no haber ejecutado gastos en proyectos de inversión. Lo anterior significó un saldo de aprox. 18 millones de pesos, de los cuales hay 13 en cuenta corriente y 5 en el fondo de reserva.<br>Magdalena Balcells presentó el análisis de la Comisión de Apoyo Financiero. Indica un gasto coherente con las necesidades de la comunidad y señala que todos los gastos están respaldados con instrumentos financieros (boletas, facturas). Felicita también por el aumento en la recaudación, originado con los nuevos ingresos de las parcelas que se incorporaron.<br>Dado este análisis la Comisión sugiere no aumentarla cuota de gastos comunes.<br>Iván  Ruiz propone que se cambie el nombre del fondo de reserva por  fondo operacional adicional.</p>



<p><strong>INFORME SOBRE ACTIVIDADES REALIZADAS</strong></p>



<p>En seguridad y operación se abordaron medidas de prevención de incendios, como la recarga y reemplazo de extintores, el monitoreo satelital y el patrullaje en la ruta F-818.  La administración se compromete a preparar un protocolo para casos de incendios.<br>Se revisó la mantención de caminos y senderos, incluyendo un nuevo sistema de drenaje, nuevos letreros , mejoras en portería (pintura, reparación de bomba de agua, instalación de intercom, nueva batería de respaldo), retiro de escombros, mejoras en el centro de acopio (rampla de acceso, control de plagas, reordenamiento de letreros),  actualización del botiquín (disponible en portería), poda de docas en la playa, elaboración de una serie de flyers con indicaciones relevantes para la vida comunitaria (incluyendo veraneantes y arrendatarios) y la coordinación con otras instituciones (municipalidades, otras comunidades de la zona, etc.). Se discutió el estado del reciclaje y centro de acopio y se recibieron sugerencias de  renovar el piso y pintar (artísticamente) las paredes.</p>



<p>Otras sugerencias a revisar por la directiva son contar con un desfibrilador y con los datos de un helicóptero de rescate, así como la elaboración de un flyer con direcciones y números de teléfono relevantes.</p>



<p><strong>PRINCIPALES ACTIVIDADES 2026-2027 Y PRESUPUESTO</strong></p>



<p>Las actividades de la OCF se concentrarán en el mantenimiento y mejoras de la infraestructura (caminos, senderos, centro de acopio y reciclaje), actividades comunicacionales para fortalecer la vida comunitaria y el seguimiento de los proyectos en proceso, así como nuevos proyectos si surgen desde la comunidad.<br>Basado en este presupuesto la directiva propone que se mantengan las cuotas de gastos comunes (45.000 pesos por mes para sitios / hogares con casas construidas). <br>En concordancia, el presupuesto concentra los egresos en los gastos relacionados con el acceso y la infraestructura. En vista de que en el ejercicio anterior no se pudo ejecutar los recursos presupuestados para proyectos de inversión, se retienen dichos recursos para la ejecución de proyectos en curso (sujeto a la aprobación del “proyecto plaza” en esta misma asamblea) y se presupuestan 2 millones adicionales. Se incrementa el fondo de reserva, disponible para cualquier emergencia imprevista, en 3 millones de pesos adicionales.</p>



<p>La asamblea aprueba el presupuesto presentado para el ejercicio marzo 2026- febrero 2027.</p>



<p><strong>PROYECTOS EN VOTACIÓN</strong></p>



<p>Considerando los proyectos levantados en la asamblea de año 2025, se procedió a revisarlos uno por uno.</p>



<ul class="wp-block-list">
<li>Se descartó la lavandería en portería.</li>



<li>Un grupo de trabajo dará seguimiento al proyecto de un sendero a El Barco.</li>



<li>Respecto al proyecto relacionado con el triángulo de la caseta de agua la OCF ha estado en contacto con la Dirección de Obras de la Municipalidad para poder avanzar en su transformación.</li>



<li>Hubo un debate amplio sobre el proyecto &#8220;Plaza de juegos y encuentro”, su ubicación y mantenimiento. Se aprobó con 19 votos a favor y 8 en contra, con el condicionamiento de una revisión de la factibilidad técnica y un presupuesto permanente para la mantención y el aseo de ese espacio.</li>



<li>Se sometió a votación la modificación de un artículo del Manual de Convivencia sobre limitación a la altura de árboles y mediación entre vecinos, aprobándose, pero ofreciendo la posibilidad de una nueva propuesta de redacción para el mismo. El resultado de la votación fue de 23 votos a favor y uno en contra.</li>



<li>Se aprueba una modificación del reglamento de construcción respecto a la ubicación de paneles solares.</li>
</ul>

<p>ASPECTOS GENERALES La reunión se realizó el día 21 de febrero de 2026 en la Parcela B2 entre las 11:15 y las 13:00 horasSe presentó una ppt (que esta publicada en la web) por lo que se describen solo los aspectos generales más relevantes..Se presentó la tabla de los temas a tratar en la Asamblea.Luego&#8230;</p>
