{"id":212,"date":"2023-06-17T00:18:35","date_gmt":"2023-06-17T04:18:35","guid":{"rendered":"http:\/\/puntadelgallo.cl\/?page_id=212"},"modified":"2025-10-24T18:09:13","modified_gmt":"2025-10-24T22:09:13","slug":"proveedores","status":"publish","type":"page","link":"https:\/\/puntadelgallo.cl\/index.php\/proveedores\/","title":{"rendered":"Proveedores"},"content":{"rendered":"\n<div class=\"wp-block-columns is-layout-flex wp-container-core-columns-is-layout-9d6595d7 wp-block-columns-is-layout-flex\">\n<div class=\"wp-block-column is-layout-flow wp-block-column-is-layout-flow\">\n<h2 class=\"wp-block-heading\">Habituales<\/h2>\n<\/div>\n\n\n\n<div class=\"wp-block-column is-layout-flow wp-block-column-is-layout-flow\">\n<h2 class=\"wp-block-heading\">Cuadro interactivo<\/h2>\n<\/div>\n\n\n\n<div class=\"wp-block-column is-layout-flow wp-block-column-is-layout-flow\">\n<h2 class=\"wp-block-heading\">Listado de El Rosario<\/h2>\n<\/div>\n<\/div>\n\n\n\n<div class=\"wp-block-columns is-layout-flex wp-container-core-columns-is-layout-9d6595d7 wp-block-columns-is-layout-flex\">\n<div class=\"wp-block-column is-layout-flow wp-block-column-is-layout-flow\">\n<p>Adem\u00e1s de vecinos y amigos, la comunidad tambi\u00e9n la integran personas que d\u00eda a d\u00eda trabajan aqu\u00ed, ofreciendo productos y prestando servicios importantes para todos.<br>A continuaci\u00f3n un listado de los proveedores oficiales en la comunidad. Ellos cuentan con autorizaci\u00f3n de la administraci\u00f3n y la comunidad para prestar sus funciones, y est\u00e1n de acuerdo en respetar las \u201cNormas de conducta para proveedores\u201d.<\/p>\n\n\n\n<ul class=\"wp-block-list\">\n<li><strong>N\u00b0 1:&nbsp;Eugenio Pe\u00f1aloza (Queno Jardines)<\/strong> Jardiner\u00eda y obras menores &#8211;&nbsp;Fono: +56 9 8932 8830<\/li>\n\n\n\n<li><strong>N\u00b02:&nbsp;Jimena Montoya<\/strong> Aseo y mantenci\u00f3n de casas &#8211;&nbsp;Fono: +56 9 8553 3653<\/li>\n\n\n\n<li><strong>N\u00b0 3:&nbsp;Rodolfo Velozo<\/strong> Construcci\u00f3n &#8211;&nbsp;Fono: +56 9 8408 0720<\/li>\n\n\n\n<li><strong>N\u00b0 4:&nbsp;Ang\u00e9lica D\u00eda<\/strong>z&nbsp;Aseo y limpieza &#8211;&nbsp;Fono: +56 9 9586 2020<\/li>\n\n\n\n<li><strong>N\u00b0 5:&nbsp;Pablo Montoya<\/strong> Construcci\u00f3n &#8211;&nbsp;Fono: +56 9 6220 1523<\/li>\n\n\n\n<li><strong>N\u00b0 6:&nbsp;Ronald Rojas<\/strong> Limpieza de calefactores &#8211;&nbsp;Fono: +56 9 5148 6611<\/li>\n\n\n\n<li><strong>N\u00b0 7:&nbsp;Jorge Cuevas<\/strong> Jardiner\u00eda &#8211;&nbsp;Fono: +56 9 8911 8961<\/li>\n\n\n\n<li><strong>N\u00b0 8:&nbsp;Jos\u00e9 Montoya<\/strong> Mantenci\u00f3n y construcci\u00f3n &#8211;&nbsp;Fono: +56 9 9764 4499<\/li>\n\n\n\n<li><strong>N\u00b0 9:&nbsp;Jos\u00e9 G\u00f3mez San Mart\u00edn (Don Lalo)<\/strong> Cuidador, construcci\u00f3n y mantenci\u00f3n gral. &#8211;&nbsp;<br>Fono: +56 9 9278 7539<\/li>\n\n\n\n<li><strong>N\u00b0 10:&nbsp;Rolando Rold\u00e1n<\/strong> Aseo, limpieza de vidrios &#8211;&nbsp;Fono: +56 9 5443 5669<\/li>\n\n\n\n<li><strong>N\u00b0 11:&nbsp;Alex Vera<\/strong> Jardiner\u00eda y construcci\u00f3n &#8211;&nbsp;Fono: +56 9 9950 4958<\/li>\n\n\n\n<li><strong>N\u00b0 12:&nbsp;Victor Cortez<\/strong> Electricidad y reparaciones-&nbsp;Fono: +56 9 7490 4829<\/li>\n\n\n\n<li><strong>N\u00b0 13:&nbsp;Lu\u00eds Felipe Catal\u00e1n<\/strong> Limpieza de vidrios -Fono: +56 9 4458 9554<\/li>\n\n\n\n<li><strong>N\u00b0 14:&nbsp;Mariela \u00c1lvarez<\/strong> Aseo y cuidados de casa &#8211;&nbsp;Fono: +56 9 8528 4884<\/li>\n<\/ul>\n<\/div>\n\n\n\n<div class=\"wp-block-column is-layout-flow wp-block-column-is-layout-flow\">\n<p class=\"has-text-align-left\">Nuestra vecina&nbsp; Anke Kessler&nbsp;ha tenido la gentileza de preparar un cuadro compartido de proveedores en un Google Drive en la nube, al que todos pueden acceder, ya sea para buscar proveedores, agregar otros o dejar impresiones sobre el trabajo de ellos.<\/p>\n\n\n\n<h2 class=\"wp-block-heading has-text-align-center\"><strong>\u00a1\u00a1Hay m\u00e1s de 250 proveedores!!<\/strong><\/h2>\n\n\n\n<p>A octubre de 2025 y cada dia hay m\u00e1s &#8230; Agregue los suyos<\/p>\n\n\n\n<div class=\"wp-block-buttons is-layout-flex wp-block-buttons-is-layout-flex\">\n<div class=\"wp-block-button has-custom-width wp-block-button__width-100\"><a class=\"wp-block-button__link wp-element-button\" href=\"https:\/\/docs.google.com\/spreadsheets\/d\/1RMdJ3UVZEVjM2we4TfBa4F7EqEEsv5Ti\/edit?usp=sharing&amp;ouid=108826013880603164471&amp;rtpof=true&amp;sd=true\" target=\"_blank\" rel=\"noreferrer noopener\">Ingresar al cuadro interactivo<\/a><\/div>\n<\/div>\n<\/div>\n\n\n\n<div class=\"wp-block-column is-layout-flow wp-block-column-is-layout-flow\">\n<p>Otra opci\u00f3n para buscar proveedores es entrar&nbsp;a la &#8220;Gu\u00eda de Proveedores&#8221; creada por vecin@s de El Rosario que contiene 21 rubros.<\/p>\n\n\n\n<div class=\"wp-block-buttons is-layout-flex wp-block-buttons-is-layout-flex\">\n<div class=\"wp-block-button has-custom-width wp-block-button__width-100\"><a class=\"wp-block-button__link has-text-align-center wp-element-button\" href=\"https:\/\/elrosariotunquen.wordpress.com\/\" target=\"_blank\" rel=\"noreferrer noopener\">Guia de proveedores de El Rosario<\/a><\/div>\n<\/div>\n<\/div>\n<\/div>\n","protected":false},"excerpt":{"rendered":"<p>Habituales Cuadro interactivo Listado de El Rosario Adem\u00e1s de vecinos y amigos, la comunidad tambi\u00e9n la integran personas que d\u00eda a d\u00eda trabajan aqu\u00ed, ofreciendo productos y prestando servicios importantes para todos.A continuaci\u00f3n un listado de los proveedores oficiales en la comunidad. Ellos cuentan con autorizaci\u00f3n de la administraci\u00f3n y la comunidad para prestar sus&#8230;<\/p>\n","protected":false},"author":2,"featured_media":0,"parent":0,"menu_order":0,"comment_status":"closed","ping_status":"closed","template":"","meta":{"_kad_post_transparent":"","_kad_post_title":"","_kad_post_layout":"","_kad_post_sidebar_id":"","_kad_post_content_style":"","_kad_post_vertical_padding":"","_kad_post_feature":"","_kad_post_feature_position":"","_kad_post_header":false,"_kad_post_footer":false,"_kad_post_classname":"","footnotes":""},"class_list":["post-212","page","type-page","status-publish","hentry"],"_links":{"self":[{"href":"https:\/\/puntadelgallo.cl\/index.php\/wp-json\/wp\/v2\/pages\/212","targetHints":{"allow":["GET"]}}],"collection":[{"href":"https:\/\/puntadelgallo.cl\/index.php\/wp-json\/wp\/v2\/pages"}],"about":[{"href":"https:\/\/puntadelgallo.cl\/index.php\/wp-json\/wp\/v2\/types\/page"}],"author":[{"embeddable":true,"href":"https:\/\/puntadelgallo.cl\/index.php\/wp-json\/wp\/v2\/users\/2"}],"replies":[{"embeddable":true,"href":"https:\/\/puntadelgallo.cl\/index.php\/wp-json\/wp\/v2\/comments?post=212"}],"version-history":[{"count":24,"href":"https:\/\/puntadelgallo.cl\/index.php\/wp-json\/wp\/v2\/pages\/212\/revisions"}],"predecessor-version":[{"id":1948,"href":"https:\/\/puntadelgallo.cl\/index.php\/wp-json\/wp\/v2\/pages\/212\/revisions\/1948"}],"wp:attachment":[{"href":"https:\/\/puntadelgallo.cl\/index.php\/wp-json\/wp\/v2\/media?parent=212"}],"curies":[{"name":"wp","href":"https:\/\/api.w.org\/{rel}","templated":true}]}}

<div class="wp-block-columns is-layout-flex wp-container-core-columns-is-layout-9d6595d7 wp-block-columns-is-layout-flex">
<div class="wp-block-column is-layout-flow wp-block-column-is-layout-flow">
<h2 class="wp-block-heading">Habituales</h2>
</div>



<div class="wp-block-column is-layout-flow wp-block-column-is-layout-flow">
<h2 class="wp-block-heading">Cuadro interactivo</h2>
</div>



<div class="wp-block-column is-layout-flow wp-block-column-is-layout-flow">
<h2 class="wp-block-heading">Listado de El Rosario</h2>
</div>
</div>



<div class="wp-block-columns is-layout-flex wp-container-core-columns-is-layout-9d6595d7 wp-block-columns-is-layout-flex">
<div class="wp-block-column is-layout-flow wp-block-column-is-layout-flow">
<p>Además de vecinos y amigos, la comunidad también la integran personas que día a día trabajan aquí, ofreciendo productos y prestando servicios importantes para todos.<br>A continuación un listado de los proveedores oficiales en la comunidad. Ellos cuentan con autorización de la administración y la comunidad para prestar sus funciones, y están de acuerdo en respetar las “Normas de conducta para proveedores”.</p>



<ul class="wp-block-list">
<li><strong>N° 1:&nbsp;Eugenio Peñaloza (Queno Jardines)</strong> Jardinería y obras menores &#8211;&nbsp;Fono: +56 9 8932 8830</li>



<li><strong>N°2:&nbsp;Jimena Montoya</strong> Aseo y mantención de casas &#8211;&nbsp;Fono: +56 9 8553 3653</li>



<li><strong>N° 3:&nbsp;Rodolfo Velozo</strong> Construcción &#8211;&nbsp;Fono: +56 9 8408 0720</li>



<li><strong>N° 4:&nbsp;Angélica Día</strong>z&nbsp;Aseo y limpieza &#8211;&nbsp;Fono: +56 9 9586 2020</li>



<li><strong>N° 5:&nbsp;Pablo Montoya</strong> Construcción &#8211;&nbsp;Fono: +56 9 6220 1523</li>



<li><strong>N° 6:&nbsp;Ronald Rojas</strong> Limpieza de calefactores &#8211;&nbsp;Fono: +56 9 5148 6611</li>



<li><strong>N° 7:&nbsp;Jorge Cuevas</strong> Jardinería &#8211;&nbsp;Fono: +56 9 8911 8961</li>



<li><strong>N° 8:&nbsp;José Montoya</strong> Mantención y construcción &#8211;&nbsp;Fono: +56 9 9764 4499</li>



<li><strong>N° 9:&nbsp;José Gómez San Martín (Don Lalo)</strong> Cuidador, construcción y mantención gral. &#8211;&nbsp;<br>Fono: +56 9 9278 7539</li>



<li><strong>N° 10:&nbsp;Rolando Roldán</strong> Aseo, limpieza de vidrios &#8211;&nbsp;Fono: +56 9 5443 5669</li>



<li><strong>N° 11:&nbsp;Alex Vera</strong> Jardinería y construcción &#8211;&nbsp;Fono: +56 9 9950 4958</li>



<li><strong>N° 12:&nbsp;Victor Cortez</strong> Electricidad y reparaciones-&nbsp;Fono: +56 9 7490 4829</li>



<li><strong>N° 13:&nbsp;Luís Felipe Catalán</strong> Limpieza de vidrios -Fono: +56 9 4458 9554</li>



<li><strong>N° 14:&nbsp;Mariela Álvarez</strong> Aseo y cuidados de casa &#8211;&nbsp;Fono: +56 9 8528 4884</li>
</ul>
</div>



<div class="wp-block-column is-layout-flow wp-block-column-is-layout-flow">
<p class="has-text-align-left">Nuestra vecina&nbsp; Anke Kessler&nbsp;ha tenido la gentileza de preparar un cuadro compartido de proveedores en un Google Drive en la nube, al que todos pueden acceder, ya sea para buscar proveedores, agregar otros o dejar impresiones sobre el trabajo de ellos.</p>



<h2 class="wp-block-heading has-text-align-center"><strong>¡¡Hay más de 250 proveedores!!</strong></h2>



<p>A octubre de 2025 y cada dia hay más &#8230; Agregue los suyos</p>



<div class="wp-block-buttons is-layout-flex wp-block-buttons-is-layout-flex">
<div class="wp-block-button has-custom-width wp-block-button__width-100"><a class="wp-block-button__link wp-element-button" href="https://docs.google.com/spreadsheets/d/1RMdJ3UVZEVjM2we4TfBa4F7EqEEsv5Ti/edit?usp=sharing&amp;ouid=108826013880603164471&amp;rtpof=true&amp;sd=true" target="_blank" rel="noreferrer noopener">Ingresar al cuadro interactivo</a></div>
</div>
</div>



<div class="wp-block-column is-layout-flow wp-block-column-is-layout-flow">
<p>Otra opción para buscar proveedores es entrar&nbsp;a la &#8220;Guía de Proveedores&#8221; creada por vecin@s de El Rosario que contiene 21 rubros.</p>



<div class="wp-block-buttons is-layout-flex wp-block-buttons-is-layout-flex">
<div class="wp-block-button has-custom-width wp-block-button__width-100"><a class="wp-block-button__link has-text-align-center wp-element-button" href="https://elrosariotunquen.wordpress.com/" target="_blank" rel="noreferrer noopener">Guia de proveedores de El Rosario</a></div>
</div>
</div>
</div>

<p>Habituales Cuadro interactivo Listado de El Rosario Además de vecinos y amigos, la comunidad también la integran personas que día a día trabajan aquí, ofreciendo productos y prestando servicios importantes para todos.A continuación un listado de los proveedores oficiales en la comunidad. Ellos cuentan con autorización de la administración y la comunidad para prestar sus&#8230;</p>
