{"id":2121,"date":"2026-03-03T15:32:29","date_gmt":"2026-03-03T19:32:29","guid":{"rendered":"https:\/\/puntadelgallo.cl\/?page_id=2121"},"modified":"2026-03-03T15:32:29","modified_gmt":"2026-03-03T19:32:29","slug":"llamado-a-ls-duens-de-perros","status":"publish","type":"page","link":"https:\/\/puntadelgallo.cl\/index.php\/llamado-a-ls-duens-de-perros\/","title":{"rendered":"Llamado a l@s due\u00f1@s de perros"},"content":{"rendered":"\n<p>Estimada comunidad,<br>A prop\u00f3sito de los incidentes m\u00e1s recientes y la discusi\u00f3n correspondiente, la directiva de la OCF quisiera aclarar:<\/p>\n\n\n\n<ol class=\"wp-block-list\">\n<li>La responsabilidad respecto al cumplimiento de las normas sobre la tenencia de mascotas recae sobre sus due\u00f1@s,<\/li>\n\n\n\n<li>La directiva ha enfatizado esto repetidas veces (tanto en mensajes en el chat como, recientemente, con un flyer), llamando a que est@s tomen esta responsabilidad en serio, para fomentar la convivencia comunitaria y evitar incidentes de gravedad.<\/li>\n\n\n\n<li>Reiteramos el llamado a l@s due\u00f1@s de perros potencialmente agresivos a que construyan cercos alrededor de sus parcelas para evitar que ellos salgan sin supervisi\u00f3n.<\/li>\n\n\n\n<li>La directiva \/ la administraci\u00f3n tambi\u00e9n se ha comunicado directamente con due\u00f1@s de perros que mostraron un comportamiento agresivo, haciendo \u00e9nfasis en su responsabilidad y la necesidad de tomar las medidas correspondientes.<\/li>\n\n\n\n<li>Esto lo vamos a seguir haciendo, tambi\u00e9n en relaci\u00f3n con el caso m\u00e1s reciente.<br>Saludos cordiales!<\/li>\n<\/ol>\n\n\n\n<p><em><strong>La Directiva<\/strong><\/em><\/p>\n\n\n\n<p>Marzo 2026<\/p>\n\n\n\n<p><\/p>\n","protected":false},"excerpt":{"rendered":"<p>Estimada comunidad,A prop\u00f3sito de los incidentes m\u00e1s recientes y la discusi\u00f3n correspondiente, la directiva de la OCF quisiera aclarar: La Directiva Marzo 2026<\/p>\n","protected":false},"author":2,"featured_media":0,"parent":0,"menu_order":0,"comment_status":"closed","ping_status":"closed","template":"","meta":{"_kad_post_transparent":"","_kad_post_title":"","_kad_post_layout":"","_kad_post_sidebar_id":"","_kad_post_content_style":"","_kad_post_vertical_padding":"","_kad_post_feature":"","_kad_post_feature_position":"","_kad_post_header":false,"_kad_post_footer":false,"_kad_post_classname":"","footnotes":""},"class_list":["post-2121","page","type-page","status-publish","hentry"],"_links":{"self":[{"href":"https:\/\/puntadelgallo.cl\/index.php\/wp-json\/wp\/v2\/pages\/2121","targetHints":{"allow":["GET"]}}],"collection":[{"href":"https:\/\/puntadelgallo.cl\/index.php\/wp-json\/wp\/v2\/pages"}],"about":[{"href":"https:\/\/puntadelgallo.cl\/index.php\/wp-json\/wp\/v2\/types\/page"}],"author":[{"embeddable":true,"href":"https:\/\/puntadelgallo.cl\/index.php\/wp-json\/wp\/v2\/users\/2"}],"replies":[{"embeddable":true,"href":"https:\/\/puntadelgallo.cl\/index.php\/wp-json\/wp\/v2\/comments?post=2121"}],"version-history":[{"count":1,"href":"https:\/\/puntadelgallo.cl\/index.php\/wp-json\/wp\/v2\/pages\/2121\/revisions"}],"predecessor-version":[{"id":2122,"href":"https:\/\/puntadelgallo.cl\/index.php\/wp-json\/wp\/v2\/pages\/2121\/revisions\/2122"}],"wp:attachment":[{"href":"https:\/\/puntadelgallo.cl\/index.php\/wp-json\/wp\/v2\/media?parent=2121"}],"curies":[{"name":"wp","href":"https:\/\/api.w.org\/{rel}","templated":true}]}}

Llamado a l@s dueñ@s de perros

<p>Estimada comunidad,<br>A propósito de los incidentes más recientes y la discusión correspondiente, la directiva de la OCF quisiera aclarar:</p>



<ol class="wp-block-list">
<li>La responsabilidad respecto al cumplimiento de las normas sobre la tenencia de mascotas recae sobre sus dueñ@s,</li>



<li>La directiva ha enfatizado esto repetidas veces (tanto en mensajes en el chat como, recientemente, con un flyer), llamando a que est@s tomen esta responsabilidad en serio, para fomentar la convivencia comunitaria y evitar incidentes de gravedad.</li>



<li>Reiteramos el llamado a l@s dueñ@s de perros potencialmente agresivos a que construyan cercos alrededor de sus parcelas para evitar que ellos salgan sin supervisión.</li>



<li>La directiva / la administración también se ha comunicado directamente con dueñ@s de perros que mostraron un comportamiento agresivo, haciendo énfasis en su responsabilidad y la necesidad de tomar las medidas correspondientes.</li>



<li>Esto lo vamos a seguir haciendo, también en relación con el caso más reciente.<br>Saludos cordiales!</li>
</ol>



<p><em><strong>La Directiva</strong></em></p>



<p>Marzo 2026</p>



<p></p>

<p>Estimada comunidad,A propósito de los incidentes más recientes y la discusión correspondiente, la directiva de la OCF quisiera aclarar: La Directiva Marzo 2026</p>
