{"id":2131,"date":"2026-03-31T12:20:25","date_gmt":"2026-03-31T16:20:25","guid":{"rendered":"https:\/\/puntadelgallo.cl\/?page_id=2131"},"modified":"2026-04-02T15:41:43","modified_gmt":"2026-04-02T19:41:43","slug":"2026-03-26-reunion-directiva-ocf","status":"publish","type":"page","link":"https:\/\/puntadelgallo.cl\/index.php\/2026-03-26-reunion-directiva-ocf\/","title":{"rendered":"2026 03 26 Reuni\u00f3n directiva OCF"},"content":{"rendered":"\n<p><strong>26-3-2026<\/strong><\/p>\n\n\n\n<p>Asisten: Jonny Heiss, Andr\u00e9s de la Sota, Carolina Torrej\u00f3n, J\u00fcrgen Weller y Oscar Riffo.<\/p>\n\n\n\n<ul class=\"wp-block-list\">\n<li>Centro de reciclaje: La municipalidad no retir\u00f3 los papeles y cartones reciclables porque no estaban de acuerdo a lo especificado. CAE estuvo ayudando a ordenar y Luis Benavides los retir\u00f3. Se mand\u00f3 un nuevo flyer pidiendo a los vecinos preocuparse de esto. Hay propuestas de mejorar el aspecto general, que incluya a) arreglar el piso (baldosas o vitrificar), b) poner maceteros con flores y\/o c) pintar murales. La idea es preguntar a vecinos y artistas. Ver si podemos incorporar ni\u00f1os en vacaciones de invierno. OR traer\u00e1 presupuestos de a) y b) para la pr\u00f3xima reuni\u00f3n.<\/li>\n\n\n\n<li>Respecto del paso del curso del agua hacia la quebrada no hay novedad.<\/li>\n\n\n\n<li>P\u00e1gina web: pendiente lo de CT.<\/li>\n\n\n\n<li>Plaza de juegos: Quedaron 2 compromisos: revisar riesgo de inundaci\u00f3n y aseo. JW con OR revisar\u00e1n problemas posibles de inundaci\u00f3n.<\/li>\n\n\n\n<li>Zona estanques: sigue pendiente<\/li>\n\n\n\n<li>Fosas: OR se reuni\u00f3 con el proveedor (Hugo Cueto) para ver posibilidad de un contrato masivo. Pendiente otra reuni\u00f3n. Cobr\u00f3 $170.000 por porter\u00eda.<\/li>\n\n\n\n<li>Escombros voluminosos y cachureo (batea): OR hablar\u00e1 en la Municipalidad para avisar con m\u00e1s anticipaci\u00f3n el pr\u00f3ximo retiro.<\/li>\n\n\n\n<li>Proyecto de ruta al Barco: AdlS ver\u00e1 con Jorge de coordinar reuni\u00f3n con Alfredo Rojas.<\/li>\n\n\n\n<li>Control de incendios: OR cotiz\u00f3 imanes con tel\u00e9fono de emergencia y costar\u00edan $40.000 el ciento. Se aprueba mandarlos a hacer. CT mandar\u00e1 boceto a m\u00e1s tardar en una semana.<\/li>\n\n\n\n<li>Caminos: JH mandar\u00e1 plano actualizado incorporando \u201cLos Pel\u00edcanos\u201d. OR mand\u00f3 a hacer letrero y ya est\u00e1 instalado. Falta instalar una tuber\u00eda y lomos de toro para desviar agua. OR va a desinstalar algunas se\u00f1ales y reubicarlas. Hay que hacer un tour con Jorge para ver las necesidades de arreglos.<\/li>\n\n\n\n<li>Banco en bajada Las Rocas: ya tenemos autorizaci\u00f3n de la familia Rojas. OR cotizar\u00e1instalaci\u00f3n con Luis Bustos. OR ya habl\u00f3 con la vecina.<\/li>\n\n\n\n<li>Minga para limpiar la playa El Revolc\u00f3n: habr\u00eda que hacerla en un mes m\u00e1s porque ahora para semana santa es la de la playa grande.<\/li>\n\n\n\n<li>Riesgo en las playas: Se instal\u00f3 un letrero en la bajada a la playa El Revolc\u00f3n.<\/li>\n\n\n\n<li>Desfibrilador: Mario Ram\u00edrez y Ana Mar\u00eda Arriagada (Titi) van a estudiar el tema y hacer recomendaciones. Cuesta entre 1 y 3 millones aprox.<\/li>\n\n\n\n<li>Gata hidr\u00e1ulica: estudiar posibilidad de comprar una. OR tendr\u00eda que cotizar.<\/li>\n\n\n\n<li>Multa: Lleg\u00f3 una notificaci\u00f3n al rut de la comunidad por una multa de la Direcci\u00f3n del Trabajo de 2016 del orden de $ 800.000.- OR tratar\u00e1 de ver en la Municipalidad si es posible pagar con una rebaja.<\/li>\n\n\n\n<li>Sitio web: Falta actualizar directivas hist\u00f3ricas en la p\u00e1gina web.<\/li>\n\n\n\n<li>COSOC: Lleg\u00f3 una invitaci\u00f3n para participar en una elecci\u00f3n de un representante al <strong>COSOC<\/strong> = Consejos de la Sociedad Civil. JW hablar\u00e1 con el Rosario y La Boca para ver su inter\u00e9s. CT averiguar\u00e1 los miembros actuales y el representante saliente.<\/li>\n\n\n\n<li>OR comenta que ser\u00e1 administrador de El Rosario a partir del 6 de abril.<\/li>\n<\/ul>\n","protected":false},"excerpt":{"rendered":"<p>26-3-2026 Asisten: Jonny Heiss, Andr\u00e9s de la Sota, Carolina Torrej\u00f3n, J\u00fcrgen Weller y Oscar Riffo.<\/p>\n","protected":false},"author":2,"featured_media":0,"parent":0,"menu_order":0,"comment_status":"closed","ping_status":"closed","template":"","meta":{"_kad_post_transparent":"","_kad_post_title":"","_kad_post_layout":"","_kad_post_sidebar_id":"","_kad_post_content_style":"","_kad_post_vertical_padding":"","_kad_post_feature":"","_kad_post_feature_position":"","_kad_post_header":false,"_kad_post_footer":false,"_kad_post_classname":"","footnotes":""},"class_list":["post-2131","page","type-page","status-publish","hentry"],"_links":{"self":[{"href":"https:\/\/puntadelgallo.cl\/index.php\/wp-json\/wp\/v2\/pages\/2131","targetHints":{"allow":["GET"]}}],"collection":[{"href":"https:\/\/puntadelgallo.cl\/index.php\/wp-json\/wp\/v2\/pages"}],"about":[{"href":"https:\/\/puntadelgallo.cl\/index.php\/wp-json\/wp\/v2\/types\/page"}],"author":[{"embeddable":true,"href":"https:\/\/puntadelgallo.cl\/index.php\/wp-json\/wp\/v2\/users\/2"}],"replies":[{"embeddable":true,"href":"https:\/\/puntadelgallo.cl\/index.php\/wp-json\/wp\/v2\/comments?post=2131"}],"version-history":[{"count":3,"href":"https:\/\/puntadelgallo.cl\/index.php\/wp-json\/wp\/v2\/pages\/2131\/revisions"}],"predecessor-version":[{"id":2136,"href":"https:\/\/puntadelgallo.cl\/index.php\/wp-json\/wp\/v2\/pages\/2131\/revisions\/2136"}],"wp:attachment":[{"href":"https:\/\/puntadelgallo.cl\/index.php\/wp-json\/wp\/v2\/media?parent=2131"}],"curies":[{"name":"wp","href":"https:\/\/api.w.org\/{rel}","templated":true}]}}

2026 03 26 Reunión directiva OCF

<p><strong>26-3-2026</strong></p>



<p>Asisten: Jonny Heiss, Andrés de la Sota, Carolina Torrejón, Jürgen Weller y Oscar Riffo.</p>



<ul class="wp-block-list">
<li>Centro de reciclaje: La municipalidad no retiró los papeles y cartones reciclables porque no estaban de acuerdo a lo especificado. CAE estuvo ayudando a ordenar y Luis Benavides los retiró. Se mandó un nuevo flyer pidiendo a los vecinos preocuparse de esto. Hay propuestas de mejorar el aspecto general, que incluya a) arreglar el piso (baldosas o vitrificar), b) poner maceteros con flores y/o c) pintar murales. La idea es preguntar a vecinos y artistas. Ver si podemos incorporar niños en vacaciones de invierno. OR traerá presupuestos de a) y b) para la próxima reunión.</li>



<li>Respecto del paso del curso del agua hacia la quebrada no hay novedad.</li>



<li>Página web: pendiente lo de CT.</li>



<li>Plaza de juegos: Quedaron 2 compromisos: revisar riesgo de inundación y aseo. JW con OR revisarán problemas posibles de inundación.</li>



<li>Zona estanques: sigue pendiente</li>



<li>Fosas: OR se reunió con el proveedor (Hugo Cueto) para ver posibilidad de un contrato masivo. Pendiente otra reunión. Cobró $170.000 por portería.</li>



<li>Escombros voluminosos y cachureo (batea): OR hablará en la Municipalidad para avisar con más anticipación el próximo retiro.</li>



<li>Proyecto de ruta al Barco: AdlS verá con Jorge de coordinar reunión con Alfredo Rojas.</li>



<li>Control de incendios: OR cotizó imanes con teléfono de emergencia y costarían $40.000 el ciento. Se aprueba mandarlos a hacer. CT mandará boceto a más tardar en una semana.</li>



<li>Caminos: JH mandará plano actualizado incorporando “Los Pelícanos”. OR mandó a hacer letrero y ya está instalado. Falta instalar una tubería y lomos de toro para desviar agua. OR va a desinstalar algunas señales y reubicarlas. Hay que hacer un tour con Jorge para ver las necesidades de arreglos.</li>



<li>Banco en bajada Las Rocas: ya tenemos autorización de la familia Rojas. OR cotizaráinstalación con Luis Bustos. OR ya habló con la vecina.</li>



<li>Minga para limpiar la playa El Revolcón: habría que hacerla en un mes más porque ahora para semana santa es la de la playa grande.</li>



<li>Riesgo en las playas: Se instaló un letrero en la bajada a la playa El Revolcón.</li>



<li>Desfibrilador: Mario Ramírez y Ana María Arriagada (Titi) van a estudiar el tema y hacer recomendaciones. Cuesta entre 1 y 3 millones aprox.</li>



<li>Gata hidráulica: estudiar posibilidad de comprar una. OR tendría que cotizar.</li>



<li>Multa: Llegó una notificación al rut de la comunidad por una multa de la Dirección del Trabajo de 2016 del orden de $ 800.000.- OR tratará de ver en la Municipalidad si es posible pagar con una rebaja.</li>



<li>Sitio web: Falta actualizar directivas históricas en la página web.</li>



<li>COSOC: Llegó una invitación para participar en una elección de un representante al <strong>COSOC</strong> = Consejos de la Sociedad Civil. JW hablará con el Rosario y La Boca para ver su interés. CT averiguará los miembros actuales y el representante saliente.</li>



<li>OR comenta que será administrador de El Rosario a partir del 6 de abril.</li>
</ul>

<p>26-3-2026 Asisten: Jonny Heiss, Andrés de la Sota, Carolina Torrejón, Jürgen Weller y Oscar Riffo.</p>
