{"id":2142,"date":"2026-04-08T12:44:42","date_gmt":"2026-04-08T16:44:42","guid":{"rendered":"https:\/\/puntadelgallo.cl\/?page_id=2142"},"modified":"2026-04-08T12:59:09","modified_gmt":"2026-04-08T16:59:09","slug":"2026-01-29-reunion-directiva-ocf","status":"publish","type":"page","link":"https:\/\/puntadelgallo.cl\/index.php\/2026-01-29-reunion-directiva-ocf\/","title":{"rendered":"2026 01 29 Reuni\u00f3n directiva OCF"},"content":{"rendered":"\n<p>Asisten: Jonny Heiss, Amalia Quiroz, Andr\u00e9s de la Sota, Carolina Torrej\u00f3n, J\u00fcrgen Weller y Oscar Riffo.<\/p>\n\n\n\n<ol class=\"wp-block-list\">\n<li>Plaza de juegos: JW mand\u00f3 un comunicado con el proyecto preliminar y pidi\u00f3 que comenten en el Blog (hasta el 7\/2\/2026). Se acuerda presentar de nuevo el proyecto en la asamblea y votar. Respecto del paso del curso del agua hacia la quebrada no hay novedad.<\/li>\n\n\n\n<li>P\u00e1gina web: siguen pendientes las modificaciones que propondr\u00e1 CT para el rubro \u201cQuienes somos\u201d.<\/li>\n\n\n\n<li>Zona estanques: sigue pendiente resultado de consulta de la DOM en la SEREMI.<\/li>\n\n\n\n<li>Inicio de actividades: JH habl\u00f3 con un abogado laboralista quien plante\u00f3 que lo m\u00e1s importante es pagar oportunamente las imposiciones de los empleados de la OCF, mantener contratos de trabajo, libro de asistencia y liquidaciones mensuales, los que se cumplen. No est\u00e1 clara la necesidad de hacer inicio de actividades. Se acuerda no hacer iniciaci\u00f3n de actividades.<\/li>\n\n\n\n<li>Morosos: se envi\u00f3 recordatorio.<\/li>\n\n\n\n<li>Fosas: se hizo la limpieza en porter\u00eda. OR se reunir\u00e1 con el proveedor (Hugo Cueto) para ver posibilidad de un contrato masivo.<\/li>\n\n\n\n<li>Escombros voluminosos y cachureo: se hizo retiro a mediados de enero y participaron como 6 parcelas.<\/li>\n\n\n\n<li>Proyecto de ruta al Barco: AdlS lo ver\u00e1 en las pr\u00f3ximas semanas. JW comenta que ser\u00eda ideal tener noticias antes de la asamblea.<\/li>\n\n\n\n<li>Control de incendios: se mand\u00f3 un informativo y un aviso sobre los extintores. OR cotiz\u00f3 imanes con tel\u00e9fono de emergencia y costar\u00edan $40.000 el ciento. Se aprueba mandarlos a hacer. CT mandar\u00e1 boceto a mas tardar en una semana.<\/li>\n\n\n\n<li>Sistema de respaldo el\u00e9ctrico del port\u00f3n: Giovanni Sanguedolce instal\u00f3 la nueva bater\u00eda. Hubo un corte de luz y el sistema funcion0\u00f3 en forma excelente.<\/li>\n\n\n\n<li>Caminos: se rebajaron algunos lomos de toro. Se har\u00edan m\u00e1s arreglos en marzo. Se hizo limpieza del camino que va hacia Andrew Crozier. JW: propone que bauticemos el camino sin nombre como \u201clos Cormoranes\u201d lo que se aprueba. JH mandar\u00e1 plano actualizado y OR mandar\u00e1 a hacer letrero.<\/li>\n\n\n\n<li>Botiqu\u00edn porter\u00eda: Se mando informativo.<\/li>\n\n\n\n<li>Perros: se mand\u00f3 instructivo por WhatsApp y en papel. Falta ponerlo en la web (JH). Se agregar\u00e1 una secci\u00f3n de \u201cComunicados\u201d.<\/li>\n\n\n\n<li>&nbsp;Banco en bajada Las Rocas: falta autorizaci\u00f3n de la familia Rojas. OR insistir\u00e1.<\/li>\n\n\n\n<li>Acceso a La Boca: OR mand\u00f3 listado actualizado de la PdG.<\/li>\n\n\n\n<li>Minga para limpiar la playa El Revolc\u00f3n: JW habl\u00f3 con la gente de el Rosario. Se har\u00eda a fines del verano.<\/li>\n\n\n\n<li>pr\u00f3xima asamblea:\u00a0 se realizar\u00e1 el 21 de febrero de 2026. OR mandar\u00e1 una propuesta preliminar el d\u00eda 7 de febrero. JH ver\u00e1 posibilidad de arrendar a Starlink por unos d\u00edas-. JW probar\u00e1 la red nueva Heissext que est\u00e1 muy pr\u00f3xima a la sala de la reuni\u00f3n.<\/li>\n\n\n\n<li>Reglamento de poda de \u00e1rboles: JW con JH mandaron una propuesta de texto para incorporar al reglamento de la OCF. Esto se expondr\u00e1 en la asamblea y se votar\u00e1.<\/li>\n\n\n\n<li>Riesgo en las playas: JW informa que se est\u00e1 viendo con La Boca y El Rosario la posibilidad de poner letreros que adviertan que las playas no son aptas para nadar.<\/li>\n<\/ol>\n","protected":false},"excerpt":{"rendered":"<p>Asisten: Jonny Heiss, Amalia Quiroz, Andr\u00e9s de la Sota, Carolina Torrej\u00f3n, J\u00fcrgen Weller y Oscar Riffo.<\/p>\n","protected":false},"author":2,"featured_media":0,"parent":0,"menu_order":0,"comment_status":"closed","ping_status":"closed","template":"","meta":{"_kad_post_transparent":"","_kad_post_title":"","_kad_post_layout":"","_kad_post_sidebar_id":"","_kad_post_content_style":"","_kad_post_vertical_padding":"","_kad_post_feature":"","_kad_post_feature_position":"","_kad_post_header":false,"_kad_post_footer":false,"_kad_post_classname":"","footnotes":""},"class_list":["post-2142","page","type-page","status-publish","hentry"],"_links":{"self":[{"href":"https:\/\/puntadelgallo.cl\/index.php\/wp-json\/wp\/v2\/pages\/2142","targetHints":{"allow":["GET"]}}],"collection":[{"href":"https:\/\/puntadelgallo.cl\/index.php\/wp-json\/wp\/v2\/pages"}],"about":[{"href":"https:\/\/puntadelgallo.cl\/index.php\/wp-json\/wp\/v2\/types\/page"}],"author":[{"embeddable":true,"href":"https:\/\/puntadelgallo.cl\/index.php\/wp-json\/wp\/v2\/users\/2"}],"replies":[{"embeddable":true,"href":"https:\/\/puntadelgallo.cl\/index.php\/wp-json\/wp\/v2\/comments?post=2142"}],"version-history":[{"count":3,"href":"https:\/\/puntadelgallo.cl\/index.php\/wp-json\/wp\/v2\/pages\/2142\/revisions"}],"predecessor-version":[{"id":2146,"href":"https:\/\/puntadelgallo.cl\/index.php\/wp-json\/wp\/v2\/pages\/2142\/revisions\/2146"}],"wp:attachment":[{"href":"https:\/\/puntadelgallo.cl\/index.php\/wp-json\/wp\/v2\/media?parent=2142"}],"curies":[{"name":"wp","href":"https:\/\/api.w.org\/{rel}","templated":true}]}}

2026 01 29 Reunión directiva OCF

<p>Asisten: Jonny Heiss, Amalia Quiroz, Andrés de la Sota, Carolina Torrejón, Jürgen Weller y Oscar Riffo.</p>



<ol class="wp-block-list">
<li>Plaza de juegos: JW mandó un comunicado con el proyecto preliminar y pidió que comenten en el Blog (hasta el 7/2/2026). Se acuerda presentar de nuevo el proyecto en la asamblea y votar. Respecto del paso del curso del agua hacia la quebrada no hay novedad.</li>



<li>Página web: siguen pendientes las modificaciones que propondrá CT para el rubro “Quienes somos”.</li>



<li>Zona estanques: sigue pendiente resultado de consulta de la DOM en la SEREMI.</li>



<li>Inicio de actividades: JH habló con un abogado laboralista quien planteó que lo más importante es pagar oportunamente las imposiciones de los empleados de la OCF, mantener contratos de trabajo, libro de asistencia y liquidaciones mensuales, los que se cumplen. No está clara la necesidad de hacer inicio de actividades. Se acuerda no hacer iniciación de actividades.</li>



<li>Morosos: se envió recordatorio.</li>



<li>Fosas: se hizo la limpieza en portería. OR se reunirá con el proveedor (Hugo Cueto) para ver posibilidad de un contrato masivo.</li>



<li>Escombros voluminosos y cachureo: se hizo retiro a mediados de enero y participaron como 6 parcelas.</li>



<li>Proyecto de ruta al Barco: AdlS lo verá en las próximas semanas. JW comenta que sería ideal tener noticias antes de la asamblea.</li>



<li>Control de incendios: se mandó un informativo y un aviso sobre los extintores. OR cotizó imanes con teléfono de emergencia y costarían $40.000 el ciento. Se aprueba mandarlos a hacer. CT mandará boceto a mas tardar en una semana.</li>



<li>Sistema de respaldo eléctrico del portón: Giovanni Sanguedolce instaló la nueva batería. Hubo un corte de luz y el sistema funcion0ó en forma excelente.</li>



<li>Caminos: se rebajaron algunos lomos de toro. Se harían más arreglos en marzo. Se hizo limpieza del camino que va hacia Andrew Crozier. JW: propone que bauticemos el camino sin nombre como “los Cormoranes” lo que se aprueba. JH mandará plano actualizado y OR mandará a hacer letrero.</li>



<li>Botiquín portería: Se mando informativo.</li>



<li>Perros: se mandó instructivo por WhatsApp y en papel. Falta ponerlo en la web (JH). Se agregará una sección de “Comunicados”.</li>



<li>&nbsp;Banco en bajada Las Rocas: falta autorización de la familia Rojas. OR insistirá.</li>



<li>Acceso a La Boca: OR mandó listado actualizado de la PdG.</li>



<li>Minga para limpiar la playa El Revolcón: JW habló con la gente de el Rosario. Se haría a fines del verano.</li>



<li>próxima asamblea:  se realizará el 21 de febrero de 2026. OR mandará una propuesta preliminar el día 7 de febrero. JH verá posibilidad de arrendar a Starlink por unos días-. JW probará la red nueva Heissext que está muy próxima a la sala de la reunión.</li>



<li>Reglamento de poda de árboles: JW con JH mandaron una propuesta de texto para incorporar al reglamento de la OCF. Esto se expondrá en la asamblea y se votará.</li>



<li>Riesgo en las playas: JW informa que se está viendo con La Boca y El Rosario la posibilidad de poner letreros que adviertan que las playas no son aptas para nadar.</li>
</ol>

<p>Asisten: Jonny Heiss, Amalia Quiroz, Andrés de la Sota, Carolina Torrejón, Jürgen Weller y Oscar Riffo.</p>
