{"id":239,"date":"2023-06-17T00:56:05","date_gmt":"2023-06-17T04:56:05","guid":{"rendered":"http:\/\/puntadelgallo.cl\/?page_id=239"},"modified":"2023-08-09T20:16:14","modified_gmt":"2023-08-10T00:16:14","slug":"links-de-interes","status":"publish","type":"page","link":"https:\/\/puntadelgallo.cl\/index.php\/links-de-interes\/","title":{"rendered":"Links de inter\u00e9s"},"content":{"rendered":"\n<p>En esta p\u00e1gina ofrecemos diversos links a sitios externos que pueden ser de inter\u00e9s para los vecinos de Tunqu\u00e9n.<br>Si usted conoce otros, h\u00e1ganos llegar su direcci\u00f3n a trav\u00e9s de la p\u00e1gina de contacto.<\/p>\n\n\n\n<ul class=\"wp-block-list\">\n<li>Una explicaci\u00f3n muy completa e interesante (historia, flora, fauna, etc.) en&nbsp;<a rel=\"noreferrer noopener\" href=\"https:\/\/es.wikipedia.org\/wiki\/Tunqu%C3%A9n\" target=\"_blank\">Wikipedia<\/a><\/li>\n\n\n\n<li>Flora de Tunquen, con fotos de&nbsp;<a href=\"https:\/\/humedaldeltunquen.weebly.com\/flora.html\" target=\"_blank\" rel=\"noreferrer noopener\">Liliana Iturriaga<\/a><\/li>\n\n\n\n<li>Santuario de la Naturaleza de&nbsp;<a href=\"https:\/\/www.fundaciontunquensustentable.cl\/santuario\" target=\"_blank\" rel=\"noreferrer noopener\">Fundaci\u00f3n Tunqu\u00e9n Sustentable<\/a><\/li>\n\n\n\n<li>Historia y caracter\u00edsticas de Tunqu\u00e9n en&nbsp;<a rel=\"noreferrer noopener\" href=\"https:\/\/www.ecured.cu\/Tunqu%C3%A9n_(Chile)\" target=\"_blank\">ECUR<\/a>ED<\/li>\n\n\n\n<li>Articulo del 5\/9\/2019 sobre Santuario de la Naturaleza en&nbsp;<a href=\"https:\/\/www.elmostrador.cl\/noticias\/opinion\/2019\/07\/05\/tunquen-inexplicable-error-amenaza-ampliacion-de-santuario-de-la-naturaleza\/\" target=\"_blank\" rel=\"noreferrer noopener\">El Mostrador<\/a>\u200b\u200b<\/li>\n\n\n\n<li>Foto de&nbsp;Alstroemeria hookeri var recumbens de Tunquen en<strong>&nbsp;<\/strong><a rel=\"noreferrer noopener\" href=\"https:\/\/fotonaturaleza.cl\/index.php\" target=\"_blank\">https:\/\/fotonaturaleza.cl\/index.php<\/a><\/li>\n\n\n\n<li>Sitio en Facebook de&nbsp;<a href=\"https:\/\/www.facebook.com\/pg\/tunquen.sustentable\/posts\/?ref=page_internal\" target=\"_blank\" rel=\"noreferrer noopener\">Tunqu\u00e9n Sustentable<\/a><\/li>\n<\/ul>\n","protected":false},"excerpt":{"rendered":"<p>En esta p\u00e1gina ofrecemos diversos links a sitios externos que pueden ser de inter\u00e9s para los vecinos de Tunqu\u00e9n.Si usted conoce otros, h\u00e1ganos llegar su direcci\u00f3n a trav\u00e9s de la p\u00e1gina de contacto.<\/p>\n","protected":false},"author":2,"featured_media":0,"parent":0,"menu_order":0,"comment_status":"closed","ping_status":"closed","template":"","meta":{"_kad_post_transparent":"","_kad_post_title":"","_kad_post_layout":"narrow","_kad_post_sidebar_id":"","_kad_post_content_style":"","_kad_post_vertical_padding":"","_kad_post_feature":"","_kad_post_feature_position":"","_kad_post_header":false,"_kad_post_footer":false,"_kad_post_classname":"","footnotes":""},"class_list":["post-239","page","type-page","status-publish","hentry"],"_links":{"self":[{"href":"https:\/\/puntadelgallo.cl\/index.php\/wp-json\/wp\/v2\/pages\/239","targetHints":{"allow":["GET"]}}],"collection":[{"href":"https:\/\/puntadelgallo.cl\/index.php\/wp-json\/wp\/v2\/pages"}],"about":[{"href":"https:\/\/puntadelgallo.cl\/index.php\/wp-json\/wp\/v2\/types\/page"}],"author":[{"embeddable":true,"href":"https:\/\/puntadelgallo.cl\/index.php\/wp-json\/wp\/v2\/users\/2"}],"replies":[{"embeddable":true,"href":"https:\/\/puntadelgallo.cl\/index.php\/wp-json\/wp\/v2\/comments?post=239"}],"version-history":[{"count":7,"href":"https:\/\/puntadelgallo.cl\/index.php\/wp-json\/wp\/v2\/pages\/239\/revisions"}],"predecessor-version":[{"id":993,"href":"https:\/\/puntadelgallo.cl\/index.php\/wp-json\/wp\/v2\/pages\/239\/revisions\/993"}],"wp:attachment":[{"href":"https:\/\/puntadelgallo.cl\/index.php\/wp-json\/wp\/v2\/media?parent=239"}],"curies":[{"name":"wp","href":"https:\/\/api.w.org\/{rel}","templated":true}]}}

Links de interés

<p>En esta página ofrecemos diversos links a sitios externos que pueden ser de interés para los vecinos de Tunquén.<br>Si usted conoce otros, háganos llegar su dirección a través de la página de contacto.</p>



<ul class="wp-block-list">
<li>Una explicación muy completa e interesante (historia, flora, fauna, etc.) en&nbsp;<a rel="noreferrer noopener" href="https://es.wikipedia.org/wiki/Tunqu%C3%A9n" target="_blank">Wikipedia</a></li>



<li>Flora de Tunquen, con fotos de&nbsp;<a href="https://humedaldeltunquen.weebly.com/flora.html" target="_blank" rel="noreferrer noopener">Liliana Iturriaga</a></li>



<li>Santuario de la Naturaleza de&nbsp;<a href="https://www.fundaciontunquensustentable.cl/santuario" target="_blank" rel="noreferrer noopener">Fundación Tunquén Sustentable</a></li>



<li>Historia y características de Tunquén en&nbsp;<a rel="noreferrer noopener" href="https://www.ecured.cu/Tunqu%C3%A9n_(Chile)" target="_blank">ECUR</a>ED</li>



<li>Articulo del 5/9/2019 sobre Santuario de la Naturaleza en&nbsp;<a href="https://www.elmostrador.cl/noticias/opinion/2019/07/05/tunquen-inexplicable-error-amenaza-ampliacion-de-santuario-de-la-naturaleza/" target="_blank" rel="noreferrer noopener">El Mostrador</a>​​</li>



<li>Foto de&nbsp;Alstroemeria hookeri var recumbens de Tunquen en<strong>&nbsp;</strong><a rel="noreferrer noopener" href="https://fotonaturaleza.cl/index.php" target="_blank">https://fotonaturaleza.cl/index.php</a></li>



<li>Sitio en Facebook de&nbsp;<a href="https://www.facebook.com/pg/tunquen.sustentable/posts/?ref=page_internal" target="_blank" rel="noreferrer noopener">Tunquén Sustentable</a></li>
</ul>

<p>En esta página ofrecemos diversos links a sitios externos que pueden ser de interés para los vecinos de Tunquén.Si usted conoce otros, háganos llegar su dirección a través de la página de contacto.</p>
