{"id":466,"date":"2023-06-24T13:25:57","date_gmt":"2023-06-24T17:25:57","guid":{"rendered":"http:\/\/puntadelgallo.cl\/?page_id=466"},"modified":"2024-07-19T18:38:58","modified_gmt":"2024-07-19T22:38:58","slug":"tunquen-am-arte","status":"publish","type":"page","link":"https:\/\/puntadelgallo.cl\/index.php\/tunquen-am-arte\/","title":{"rendered":"Tunqu\u00e9n AM-ARTE"},"content":{"rendered":"\n<p>Inspirados\/as en las conversaciones por&nbsp;<em>Whatsapp<\/em>, los encuentros casuales, los eventos a la luz de las estrellas o al son de guitarras y tambores, el destellar de las copas al calor de hogueras nocturnas, y por qu\u00e9 no diurnas, los almuerzos y cenas en hogares;&nbsp;<strong><em>y as\u00ed empiezan con amor a sonar las voces y colores de quienes habitan este bello territorio<\/em><\/strong>&nbsp;\u00a8Tunqu\u00e9n fundo Punta de Gallo\u00a8. Una vez habitado por Polin\u00e9sicos, Incas y Mapuches.&nbsp;<br>&nbsp;<br>Nosotros\/as sus nuevos habitantes, amantes de este territorio, necesitados de compartir tantas expresiones\u2026 qu\u00e9 mejor que los espacios virtuales,&nbsp;para ello&nbsp;<em>\u00a8la&nbsp;web de la comunidad\u00a8<\/em>, donde todos y todas, j\u00f3venes y no tan j\u00f3venes estamos invitados a compartir&nbsp;ya sea poes\u00eda, fotograf\u00eda, v\u00eddeos, m\u00fasica, pinturas, dibujos&nbsp;<strong><em>o lo que sea por amor al arte.<\/em><\/strong><br>&nbsp;<br>Env\u00eda tus colaboraciones al correo&nbsp;<a rel=\"noreferrer noopener\" href=\"mailto:ocfpuntadelgallo@gmail.com\" target=\"_blank\">ocfpuntadelgallo@gmail.com<\/a><br>&nbsp;<br>Nos constituimos en COMUNIDAD, teniendo ciertos principios de convivencia: sustentabilidad, diversidad, respeto por el medio ambiente \u2013 flora y fauna -, solidaridad.&nbsp;<\/p>\n\n\n\n<p><strong><em>Comunidad: habitante de un territorio con cierta magia; desde su historia, sus paisajes y microclimas, habitantes amantes de su comunidad y de su territorio.<br>\u200b<\/em><\/strong><\/p>\n\n\n\n<div class=\"wp-block-columns is-layout-flex wp-container-core-columns-is-layout-9d6595d7 wp-block-columns-is-layout-flex\">\n<div class=\"wp-block-column is-layout-flow wp-block-column-is-layout-flow\" style=\"flex-basis:100%\">\n<div class=\"wp-block-buttons is-horizontal is-content-justification-center is-layout-flex wp-container-core-buttons-is-layout-769315fb wp-block-buttons-is-layout-flex\">\n<div class=\"wp-block-button has-custom-width wp-block-button__width-25\"><a class=\"wp-block-button__link has-theme-palette-3-background-color has-background has-text-align-center wp-element-button\" href=\"https:\/\/puntadelgallo.cl\/index.php\/conc\/\">Concurso de fotograf\u00edas 2021<\/a><\/div>\n\n\n\n<div class=\"wp-block-button\"><a class=\"wp-block-button__link has-theme-palette-3-background-color has-background wp-element-button\" href=\"https:\/\/puntadelgallo.cl\/index.php\/ganadores-del-concurso-de-fotos-2021\/\">Resultados Concurso de fotografias 2021<\/a><\/div>\n\n\n\n<div class=\"wp-block-button\"><a class=\"wp-block-button__link has-theme-palette-3-background-color has-background has-text-align-center wp-element-button\" href=\"https:\/\/puntadelgallo.cl\/index.php\/concurso-fotografico-rostros-de-tunquen\/\">Concurso de fotografias 2024<\/a><\/div>\n<\/div>\n<\/div>\n<\/div>\n\n\n\n<div class=\"wp-block-columns is-layout-flex wp-container-core-columns-is-layout-9d6595d7 wp-block-columns-is-layout-flex\">\n<div class=\"wp-block-column is-layout-flow wp-block-column-is-layout-flow\">\n<div class=\"wp-block-buttons alignwide is-content-justification-center is-layout-flex wp-container-core-buttons-is-layout-16018d1d wp-block-buttons-is-layout-flex\">\n<div class=\"wp-block-button has-custom-width wp-block-button__width-100\"><a class=\"wp-block-button__link has-text-align-center wp-element-button\" href=\"http:\/\/puntadelgallo.cl\/index.php\/fotos-de-sebastian-moreno\/\" target=\"_blank\" rel=\"noreferrer noopener\">Fotos de Sebasti\u00e1n Moreno<\/a><\/div>\n<\/div>\n<\/div>\n\n\n\n<div class=\"wp-block-column is-layout-flow wp-block-column-is-layout-flow\">\n<div class=\"wp-block-buttons alignwide is-content-justification-center is-layout-flex wp-container-core-buttons-is-layout-16018d1d wp-block-buttons-is-layout-flex\">\n<div class=\"wp-block-button\"><a class=\"wp-block-button__link wp-element-button\" href=\"https:\/\/puntadelgallo.cl\/index.php\/fotos\/\">Fotos de Oscar Mu\u00f1oz<\/a><\/div>\n<\/div>\n<\/div>\n\n\n\n<div class=\"wp-block-column is-layout-flow wp-block-column-is-layout-flow\">\n<div class=\"wp-block-buttons is-content-justification-space-between is-layout-flex wp-container-core-buttons-is-layout-3d213aab wp-block-buttons-is-layout-flex\">\n<div class=\"wp-block-button has-custom-width wp-block-button__width-100\"><a class=\"wp-block-button__link wp-element-button\" href=\"http:\/\/puntadelgallo.cl\/index.php\/fotos-de-aves-de-eliana-puelma\/\" target=\"_blank\" rel=\"noreferrer noopener\">Fotos de Eliana Puelma<\/a><\/div>\n<\/div>\n<\/div>\n\n\n\n<div class=\"wp-block-column is-layout-flow wp-block-column-is-layout-flow\">\n<div class=\"wp-block-buttons alignwide is-layout-flex wp-block-buttons-is-layout-flex\">\n<div class=\"wp-block-button\"><a class=\"wp-block-button__link wp-element-button\" href=\"https:\/\/puntadelgallo.cl\/index.php\/poema-de-rodrigo-pascal\/\">Poema de Rodrigo Pascal<\/a><\/div>\n<\/div>\n<\/div>\n<\/div>\n\n\n\n<div class=\"wp-block-columns is-layout-flex wp-container-core-columns-is-layout-9d6595d7 wp-block-columns-is-layout-flex\">\n<div class=\"wp-block-column is-layout-flow wp-block-column-is-layout-flow\">\n<div class=\"wp-block-buttons is-layout-flex wp-block-buttons-is-layout-flex\"><\/div>\n<\/div>\n\n\n\n<div class=\"wp-block-column is-layout-flow wp-block-column-is-layout-flow\">\n<div class=\"wp-block-buttons is-layout-flex wp-block-buttons-is-layout-flex\"><\/div>\n<\/div>\n\n\n\n<div class=\"wp-block-column is-layout-flow wp-block-column-is-layout-flow\"><\/div>\n<\/div>\n\n\n\n<div class=\"wp-block-buttons has-custom-font-size is-layout-flex wp-block-buttons-is-layout-flex\" style=\"font-size:41px\"><\/div>\n\n\n\n<div class=\"wp-block-columns is-layout-flex wp-container-core-columns-is-layout-9d6595d7 wp-block-columns-is-layout-flex\">\n<div class=\"wp-block-column is-layout-flow wp-block-column-is-layout-flow\"><\/div>\n\n\n\n<div class=\"wp-block-column is-layout-flow wp-block-column-is-layout-flow\"><\/div>\n\n\n\n<div class=\"wp-block-column is-layout-flow wp-block-column-is-layout-flow\"><\/div>\n<\/div>\n\n\n\n<p><\/p>\n","protected":false},"excerpt":{"rendered":"<p>Inspirados\/as en las conversaciones por&nbsp;Whatsapp, los encuentros casuales, los eventos a la luz de las estrellas o al son de guitarras y tambores, el destellar de las copas al calor de hogueras nocturnas, y por qu\u00e9 no diurnas, los almuerzos y cenas en hogares;&nbsp;y as\u00ed empiezan con amor a sonar las voces y colores de&#8230;<\/p>\n","protected":false},"author":2,"featured_media":0,"parent":0,"menu_order":0,"comment_status":"closed","ping_status":"closed","template":"","meta":{"_kad_post_transparent":"","_kad_post_title":"","_kad_post_layout":"","_kad_post_sidebar_id":"","_kad_post_content_style":"","_kad_post_vertical_padding":"","_kad_post_feature":"","_kad_post_feature_position":"","_kad_post_header":false,"_kad_post_footer":false,"_kad_post_classname":"","footnotes":""},"class_list":["post-466","page","type-page","status-publish","hentry"],"_links":{"self":[{"href":"https:\/\/puntadelgallo.cl\/index.php\/wp-json\/wp\/v2\/pages\/466","targetHints":{"allow":["GET"]}}],"collection":[{"href":"https:\/\/puntadelgallo.cl\/index.php\/wp-json\/wp\/v2\/pages"}],"about":[{"href":"https:\/\/puntadelgallo.cl\/index.php\/wp-json\/wp\/v2\/types\/page"}],"author":[{"embeddable":true,"href":"https:\/\/puntadelgallo.cl\/index.php\/wp-json\/wp\/v2\/users\/2"}],"replies":[{"embeddable":true,"href":"https:\/\/puntadelgallo.cl\/index.php\/wp-json\/wp\/v2\/comments?post=466"}],"version-history":[{"count":15,"href":"https:\/\/puntadelgallo.cl\/index.php\/wp-json\/wp\/v2\/pages\/466\/revisions"}],"predecessor-version":[{"id":1483,"href":"https:\/\/puntadelgallo.cl\/index.php\/wp-json\/wp\/v2\/pages\/466\/revisions\/1483"}],"wp:attachment":[{"href":"https:\/\/puntadelgallo.cl\/index.php\/wp-json\/wp\/v2\/media?parent=466"}],"curies":[{"name":"wp","href":"https:\/\/api.w.org\/{rel}","templated":true}]}}

Tunquén AM-ARTE

<p>Inspirados/as en las conversaciones por&nbsp;<em>Whatsapp</em>, los encuentros casuales, los eventos a la luz de las estrellas o al son de guitarras y tambores, el destellar de las copas al calor de hogueras nocturnas, y por qué no diurnas, los almuerzos y cenas en hogares;&nbsp;<strong><em>y así empiezan con amor a sonar las voces y colores de quienes habitan este bello territorio</em></strong>&nbsp;¨Tunquén fundo Punta de Gallo¨. Una vez habitado por Polinésicos, Incas y Mapuches.&nbsp;<br>&nbsp;<br>Nosotros/as sus nuevos habitantes, amantes de este territorio, necesitados de compartir tantas expresiones… qué mejor que los espacios virtuales,&nbsp;para ello&nbsp;<em>¨la&nbsp;web de la comunidad¨</em>, donde todos y todas, jóvenes y no tan jóvenes estamos invitados a compartir&nbsp;ya sea poesía, fotografía, vídeos, música, pinturas, dibujos&nbsp;<strong><em>o lo que sea por amor al arte.</em></strong><br>&nbsp;<br>Envía tus colaboraciones al correo&nbsp;<a rel="noreferrer noopener" href="mailto:ocfpuntadelgallo@gmail.com" target="_blank">ocfpuntadelgallo@gmail.com</a><br>&nbsp;<br>Nos constituimos en COMUNIDAD, teniendo ciertos principios de convivencia: sustentabilidad, diversidad, respeto por el medio ambiente – flora y fauna -, solidaridad.&nbsp;</p>



<p><strong><em>Comunidad: habitante de un territorio con cierta magia; desde su historia, sus paisajes y microclimas, habitantes amantes de su comunidad y de su territorio.<br>​</em></strong></p>



<div class="wp-block-columns is-layout-flex wp-container-core-columns-is-layout-9d6595d7 wp-block-columns-is-layout-flex">
<div class="wp-block-column is-layout-flow wp-block-column-is-layout-flow" style="flex-basis:100%">
<div class="wp-block-buttons is-horizontal is-content-justification-center is-layout-flex wp-container-core-buttons-is-layout-769315fb wp-block-buttons-is-layout-flex">
<div class="wp-block-button has-custom-width wp-block-button__width-25"><a class="wp-block-button__link has-theme-palette-3-background-color has-background has-text-align-center wp-element-button" href="https://puntadelgallo.cl/index.php/conc/">Concurso de fotografías 2021</a></div>



<div class="wp-block-button"><a class="wp-block-button__link has-theme-palette-3-background-color has-background wp-element-button" href="https://puntadelgallo.cl/index.php/ganadores-del-concurso-de-fotos-2021/">Resultados Concurso de fotografias 2021</a></div>



<div class="wp-block-button"><a class="wp-block-button__link has-theme-palette-3-background-color has-background has-text-align-center wp-element-button" href="https://puntadelgallo.cl/index.php/concurso-fotografico-rostros-de-tunquen/">Concurso de fotografias 2024</a></div>
</div>
</div>
</div>



<div class="wp-block-columns is-layout-flex wp-container-core-columns-is-layout-9d6595d7 wp-block-columns-is-layout-flex">
<div class="wp-block-column is-layout-flow wp-block-column-is-layout-flow">
<div class="wp-block-buttons alignwide is-content-justification-center is-layout-flex wp-container-core-buttons-is-layout-16018d1d wp-block-buttons-is-layout-flex">
<div class="wp-block-button has-custom-width wp-block-button__width-100"><a class="wp-block-button__link has-text-align-center wp-element-button" href="http://puntadelgallo.cl/index.php/fotos-de-sebastian-moreno/" target="_blank" rel="noreferrer noopener">Fotos de Sebastián Moreno</a></div>
</div>
</div>



<div class="wp-block-column is-layout-flow wp-block-column-is-layout-flow">
<div class="wp-block-buttons alignwide is-content-justification-center is-layout-flex wp-container-core-buttons-is-layout-16018d1d wp-block-buttons-is-layout-flex">
<div class="wp-block-button"><a class="wp-block-button__link wp-element-button" href="https://puntadelgallo.cl/index.php/fotos/">Fotos de Oscar Muñoz</a></div>
</div>
</div>



<div class="wp-block-column is-layout-flow wp-block-column-is-layout-flow">
<div class="wp-block-buttons is-content-justification-space-between is-layout-flex wp-container-core-buttons-is-layout-3d213aab wp-block-buttons-is-layout-flex">
<div class="wp-block-button has-custom-width wp-block-button__width-100"><a class="wp-block-button__link wp-element-button" href="http://puntadelgallo.cl/index.php/fotos-de-aves-de-eliana-puelma/" target="_blank" rel="noreferrer noopener">Fotos de Eliana Puelma</a></div>
</div>
</div>



<div class="wp-block-column is-layout-flow wp-block-column-is-layout-flow">
<div class="wp-block-buttons alignwide is-layout-flex wp-block-buttons-is-layout-flex">
<div class="wp-block-button"><a class="wp-block-button__link wp-element-button" href="https://puntadelgallo.cl/index.php/poema-de-rodrigo-pascal/">Poema de Rodrigo Pascal</a></div>
</div>
</div>
</div>



<div class="wp-block-columns is-layout-flex wp-container-core-columns-is-layout-9d6595d7 wp-block-columns-is-layout-flex">
<div class="wp-block-column is-layout-flow wp-block-column-is-layout-flow">
<div class="wp-block-buttons is-layout-flex wp-block-buttons-is-layout-flex"></div>
</div>



<div class="wp-block-column is-layout-flow wp-block-column-is-layout-flow">
<div class="wp-block-buttons is-layout-flex wp-block-buttons-is-layout-flex"></div>
</div>



<div class="wp-block-column is-layout-flow wp-block-column-is-layout-flow"></div>
</div>



<div class="wp-block-buttons has-custom-font-size is-layout-flex wp-block-buttons-is-layout-flex" style="font-size:41px"></div>



<div class="wp-block-columns is-layout-flex wp-container-core-columns-is-layout-9d6595d7 wp-block-columns-is-layout-flex">
<div class="wp-block-column is-layout-flow wp-block-column-is-layout-flow"></div>



<div class="wp-block-column is-layout-flow wp-block-column-is-layout-flow"></div>



<div class="wp-block-column is-layout-flow wp-block-column-is-layout-flow"></div>
</div>



<p></p>

<p>Inspirados/as en las conversaciones por&nbsp;Whatsapp, los encuentros casuales, los eventos a la luz de las estrellas o al son de guitarras y tambores, el destellar de las copas al calor de hogueras nocturnas, y por qué no diurnas, los almuerzos y cenas en hogares;&nbsp;y así empiezan con amor a sonar las voces y colores de&#8230;</p>
