{"id":49,"date":"2023-06-11T23:39:53","date_gmt":"2023-06-12T03:39:53","guid":{"rendered":"http:\/\/puntadelgallo.cl\/?page_id=49"},"modified":"2024-07-13T11:48:08","modified_gmt":"2024-07-13T15:48:08","slug":"porteria","status":"publish","type":"page","link":"https:\/\/puntadelgallo.cl\/index.php\/porteria\/","title":{"rendered":"Porter\u00eda y Sistema de Acceso"},"content":{"rendered":"\n<div class=\"wp-block-group\"><div class=\"wp-block-group__inner-container is-layout-constrained wp-block-group-is-layout-constrained\"><div class=\"wp-block-image\">\n<figure class=\"alignleft size-full is-resized\"><img loading=\"lazy\" decoding=\"async\" width=\"446\" height=\"572\" src=\"http:\/\/puntadelgallo.cl\/wp-content\/uploads\/2023\/06\/marlen-y-javier.jpg\" alt=\"\" class=\"wp-image-104\" style=\"width:412px;height:528px\" srcset=\"https:\/\/puntadelgallo.cl\/wp-content\/uploads\/2023\/06\/marlen-y-javier.jpg 446w, https:\/\/puntadelgallo.cl\/wp-content\/uploads\/2023\/06\/marlen-y-javier-234x300.jpg 234w\" sizes=\"auto, (max-width: 446px) 100vw, 446px\" \/><\/figure>\n<\/div>\n\n\n<p style=\"font-size:20px\"><em>La comunidad cuenta con un servicio de porter\u00eda en la entrada, que permite apoyar el uso del port\u00f3n para el ingreso o egreso de residentes, visitas y proveedores de Punta del Gallo.<br>La\u00a0Porter\u00eda es atendido por la Sra. Marlen Brito y por Javier Concha. El horario de funcionamiento es de lunes a viernes, de 08:00 a 20:00 hrs., y s\u00e1bados, domingos y festivos, de 09:00 a 20:00 hrs.<br>Los vecinos y proveedores pueden operar el port\u00f3n en forma aut\u00f3noma. Todos los residentes han sido inscritos en la base de datos del sistema y por tanto <strong>pueden abrir el port\u00f3n presentando el c\u00f3digo QR de su c\u00e9dula de identidad <\/strong>en los lectores de c\u00f3digos QR instalados a la entrada y la salida. <br><\/em>El sistema permite tener autonom\u00eda para permitir el acceso de visitas, arrendatarios y proveedores. Para eso, cualquier residente puede registrar el rut de una visita, arrendatario o proveedor en la aplicaci\u00f3n <em>&#8220;Data Access&#8221;. <a href=\"https:\/\/puntadelgallo.cl\/index.php\/marcha-blanca-del-nuevo-sistema-de-acceso\/\" data-type=\"page\" data-id=\"1223\">Ver m\u00e1s detalles sobre la operaci\u00f3n del nuevo sistema.<\/a><\/em><\/p>\n\n\n\n<p>La porter\u00eda cuenta con el celular 569 4210 0987 provisto por la OCF para resolver cualquier duda o problema. <\/p>\n\n\n\n<p style=\"font-size:20px\"><em><br>\u200b <\/em><\/p>\n\n\n\n<p><em>Tambi\u00e9n es importante avisar en caso de cualquier actividad sospechosa o extra\u00f1a al interior de Punta del Gallo.<\/em><\/p>\n<\/div><\/div>\n\n\n\n<p><\/p>\n","protected":false},"excerpt":{"rendered":"<p>La comunidad cuenta con un servicio de porter\u00eda en la entrada, que permite apoyar el uso del port\u00f3n para el ingreso o egreso de residentes, visitas y proveedores de Punta del Gallo.La\u00a0Porter\u00eda es atendido por la Sra. Marlen Brito y por Javier Concha. El horario de funcionamiento es de lunes a viernes, de 08:00 a&#8230;<\/p>\n","protected":false},"author":2,"featured_media":0,"parent":0,"menu_order":0,"comment_status":"closed","ping_status":"closed","template":"","meta":{"_kad_post_transparent":"","_kad_post_title":"","_kad_post_layout":"default","_kad_post_sidebar_id":"","_kad_post_content_style":"","_kad_post_vertical_padding":"","_kad_post_feature":"","_kad_post_feature_position":"","_kad_post_header":false,"_kad_post_footer":false,"_kad_post_classname":"","footnotes":""},"class_list":["post-49","page","type-page","status-publish","hentry"],"_links":{"self":[{"href":"https:\/\/puntadelgallo.cl\/index.php\/wp-json\/wp\/v2\/pages\/49","targetHints":{"allow":["GET"]}}],"collection":[{"href":"https:\/\/puntadelgallo.cl\/index.php\/wp-json\/wp\/v2\/pages"}],"about":[{"href":"https:\/\/puntadelgallo.cl\/index.php\/wp-json\/wp\/v2\/types\/page"}],"author":[{"embeddable":true,"href":"https:\/\/puntadelgallo.cl\/index.php\/wp-json\/wp\/v2\/users\/2"}],"replies":[{"embeddable":true,"href":"https:\/\/puntadelgallo.cl\/index.php\/wp-json\/wp\/v2\/comments?post=49"}],"version-history":[{"count":16,"href":"https:\/\/puntadelgallo.cl\/index.php\/wp-json\/wp\/v2\/pages\/49\/revisions"}],"predecessor-version":[{"id":1389,"href":"https:\/\/puntadelgallo.cl\/index.php\/wp-json\/wp\/v2\/pages\/49\/revisions\/1389"}],"wp:attachment":[{"href":"https:\/\/puntadelgallo.cl\/index.php\/wp-json\/wp\/v2\/media?parent=49"}],"curies":[{"name":"wp","href":"https:\/\/api.w.org\/{rel}","templated":true}]}}

Portería y Sistema de Acceso

<div class="wp-block-group"><div class="wp-block-group__inner-container is-layout-constrained wp-block-group-is-layout-constrained"><div class="wp-block-image">
<figure class="alignleft size-full is-resized"><img loading="lazy" decoding="async" width="446" height="572" src="http://puntadelgallo.cl/wp-content/uploads/2023/06/marlen-y-javier.jpg" alt="" class="wp-image-104" style="width:412px;height:528px" srcset="https://puntadelgallo.cl/wp-content/uploads/2023/06/marlen-y-javier.jpg 446w, https://puntadelgallo.cl/wp-content/uploads/2023/06/marlen-y-javier-234x300.jpg 234w" sizes="auto, (max-width: 446px) 100vw, 446px" /></figure>
</div>


<p style="font-size:20px"><em>La comunidad cuenta con un servicio de portería en la entrada, que permite apoyar el uso del portón para el ingreso o egreso de residentes, visitas y proveedores de Punta del Gallo.<br>La Portería es atendido por la Sra. Marlen Brito y por Javier Concha. El horario de funcionamiento es de lunes a viernes, de 08:00 a 20:00 hrs., y sábados, domingos y festivos, de 09:00 a 20:00 hrs.<br>Los vecinos y proveedores pueden operar el portón en forma autónoma. Todos los residentes han sido inscritos en la base de datos del sistema y por tanto <strong>pueden abrir el portón presentando el código QR de su cédula de identidad </strong>en los lectores de códigos QR instalados a la entrada y la salida. <br></em>El sistema permite tener autonomía para permitir el acceso de visitas, arrendatarios y proveedores. Para eso, cualquier residente puede registrar el rut de una visita, arrendatario o proveedor en la aplicación <em>&#8220;Data Access&#8221;. <a href="https://puntadelgallo.cl/index.php/marcha-blanca-del-nuevo-sistema-de-acceso/" data-type="page" data-id="1223">Ver más detalles sobre la operación del nuevo sistema.</a></em></p>



<p>La portería cuenta con el celular 569 4210 0987 provisto por la OCF para resolver cualquier duda o problema. </p>



<p style="font-size:20px"><em><br>​ </em></p>



<p><em>También es importante avisar en caso de cualquier actividad sospechosa o extraña al interior de Punta del Gallo.</em></p>
</div></div>



<p></p>

<p>La comunidad cuenta con un servicio de portería en la entrada, que permite apoyar el uso del portón para el ingreso o egreso de residentes, visitas y proveedores de Punta del Gallo.La Portería es atendido por la Sra. Marlen Brito y por Javier Concha. El horario de funcionamiento es de lunes a viernes, de 08:00 a&#8230;</p>
